{"id":8349,"date":"2026-03-04T12:07:30","date_gmt":"2026-03-04T11:07:30","guid":{"rendered":"https:\/\/www.haus-des-erinnerns-mainz.de\/?post_type=tribe_events&#038;p=8349"},"modified":"2026-03-04T12:07:55","modified_gmt":"2026-03-04T11:07:55","slug":"auftaktveranstaltung-der-internationalen-wochen-gegen-rassismus-in-rheinland-pfalz","status":"publish","type":"tribe_events","link":"https:\/\/www.haus-des-erinnerns-mainz.de\/index.php\/veranstaltung\/auftaktveranstaltung-der-internationalen-wochen-gegen-rassismus-in-rheinland-pfalz\/","title":{"rendered":"Auftaktveranstaltung der Internationalen Wochen gegen Rassismus in Rheinland-Pfalz"},"content":{"rendered":"<p><strong>Einladung des Demokratiezentrums Rheinland-Pfalz<\/strong><\/p>\n<p>Seit 2016 plant die Stiftung gegen Rassismus bundesweit die Internationalen Wochen gegen Rassismus (IWgR). Ab diesem Jahr m\u00f6chten wir als Demokratiezentrum die Aktionswochen unterst\u00fctzen, indem wir die Internationalen Wochen gegen Rassismus in Rheinland-Pfalz koordinieren. Neben Netzwerk- und \u00d6ffentlichkeitsarbeit f\u00fcr die Aktionswochen in Rheinland-Pfalz, laden wir in diesem Zuge zu einer Auftaktveranstaltung ein.<\/p>\n<p>Zusammen mit der Ministerin f\u00fcr Familie, Frauen, Kultur und Integration, Katharina Binz, und der Pr\u00e4sidentin des Landesamtes f\u00fcr Soziales, Jugend und Versorgung, Heike Gori\u00dfen-Syrbe, m\u00f6chten wir zusammen den Start der Internationalen Wochen gegen Rassismus 2026 einleiten:<br \/>\nAm 15. M\u00e4rz findet von 15.00 bis 17.30 Uhr im Haus des Erinnerns \u2013 f\u00fcr Demokratie und Akzeptanz (Flachsmarkt 36, 55116 Mainz) die Auftaktveranstaltung zum Jahresthema \u201e100% Menschenw\u00fcrde. Zusammen gegen Rassismus und Rechtsextremismus\u201c statt.<\/p>\n<p>Gemeinsam m\u00f6chten wir an diesem Tag ein deutlich sichtbares Zeichen f\u00fcr Solidarit\u00e4t, Respekt und Vielfalt setzen. Wir freuen uns au\u00dferdem auf einen Beitrag der Betroffenenberatung Rheinland-Pfalz, die uns einen Einblick in das aktuelle Lagebild im Land geben wird.<br \/>\nGleichzeitig laden wir alle Engagierten in Rheinland-Pfalz ein, die Gelegenheit zu nutzen und die eigenen Veranstaltungen, die in den Aktionswochen vom 16.03. bis 29.03.2026 in Rheinland-Pfalz geplant sind, im Zuge der Auftaktveranstaltung vorzustellen.<\/p>\n<p>Wir freuen uns auf Ihre Teilnahme und laden im Anschluss an das Programm zum Austausch und zur Vernetzung ein. F\u00fcr Fingerfood und Getr\u00e4nke ist gesorgt.<br \/>\nZur besseren Planung bitten wir um eine kurze schriftliche Anmeldung \u00fcber folgenden Link (<a href=\"https:\/\/demokratiezentrum.rlp.de\/veranstaltungen\/internationale-wochen-gegen-rassismus\">https:\/\/demokratiezentrum.rlp.de\/veranstaltungen\/internationale-wochen-gegen-rassismus<\/a>) Anmeldeschluss ist der 09.03.2026!<\/p>\n","protected":false},"excerpt":{"rendered":"<p>Einladung des Demokratiezentrums Rheinland-Pfalz Seit 2016 plant die Stiftung gegen Rassismus bundesweit die Internationalen Wochen gegen Rassismus (IWgR). Ab diesem Jahr m\u00f6chten wir als Demokratiezentrum die Aktionswochen unterst\u00fctzen, indem wir die Internationalen Wochen gegen Rassismus in Rheinland-Pfalz koordinieren. Neben Netzwerk- und \u00d6ffentlichkeitsarbeit f\u00fcr die Aktionswochen in Rheinland-Pfalz, laden wir in&#8230;<\/p>\n<p> <a class=\"continue-reading-link\" href=\"https:\/\/www.haus-des-erinnerns-mainz.de\/index.php\/veranstaltung\/auftaktveranstaltung-der-internationalen-wochen-gegen-rassismus-in-rheinland-pfalz\/\"><span>Weiterlesen<\/span><i class=\"crycon-right-dir\"><\/i><\/a> <\/p>\n","protected":false},"author":4,"featured_media":0,"template":"","meta":{"episode_type":"","audio_file":"","podmotor_file_id":"","podmotor_episode_id":"","cover_image":"","cover_image_id":"","duration":"","filesize":"","filesize_raw":"","date_recorded":"","explicit":"","block":"","ngg_post_thumbnail":0,"_price":"","_stock":"","_tribe_ticket_header":"","_tribe_default_ticket_provider":"","_tribe_ticket_capacity":"0","_ticket_start_date":"","_ticket_end_date":"","_tribe_ticket_show_description":"","_tribe_ticket_show_not_going":false,"_tribe_ticket_use_global_stock":"","_tribe_ticket_global_stock_level":"","_global_stock_mode":"","_global_stock_cap":"","_tribe_rsvp_for_event":"","_tribe_ticket_going_count":"","_tribe_ticket_not_going_count":"","_tribe_tickets_list":"[]","_tribe_ticket_has_attendee_info_fields":false,"_tribe_events_status":"","_tribe_events_status_reason":"","footnotes":"","_tec_slr_enabled":"","_tec_slr_layout":""},"tags":[],"tribe_events_cat":[],"class_list":["post-8349","tribe_events","type-tribe_events","status-publish","hentry"],"ticketed":false,"_links":{"self":[{"href":"https:\/\/www.haus-des-erinnerns-mainz.de\/index.php\/wp-json\/wp\/v2\/tribe_events\/8349","targetHints":{"allow":["GET"]}}],"collection":[{"href":"https:\/\/www.haus-des-erinnerns-mainz.de\/index.php\/wp-json\/wp\/v2\/tribe_events"}],"about":[{"href":"https:\/\/www.haus-des-erinnerns-mainz.de\/index.php\/wp-json\/wp\/v2\/types\/tribe_events"}],"author":[{"embeddable":true,"href":"https:\/\/www.haus-des-erinnerns-mainz.de\/index.php\/wp-json\/wp\/v2\/users\/4"}],"version-history":[{"count":2,"href":"https:\/\/www.haus-des-erinnerns-mainz.de\/index.php\/wp-json\/wp\/v2\/tribe_events\/8349\/revisions"}],"predecessor-version":[{"id":8351,"href":"https:\/\/www.haus-des-erinnerns-mainz.de\/index.php\/wp-json\/wp\/v2\/tribe_events\/8349\/revisions\/8351"}],"wp:attachment":[{"href":"https:\/\/www.haus-des-erinnerns-mainz.de\/index.php\/wp-json\/wp\/v2\/media?parent=8349"}],"wp:term":[{"taxonomy":"post_tag","embeddable":true,"href":"https:\/\/www.haus-des-erinnerns-mainz.de\/index.php\/wp-json\/wp\/v2\/tags?post=8349"},{"taxonomy":"tribe_events_cat","embeddable":true,"href":"https:\/\/www.haus-des-erinnerns-mainz.de\/index.php\/wp-json\/wp\/v2\/tribe_events_cat?post=8349"}],"curies":[{"name":"wp","href":"https:\/\/api.w.org\/{rel}","templated":true}]}}

<p><strong>Einladung des Demokratiezentrums Rheinland-Pfalz</strong></p>
<p>Seit 2016 plant die Stiftung gegen Rassismus bundesweit die Internationalen Wochen gegen Rassismus (IWgR). Ab diesem Jahr möchten wir als Demokratiezentrum die Aktionswochen unterstützen, indem wir die Internationalen Wochen gegen Rassismus in Rheinland-Pfalz koordinieren. Neben Netzwerk- und Öffentlichkeitsarbeit für die Aktionswochen in Rheinland-Pfalz, laden wir in diesem Zuge zu einer Auftaktveranstaltung ein.</p>
<p>Zusammen mit der Ministerin für Familie, Frauen, Kultur und Integration, Katharina Binz, und der Präsidentin des Landesamtes für Soziales, Jugend und Versorgung, Heike Gorißen-Syrbe, möchten wir zusammen den Start der Internationalen Wochen gegen Rassismus 2026 einleiten:<br />
Am 15. März findet von 15.00 bis 17.30 Uhr im Haus des Erinnerns – für Demokratie und Akzeptanz (Flachsmarkt 36, 55116 Mainz) die Auftaktveranstaltung zum Jahresthema „100% Menschenwürde. Zusammen gegen Rassismus und Rechtsextremismus“ statt.</p>
<p>Gemeinsam möchten wir an diesem Tag ein deutlich sichtbares Zeichen für Solidarität, Respekt und Vielfalt setzen. Wir freuen uns außerdem auf einen Beitrag der Betroffenenberatung Rheinland-Pfalz, die uns einen Einblick in das aktuelle Lagebild im Land geben wird.<br />
Gleichzeitig laden wir alle Engagierten in Rheinland-Pfalz ein, die Gelegenheit zu nutzen und die eigenen Veranstaltungen, die in den Aktionswochen vom 16.03. bis 29.03.2026 in Rheinland-Pfalz geplant sind, im Zuge der Auftaktveranstaltung vorzustellen.</p>
<p>Wir freuen uns auf Ihre Teilnahme und laden im Anschluss an das Programm zum Austausch und zur Vernetzung ein. Für Fingerfood und Getränke ist gesorgt.<br />
Zur besseren Planung bitten wir um eine kurze schriftliche Anmeldung über folgenden Link (<a href="https://demokratiezentrum.rlp.de/veranstaltungen/internationale-wochen-gegen-rassismus">https://demokratiezentrum.rlp.de/veranstaltungen/internationale-wochen-gegen-rassismus</a>) Anmeldeschluss ist der 09.03.2026!</p>

<p>Einladung des Demokratiezentrums Rheinland-Pfalz Seit 2016 plant die Stiftung gegen Rassismus bundesweit die Internationalen Wochen gegen Rassismus (IWgR). Ab diesem Jahr möchten wir als Demokratiezentrum die Aktionswochen unterstützen, indem wir die Internationalen Wochen gegen Rassismus in Rheinland-Pfalz koordinieren. Neben Netzwerk- und Öffentlichkeitsarbeit für die Aktionswochen in Rheinland-Pfalz, laden wir in&#8230;</p>
<p> <a class="continue-reading-link" href="https://www.haus-des-erinnerns-mainz.de/index.php/veranstaltung/auftaktveranstaltung-der-internationalen-wochen-gegen-rassismus-in-rheinland-pfalz/"><span>Weiterlesen</span><i class="crycon-right-dir"></i></a> </p>
