{"id":8262,"date":"2026-01-09T12:49:56","date_gmt":"2026-01-09T11:49:56","guid":{"rendered":"https:\/\/www.haus-des-erinnerns-mainz.de\/?post_type=tribe_events&#038;p=8262"},"modified":"2026-01-09T12:49:56","modified_gmt":"2026-01-09T11:49:56","slug":"die-entstehung-der-judenklubs-antisemitismus-und-juedische-identitaeten-im-europaeischen-fussball-buchvorstellung-und-vortrag","status":"publish","type":"tribe_events","link":"https:\/\/www.haus-des-erinnerns-mainz.de\/index.php\/veranstaltung\/die-entstehung-der-judenklubs-antisemitismus-und-juedische-identitaeten-im-europaeischen-fussball-buchvorstellung-und-vortrag\/","title":{"rendered":"Die Entstehung der \u201eJudenklubs\u201c \u2013 Antisemitismus und j\u00fcdische Identit\u00e4ten im europ\u00e4ischen Fu\u00dfball | Buchvorstellung und Vortrag"},"content":{"rendered":"<p>\u201eSuperjuden\u201c &amp; \u201eJudenklubs\u201c \u2013 Dr. Pavel Brunssen spricht \u00fcber j\u00fcdische Identit\u00e4t, Erinnerungskultur und Antisemitismus im europ\u00e4ischen Fu\u00dfball. Wie wird ein Verein zu einem \u201eJudenklub\u201c? Ist es die Selbstzuschreibung der Fans oder die Fremdzuschreibung der Gegner*innen? Und warum nennen sich die Fans von Ajax Amsterdam eigentlich \u201eSuperjuden\u201c?<\/p>\n<p>Dr. Pavel Brunssen, wissenschaftlicher Mitarbeiter und Alfred-Landecker-Lecturer an der Forschungsstelle Antiziganismus der Universit\u00e4t Heidelberg, beleuchtet in seinem Vortrag die j\u00fcdische Identit\u00e4t von vier europ\u00e4ischen Fu\u00dfballvereinen: FC Bayern M\u00fcnchen, Austria Wien, Ajax Amsterdam und Tottenham Hotspur. Im Mittelpunkt steht die Verbindung von j\u00fcdischer Identit\u00e4t und Erinnerungskultur. Zugleich nimmt der Vortrag auch aktuelle Herausforderungen in den Blick, indem er auf gegenw\u00e4rtige Formen von Antisemitismus im Fu\u00dfball eingeht.<\/p>\n<p>Eintritt frei.<\/p>\n<p>Anmeldung per E-Mail erbeten an: erinnerung@ente-bagdad.de<\/p>\n<p>Eine Veranstaltung im Rahmen der Mainzer Erinnerungswochen.<\/p>\n","protected":false},"excerpt":{"rendered":"<p>\u201eSuperjuden\u201c &amp; \u201eJudenklubs\u201c \u2013 Dr. Pavel Brunssen spricht \u00fcber j\u00fcdische Identit\u00e4t, Erinnerungskultur und Antisemitismus im europ\u00e4ischen Fu\u00dfball. Wie wird ein Verein zu einem \u201eJudenklub\u201c? Ist es die Selbstzuschreibung der Fans oder die Fremdzuschreibung der Gegner*innen? Und warum nennen sich die Fans von Ajax Amsterdam eigentlich \u201eSuperjuden\u201c? Dr. Pavel Brunssen, wissenschaftlicher&#8230;<\/p>\n<p> <a class=\"continue-reading-link\" href=\"https:\/\/www.haus-des-erinnerns-mainz.de\/index.php\/veranstaltung\/die-entstehung-der-judenklubs-antisemitismus-und-juedische-identitaeten-im-europaeischen-fussball-buchvorstellung-und-vortrag\/\"><span>Weiterlesen<\/span><i class=\"crycon-right-dir\"><\/i><\/a> <\/p>\n","protected":false},"author":4,"featured_media":0,"template":"","meta":{"episode_type":"","audio_file":"","podmotor_file_id":"","podmotor_episode_id":"","cover_image":"","cover_image_id":"","duration":"","filesize":"","filesize_raw":"","date_recorded":"","explicit":"","block":"","ngg_post_thumbnail":0,"_price":"","_stock":"","_tribe_ticket_header":"","_tribe_default_ticket_provider":"","_tribe_ticket_capacity":"0","_ticket_start_date":"","_ticket_end_date":"","_tribe_ticket_show_description":"","_tribe_ticket_show_not_going":false,"_tribe_ticket_use_global_stock":"","_tribe_ticket_global_stock_level":"","_global_stock_mode":"","_global_stock_cap":"","_tribe_rsvp_for_event":"","_tribe_ticket_going_count":"","_tribe_ticket_not_going_count":"","_tribe_tickets_list":"[]","_tribe_ticket_has_attendee_info_fields":false,"_tribe_events_status":"","_tribe_events_status_reason":"","footnotes":"","_tec_slr_enabled":"","_tec_slr_layout":""},"tags":[],"tribe_events_cat":[],"class_list":["post-8262","tribe_events","type-tribe_events","status-publish","hentry"],"ticketed":false,"_links":{"self":[{"href":"https:\/\/www.haus-des-erinnerns-mainz.de\/index.php\/wp-json\/wp\/v2\/tribe_events\/8262","targetHints":{"allow":["GET"]}}],"collection":[{"href":"https:\/\/www.haus-des-erinnerns-mainz.de\/index.php\/wp-json\/wp\/v2\/tribe_events"}],"about":[{"href":"https:\/\/www.haus-des-erinnerns-mainz.de\/index.php\/wp-json\/wp\/v2\/types\/tribe_events"}],"author":[{"embeddable":true,"href":"https:\/\/www.haus-des-erinnerns-mainz.de\/index.php\/wp-json\/wp\/v2\/users\/4"}],"version-history":[{"count":1,"href":"https:\/\/www.haus-des-erinnerns-mainz.de\/index.php\/wp-json\/wp\/v2\/tribe_events\/8262\/revisions"}],"predecessor-version":[{"id":8264,"href":"https:\/\/www.haus-des-erinnerns-mainz.de\/index.php\/wp-json\/wp\/v2\/tribe_events\/8262\/revisions\/8264"}],"wp:attachment":[{"href":"https:\/\/www.haus-des-erinnerns-mainz.de\/index.php\/wp-json\/wp\/v2\/media?parent=8262"}],"wp:term":[{"taxonomy":"post_tag","embeddable":true,"href":"https:\/\/www.haus-des-erinnerns-mainz.de\/index.php\/wp-json\/wp\/v2\/tags?post=8262"},{"taxonomy":"tribe_events_cat","embeddable":true,"href":"https:\/\/www.haus-des-erinnerns-mainz.de\/index.php\/wp-json\/wp\/v2\/tribe_events_cat?post=8262"}],"curies":[{"name":"wp","href":"https:\/\/api.w.org\/{rel}","templated":true}]}}

Die Entstehung der „Judenklubs“ – Antisemitismus und jüdische Identitäten im europäischen Fußball | Buchvorstellung und Vortrag

<p>„Superjuden“ &amp; „Judenklubs“ – Dr. Pavel Brunssen spricht über jüdische Identität, Erinnerungskultur und Antisemitismus im europäischen Fußball. Wie wird ein Verein zu einem „Judenklub“? Ist es die Selbstzuschreibung der Fans oder die Fremdzuschreibung der Gegner*innen? Und warum nennen sich die Fans von Ajax Amsterdam eigentlich „Superjuden“?</p>
<p>Dr. Pavel Brunssen, wissenschaftlicher Mitarbeiter und Alfred-Landecker-Lecturer an der Forschungsstelle Antiziganismus der Universität Heidelberg, beleuchtet in seinem Vortrag die jüdische Identität von vier europäischen Fußballvereinen: FC Bayern München, Austria Wien, Ajax Amsterdam und Tottenham Hotspur. Im Mittelpunkt steht die Verbindung von jüdischer Identität und Erinnerungskultur. Zugleich nimmt der Vortrag auch aktuelle Herausforderungen in den Blick, indem er auf gegenwärtige Formen von Antisemitismus im Fußball eingeht.</p>
<p>Eintritt frei.</p>
<p>Anmeldung per E-Mail erbeten an: erinnerung@ente-bagdad.de</p>
<p>Eine Veranstaltung im Rahmen der Mainzer Erinnerungswochen.</p>

<p>„Superjuden“ &amp; „Judenklubs“ – Dr. Pavel Brunssen spricht über jüdische Identität, Erinnerungskultur und Antisemitismus im europäischen Fußball. Wie wird ein Verein zu einem „Judenklub“? Ist es die Selbstzuschreibung der Fans oder die Fremdzuschreibung der Gegner*innen? Und warum nennen sich die Fans von Ajax Amsterdam eigentlich „Superjuden“? Dr. Pavel Brunssen, wissenschaftlicher&#8230;</p>
<p> <a class="continue-reading-link" href="https://www.haus-des-erinnerns-mainz.de/index.php/veranstaltung/die-entstehung-der-judenklubs-antisemitismus-und-juedische-identitaeten-im-europaeischen-fussball-buchvorstellung-und-vortrag/"><span>Weiterlesen</span><i class="crycon-right-dir"></i></a> </p>
