{"id":8258,"date":"2026-01-09T12:45:17","date_gmt":"2026-01-09T11:45:17","guid":{"rendered":"https:\/\/www.haus-des-erinnerns-mainz.de\/?post_type=tribe_events&#038;p=8258"},"modified":"2026-01-09T12:45:17","modified_gmt":"2026-01-09T11:45:17","slug":"kicker-trainer-und-maezene-nullfuenf-und-seine-juedischen-mitglieder-stadtrundgang-mit-nils-friedrich-es-war-einmal-fanzine","status":"publish","type":"tribe_events","link":"https:\/\/www.haus-des-erinnerns-mainz.de\/index.php\/veranstaltung\/kicker-trainer-und-maezene-nullfuenf-und-seine-juedischen-mitglieder-stadtrundgang-mit-nils-friedrich-es-war-einmal-fanzine\/","title":{"rendered":"\u201eKicker, Trainer und M\u00e4zene \u2013 Nullf\u00fcnf und seine j\u00fcdischen Mitglieder\u201c | Stadtrundgang mit Nils Friedrich | Es war einmal&#8230; Fanzine."},"content":{"rendered":"<p>Die Verbindungen zwischen j\u00fcdischen Menschen und dem 1. FSV Mainz 05 sind zahlreicher als bisher bekannt. Neben Eugen Salomon gab es weitere Mainzer, die sich im popul\u00e4rsten Fu\u00dfball- und Sportverein der Stadt engagierten.<\/p>\n<p>Im Rahmen einer Stadtf\u00fchrung werden einige dieser Menschen vorgestellt, die bis 1933 auf unterschiedlichste Weise mit dem Verein verbunden waren. Vom Gr\u00fcndungsort des Vereins ausgehend wandern wir durch Alt- und Neustadt bis in die Mombacher Stra\u00dfe, wo f\u00fcr viele dieser Menschen ihr Leben in Mainz endete. An verschiedenen Stationen gehen wir auf ihr Leben und das ihrer Familien ein, sprechen \u00fcber ihre Rolle und Verbindung zu Mainz 05 und werfen einen Blick auf relevante stadthistorische Orte.<\/p>\n<p>W\u00e4hrend des Rundgangs erinnern wir an Nullf\u00fcnfer, die ausgeschlossen, vertrieben, deportiert und ermordet wurden \u2013 und geben ihnen ein St\u00fcck ihrer Geschichte und W\u00fcrde zur\u00fcck.<\/p>\n<p>Die Teilnahme ist kostenlos.<\/p>\n<p>Anmeldung per E-Mail erbeten an: erinnerung@ente-bagdad.de<\/p>\n<p>Veranstaltende: 1. FSV Mainz 05, FC Ente Bagdad, Haus des Erinnerns \u2013 f\u00fcr Demokratie und Akzeptanz in Kooperation dem Landessportbund RLP, der Fanszene Mainz sowie dem Verein f\u00fcr Sozialgeschichte Mainz e.V.<\/p>\n","protected":false},"excerpt":{"rendered":"<p>Die Verbindungen zwischen j\u00fcdischen Menschen und dem 1. FSV Mainz 05 sind zahlreicher als bisher bekannt. Neben Eugen Salomon gab es weitere Mainzer, die sich im popul\u00e4rsten Fu\u00dfball- und Sportverein der Stadt engagierten. Im Rahmen einer Stadtf\u00fchrung werden einige dieser Menschen vorgestellt, die bis 1933 auf unterschiedlichste Weise mit dem&#8230;<\/p>\n<p> <a class=\"continue-reading-link\" href=\"https:\/\/www.haus-des-erinnerns-mainz.de\/index.php\/veranstaltung\/kicker-trainer-und-maezene-nullfuenf-und-seine-juedischen-mitglieder-stadtrundgang-mit-nils-friedrich-es-war-einmal-fanzine\/\"><span>Weiterlesen<\/span><i class=\"crycon-right-dir\"><\/i><\/a> <\/p>\n","protected":false},"author":4,"featured_media":0,"template":"","meta":{"episode_type":"","audio_file":"","podmotor_file_id":"","podmotor_episode_id":"","cover_image":"","cover_image_id":"","duration":"","filesize":"","filesize_raw":"","date_recorded":"","explicit":"","block":"","ngg_post_thumbnail":0,"_price":"","_stock":"","_tribe_ticket_header":"","_tribe_default_ticket_provider":"","_tribe_ticket_capacity":"0","_ticket_start_date":"","_ticket_end_date":"","_tribe_ticket_show_description":"","_tribe_ticket_show_not_going":false,"_tribe_ticket_use_global_stock":"","_tribe_ticket_global_stock_level":"","_global_stock_mode":"","_global_stock_cap":"","_tribe_rsvp_for_event":"","_tribe_ticket_going_count":"","_tribe_ticket_not_going_count":"","_tribe_tickets_list":"[]","_tribe_ticket_has_attendee_info_fields":false,"_tribe_events_status":"","_tribe_events_status_reason":"","footnotes":"","_tec_slr_enabled":"","_tec_slr_layout":""},"tags":[],"tribe_events_cat":[],"class_list":["post-8258","tribe_events","type-tribe_events","status-publish","hentry"],"ticketed":false,"_links":{"self":[{"href":"https:\/\/www.haus-des-erinnerns-mainz.de\/index.php\/wp-json\/wp\/v2\/tribe_events\/8258","targetHints":{"allow":["GET"]}}],"collection":[{"href":"https:\/\/www.haus-des-erinnerns-mainz.de\/index.php\/wp-json\/wp\/v2\/tribe_events"}],"about":[{"href":"https:\/\/www.haus-des-erinnerns-mainz.de\/index.php\/wp-json\/wp\/v2\/types\/tribe_events"}],"author":[{"embeddable":true,"href":"https:\/\/www.haus-des-erinnerns-mainz.de\/index.php\/wp-json\/wp\/v2\/users\/4"}],"version-history":[{"count":1,"href":"https:\/\/www.haus-des-erinnerns-mainz.de\/index.php\/wp-json\/wp\/v2\/tribe_events\/8258\/revisions"}],"predecessor-version":[{"id":8261,"href":"https:\/\/www.haus-des-erinnerns-mainz.de\/index.php\/wp-json\/wp\/v2\/tribe_events\/8258\/revisions\/8261"}],"wp:attachment":[{"href":"https:\/\/www.haus-des-erinnerns-mainz.de\/index.php\/wp-json\/wp\/v2\/media?parent=8258"}],"wp:term":[{"taxonomy":"post_tag","embeddable":true,"href":"https:\/\/www.haus-des-erinnerns-mainz.de\/index.php\/wp-json\/wp\/v2\/tags?post=8258"},{"taxonomy":"tribe_events_cat","embeddable":true,"href":"https:\/\/www.haus-des-erinnerns-mainz.de\/index.php\/wp-json\/wp\/v2\/tribe_events_cat?post=8258"}],"curies":[{"name":"wp","href":"https:\/\/api.w.org\/{rel}","templated":true}]}}

„Kicker, Trainer und Mäzene – Nullfünf und seine jüdischen Mitglieder“ | Stadtrundgang mit Nils Friedrich | Es war einmal&#8230; Fanzine.

<p>Die Verbindungen zwischen jüdischen Menschen und dem 1. FSV Mainz 05 sind zahlreicher als bisher bekannt. Neben Eugen Salomon gab es weitere Mainzer, die sich im populärsten Fußball- und Sportverein der Stadt engagierten.</p>
<p>Im Rahmen einer Stadtführung werden einige dieser Menschen vorgestellt, die bis 1933 auf unterschiedlichste Weise mit dem Verein verbunden waren. Vom Gründungsort des Vereins ausgehend wandern wir durch Alt- und Neustadt bis in die Mombacher Straße, wo für viele dieser Menschen ihr Leben in Mainz endete. An verschiedenen Stationen gehen wir auf ihr Leben und das ihrer Familien ein, sprechen über ihre Rolle und Verbindung zu Mainz 05 und werfen einen Blick auf relevante stadthistorische Orte.</p>
<p>Während des Rundgangs erinnern wir an Nullfünfer, die ausgeschlossen, vertrieben, deportiert und ermordet wurden – und geben ihnen ein Stück ihrer Geschichte und Würde zurück.</p>
<p>Die Teilnahme ist kostenlos.</p>
<p>Anmeldung per E-Mail erbeten an: erinnerung@ente-bagdad.de</p>
<p>Veranstaltende: 1. FSV Mainz 05, FC Ente Bagdad, Haus des Erinnerns – für Demokratie und Akzeptanz in Kooperation dem Landessportbund RLP, der Fanszene Mainz sowie dem Verein für Sozialgeschichte Mainz e.V.</p>

<p>Die Verbindungen zwischen jüdischen Menschen und dem 1. FSV Mainz 05 sind zahlreicher als bisher bekannt. Neben Eugen Salomon gab es weitere Mainzer, die sich im populärsten Fußball- und Sportverein der Stadt engagierten. Im Rahmen einer Stadtführung werden einige dieser Menschen vorgestellt, die bis 1933 auf unterschiedlichste Weise mit dem&#8230;</p>
<p> <a class="continue-reading-link" href="https://www.haus-des-erinnerns-mainz.de/index.php/veranstaltung/kicker-trainer-und-maezene-nullfuenf-und-seine-juedischen-mitglieder-stadtrundgang-mit-nils-friedrich-es-war-einmal-fanzine/"><span>Weiterlesen</span><i class="crycon-right-dir"></i></a> </p>
