{"id":8231,"date":"2025-12-03T17:18:03","date_gmt":"2025-12-03T16:18:03","guid":{"rendered":"https:\/\/www.haus-des-erinnerns-mainz.de\/?post_type=tribe_events&#038;p=8231"},"modified":"2025-12-03T17:18:03","modified_gmt":"2025-12-03T16:18:03","slug":"die-verleugneten-gestern-heute","status":"publish","type":"tribe_events","link":"https:\/\/www.haus-des-erinnerns-mainz.de\/index.php\/veranstaltung\/die-verleugneten-gestern-heute\/","title":{"rendered":"Die Verleugneten \u2013 gestern \u2013 heute"},"content":{"rendered":"<p>Den Begriff \u201easozial\u201c nutzen manche gedankenlos als Schimpfwort. Ein Problem, denn als sogenannte \u201aAsoziale\u2018 wurden im Nationalsozialismus schlicht viele Menschen verfolgt, die nicht ins System passten. Ihre Zahl ist unklar, erst 2020 wurden sie als Opfergruppe anerkannt.<\/p>\n<p>Um diese Menschen und ihre Geschichte geht es in der Diskussionsrunde mit Ines Eichm\u00fcller (2. Vorsitzende VEVON \u2013Verband f\u00fcr das Erinnern an die verleugneten Opfer des Nationalsozialismus), Nele Wilk (Verein Armut und Gesundheit in Deutschland), Nora Hespers (Journalistin, Autorin, Podcasterin) und Johan Gra\u00dfhoff (Ansto\u00df e.V., Trainer Homeless Fu\u00dfballnationalteam), moderiert von Journalistin Mara Pfeiffer.<\/p>\n<p>Von der Verfolgung damals wird der Bogen geschlagen ins Jetzt: Wen grenzen wir als Gesellschaft aus?<\/p>\n<p>Anmeldung per Mail an: erinnerung@ente-bagdad.de | Eintritt frei<\/p>\n<p>Eine Kooperationsveranstaltung mit FC Ente Bagdad, Akademie des Bistums Mainz, Gesch\u00e4ftsstelle Weltkirche \/ Gerechtigkeit und Frieden im Bistum Mainz, Verein f\u00fcr Sozialgeschichte Mainz, 1. FSV Mainz 05, Landessportbund RLP und dem Frauenb\u00fcro der Stadt Mainz.<\/p>\n<p>Unterst\u00fctzt wird diese Veranstaltung vom Gewinnsparverein der Sparda-Bank S\u00fcdwest e.V.<\/p>\n","protected":false},"excerpt":{"rendered":"<p>Den Begriff \u201easozial\u201c nutzen manche gedankenlos als Schimpfwort. Ein Problem, denn als sogenannte \u201aAsoziale\u2018 wurden im Nationalsozialismus schlicht viele Menschen verfolgt, die nicht ins System passten. Ihre Zahl ist unklar, erst 2020 wurden sie als Opfergruppe anerkannt. Um diese Menschen und ihre Geschichte geht es in der Diskussionsrunde mit Ines&#8230;<\/p>\n<p> <a class=\"continue-reading-link\" href=\"https:\/\/www.haus-des-erinnerns-mainz.de\/index.php\/veranstaltung\/die-verleugneten-gestern-heute\/\"><span>Weiterlesen<\/span><i class=\"crycon-right-dir\"><\/i><\/a> <\/p>\n","protected":false},"author":4,"featured_media":0,"template":"","meta":{"episode_type":"","audio_file":"","podmotor_file_id":"","podmotor_episode_id":"","cover_image":"","cover_image_id":"","duration":"","filesize":"","filesize_raw":"","date_recorded":"","explicit":"","block":"","ngg_post_thumbnail":0,"_price":"","_stock":"","_tribe_ticket_header":"","_tribe_default_ticket_provider":"","_tribe_ticket_capacity":"0","_ticket_start_date":"","_ticket_end_date":"","_tribe_ticket_show_description":"","_tribe_ticket_show_not_going":false,"_tribe_ticket_use_global_stock":"","_tribe_ticket_global_stock_level":"","_global_stock_mode":"","_global_stock_cap":"","_tribe_rsvp_for_event":"","_tribe_ticket_going_count":"","_tribe_ticket_not_going_count":"","_tribe_tickets_list":"[]","_tribe_ticket_has_attendee_info_fields":false,"_tribe_events_status":"","_tribe_events_status_reason":"","footnotes":"","_tec_slr_enabled":"","_tec_slr_layout":""},"tags":[],"tribe_events_cat":[],"class_list":["post-8231","tribe_events","type-tribe_events","status-publish","hentry"],"ticketed":false,"_links":{"self":[{"href":"https:\/\/www.haus-des-erinnerns-mainz.de\/index.php\/wp-json\/wp\/v2\/tribe_events\/8231","targetHints":{"allow":["GET"]}}],"collection":[{"href":"https:\/\/www.haus-des-erinnerns-mainz.de\/index.php\/wp-json\/wp\/v2\/tribe_events"}],"about":[{"href":"https:\/\/www.haus-des-erinnerns-mainz.de\/index.php\/wp-json\/wp\/v2\/types\/tribe_events"}],"author":[{"embeddable":true,"href":"https:\/\/www.haus-des-erinnerns-mainz.de\/index.php\/wp-json\/wp\/v2\/users\/4"}],"version-history":[{"count":1,"href":"https:\/\/www.haus-des-erinnerns-mainz.de\/index.php\/wp-json\/wp\/v2\/tribe_events\/8231\/revisions"}],"predecessor-version":[{"id":8233,"href":"https:\/\/www.haus-des-erinnerns-mainz.de\/index.php\/wp-json\/wp\/v2\/tribe_events\/8231\/revisions\/8233"}],"wp:attachment":[{"href":"https:\/\/www.haus-des-erinnerns-mainz.de\/index.php\/wp-json\/wp\/v2\/media?parent=8231"}],"wp:term":[{"taxonomy":"post_tag","embeddable":true,"href":"https:\/\/www.haus-des-erinnerns-mainz.de\/index.php\/wp-json\/wp\/v2\/tags?post=8231"},{"taxonomy":"tribe_events_cat","embeddable":true,"href":"https:\/\/www.haus-des-erinnerns-mainz.de\/index.php\/wp-json\/wp\/v2\/tribe_events_cat?post=8231"}],"curies":[{"name":"wp","href":"https:\/\/api.w.org\/{rel}","templated":true}]}}

<p>Den Begriff „asozial“ nutzen manche gedankenlos als Schimpfwort. Ein Problem, denn als sogenannte ‚Asoziale‘ wurden im Nationalsozialismus schlicht viele Menschen verfolgt, die nicht ins System passten. Ihre Zahl ist unklar, erst 2020 wurden sie als Opfergruppe anerkannt.</p>
<p>Um diese Menschen und ihre Geschichte geht es in der Diskussionsrunde mit Ines Eichmüller (2. Vorsitzende VEVON –Verband für das Erinnern an die verleugneten Opfer des Nationalsozialismus), Nele Wilk (Verein Armut und Gesundheit in Deutschland), Nora Hespers (Journalistin, Autorin, Podcasterin) und Johan Graßhoff (Anstoß e.V., Trainer Homeless Fußballnationalteam), moderiert von Journalistin Mara Pfeiffer.</p>
<p>Von der Verfolgung damals wird der Bogen geschlagen ins Jetzt: Wen grenzen wir als Gesellschaft aus?</p>
<p>Anmeldung per Mail an: erinnerung@ente-bagdad.de | Eintritt frei</p>
<p>Eine Kooperationsveranstaltung mit FC Ente Bagdad, Akademie des Bistums Mainz, Geschäftsstelle Weltkirche / Gerechtigkeit und Frieden im Bistum Mainz, Verein für Sozialgeschichte Mainz, 1. FSV Mainz 05, Landessportbund RLP und dem Frauenbüro der Stadt Mainz.</p>
<p>Unterstützt wird diese Veranstaltung vom Gewinnsparverein der Sparda-Bank Südwest e.V.</p>
