{"id":8226,"date":"2025-12-03T17:08:21","date_gmt":"2025-12-03T16:08:21","guid":{"rendered":"https:\/\/www.haus-des-erinnerns-mainz.de\/?post_type=tribe_events&#038;p=8226"},"modified":"2026-01-08T14:33:12","modified_gmt":"2026-01-08T13:33:12","slug":"wohnungslose-im-nationalsozialismus-ausstellungseroeffnung-mit-vortrag-von-dr-thomas-roth","status":"publish","type":"tribe_events","link":"https:\/\/www.haus-des-erinnerns-mainz.de\/index.php\/veranstaltung\/wohnungslose-im-nationalsozialismus-ausstellungseroeffnung-mit-vortrag-von-dr-thomas-roth\/","title":{"rendered":"Wohnungslose im Nationalsozialismus | Ausstellungser\u00f6ffnung mit Vortrag von Dr. Thomas Roth"},"content":{"rendered":"<p>Als sogenannte \u201aAsoziale\u2018 und \u201aBerufsverbrecher\u2018 verfolgten die Nationalsozialisten Menschen, die nach NS-Ideologie nicht zur \u201aVolksgemeinschaft\u2018 geh\u00f6rten. Davon betroffen waren u.a. arbeits- und wohnungslose Menschen, F\u00fcrsorgeempf\u00e4nger*innen, Prostituierte, Bettler*innen, R\u00fcckfallstraft\u00e4ter*innen, aber auch Menschen, die nie angeklagt worden waren und in Armut lebten.<\/p>\n<p>Erst 2020 erkannte der Deutsche Bundestag diese Menschen als Opfer des Nationalsozialismus an.<br \/>\nDer Historiker Dr. Thomas Roth, der sich in seinen Forschungsarbeiten u.a. der Verfolgung sozialer Randgruppen widmet, f\u00fchrt in die Ausstellung und die Geschichte dieser Verfolgtengruppe ein.<\/p>\n<p>Im Anschluss an die Er\u00f6ffnung wird die Ausstellung bis zum 1. Februar 2026 im Haus des Erinnerns \u2013 f\u00fcr Demokratie und Akzeptanz zu folgenden Zeiten gezeigt: montags bis mittwochs von 10 bis 13 Uhr und von 14 bis 16 Uhr, donnerstags von 10 bis 13 Uhr und von 14 bis 18 Uhr. Au\u00dferdem gibt es eine Sonder\u00f6ffnungszeit am Sonntag, 1. Feburar, von 11\u201315 Uhr<\/p>\n<p>Anmeldung per Mail an: erinnerung@ente-bagdad.de | Eintritt frei<\/p>\n<p>Eine Kooperationsveranstaltung mit FC Ente Bagdad, Akademie des Bistums Mainz, Gesch\u00e4ftsstelle Weltkirche \/ Gerechtigkeit und Frieden im Bistum Mainz, Verein f\u00fcr Sozialgeschichte Mainz, 1. FSV Mainz 05 und dem Landessportbund RLP.<\/p>\n<p>Unterst\u00fctzt wird diese Veranstaltung vom Gewinnsparverein der Sparda-Bank S\u00fcdwest e.V.<\/p>\n","protected":false},"excerpt":{"rendered":"<p>Als sogenannte \u201aAsoziale\u2018 und \u201aBerufsverbrecher\u2018 verfolgten die Nationalsozialisten Menschen, die nach NS-Ideologie nicht zur \u201aVolksgemeinschaft\u2018 geh\u00f6rten. Davon betroffen waren u.a. arbeits- und wohnungslose Menschen, F\u00fcrsorgeempf\u00e4nger*innen, Prostituierte, Bettler*innen, R\u00fcckfallstraft\u00e4ter*innen, aber auch Menschen, die nie angeklagt worden waren und in Armut lebten. Erst 2020 erkannte der Deutsche Bundestag diese Menschen als Opfer&#8230;<\/p>\n<p> <a class=\"continue-reading-link\" href=\"https:\/\/www.haus-des-erinnerns-mainz.de\/index.php\/veranstaltung\/wohnungslose-im-nationalsozialismus-ausstellungseroeffnung-mit-vortrag-von-dr-thomas-roth\/\"><span>Weiterlesen<\/span><i class=\"crycon-right-dir\"><\/i><\/a> <\/p>\n","protected":false},"author":4,"featured_media":8240,"template":"","meta":{"episode_type":"","audio_file":"","podmotor_file_id":"","podmotor_episode_id":"","cover_image":"","cover_image_id":"","duration":"","filesize":"","filesize_raw":"","date_recorded":"","explicit":"","block":"","ngg_post_thumbnail":0,"_price":"","_stock":"","_tribe_ticket_header":"","_tribe_default_ticket_provider":"","_tribe_ticket_capacity":"0","_ticket_start_date":"","_ticket_end_date":"","_tribe_ticket_show_description":"","_tribe_ticket_show_not_going":false,"_tribe_ticket_use_global_stock":"","_tribe_ticket_global_stock_level":"","_global_stock_mode":"","_global_stock_cap":"","_tribe_rsvp_for_event":"","_tribe_ticket_going_count":"","_tribe_ticket_not_going_count":"","_tribe_tickets_list":"[]","_tribe_ticket_has_attendee_info_fields":false,"_tribe_events_status":"","_tribe_events_status_reason":"","footnotes":"","_tec_slr_enabled":"","_tec_slr_layout":""},"tags":[],"tribe_events_cat":[],"class_list":["post-8226","tribe_events","type-tribe_events","status-publish","has-post-thumbnail","hentry"],"ticketed":false,"_links":{"self":[{"href":"https:\/\/www.haus-des-erinnerns-mainz.de\/index.php\/wp-json\/wp\/v2\/tribe_events\/8226","targetHints":{"allow":["GET"]}}],"collection":[{"href":"https:\/\/www.haus-des-erinnerns-mainz.de\/index.php\/wp-json\/wp\/v2\/tribe_events"}],"about":[{"href":"https:\/\/www.haus-des-erinnerns-mainz.de\/index.php\/wp-json\/wp\/v2\/types\/tribe_events"}],"author":[{"embeddable":true,"href":"https:\/\/www.haus-des-erinnerns-mainz.de\/index.php\/wp-json\/wp\/v2\/users\/4"}],"version-history":[{"count":4,"href":"https:\/\/www.haus-des-erinnerns-mainz.de\/index.php\/wp-json\/wp\/v2\/tribe_events\/8226\/revisions"}],"predecessor-version":[{"id":8251,"href":"https:\/\/www.haus-des-erinnerns-mainz.de\/index.php\/wp-json\/wp\/v2\/tribe_events\/8226\/revisions\/8251"}],"wp:featuredmedia":[{"embeddable":true,"href":"https:\/\/www.haus-des-erinnerns-mainz.de\/index.php\/wp-json\/wp\/v2\/media\/8240"}],"wp:attachment":[{"href":"https:\/\/www.haus-des-erinnerns-mainz.de\/index.php\/wp-json\/wp\/v2\/media?parent=8226"}],"wp:term":[{"taxonomy":"post_tag","embeddable":true,"href":"https:\/\/www.haus-des-erinnerns-mainz.de\/index.php\/wp-json\/wp\/v2\/tags?post=8226"},{"taxonomy":"tribe_events_cat","embeddable":true,"href":"https:\/\/www.haus-des-erinnerns-mainz.de\/index.php\/wp-json\/wp\/v2\/tribe_events_cat?post=8226"}],"curies":[{"name":"wp","href":"https:\/\/api.w.org\/{rel}","templated":true}]}}

Wohnungslose im Nationalsozialismus | Ausstellungseröffnung mit Vortrag von Dr. Thomas Roth

<p>Als sogenannte ‚Asoziale‘ und ‚Berufsverbrecher‘ verfolgten die Nationalsozialisten Menschen, die nach NS-Ideologie nicht zur ‚Volksgemeinschaft‘ gehörten. Davon betroffen waren u.a. arbeits- und wohnungslose Menschen, Fürsorgeempfänger*innen, Prostituierte, Bettler*innen, Rückfallstraftäter*innen, aber auch Menschen, die nie angeklagt worden waren und in Armut lebten.</p>
<p>Erst 2020 erkannte der Deutsche Bundestag diese Menschen als Opfer des Nationalsozialismus an.<br />
Der Historiker Dr. Thomas Roth, der sich in seinen Forschungsarbeiten u.a. der Verfolgung sozialer Randgruppen widmet, führt in die Ausstellung und die Geschichte dieser Verfolgtengruppe ein.</p>
<p>Im Anschluss an die Eröffnung wird die Ausstellung bis zum 1. Februar 2026 im Haus des Erinnerns – für Demokratie und Akzeptanz zu folgenden Zeiten gezeigt: montags bis mittwochs von 10 bis 13 Uhr und von 14 bis 16 Uhr, donnerstags von 10 bis 13 Uhr und von 14 bis 18 Uhr. Außerdem gibt es eine Sonderöffnungszeit am Sonntag, 1. Feburar, von 11–15 Uhr</p>
<p>Anmeldung per Mail an: erinnerung@ente-bagdad.de | Eintritt frei</p>
<p>Eine Kooperationsveranstaltung mit FC Ente Bagdad, Akademie des Bistums Mainz, Geschäftsstelle Weltkirche / Gerechtigkeit und Frieden im Bistum Mainz, Verein für Sozialgeschichte Mainz, 1. FSV Mainz 05 und dem Landessportbund RLP.</p>
<p>Unterstützt wird diese Veranstaltung vom Gewinnsparverein der Sparda-Bank Südwest e.V.</p>

<p>Als sogenannte ‚Asoziale‘ und ‚Berufsverbrecher‘ verfolgten die Nationalsozialisten Menschen, die nach NS-Ideologie nicht zur ‚Volksgemeinschaft‘ gehörten. Davon betroffen waren u.a. arbeits- und wohnungslose Menschen, Fürsorgeempfänger*innen, Prostituierte, Bettler*innen, Rückfallstraftäter*innen, aber auch Menschen, die nie angeklagt worden waren und in Armut lebten. Erst 2020 erkannte der Deutsche Bundestag diese Menschen als Opfer&#8230;</p>
<p> <a class="continue-reading-link" href="https://www.haus-des-erinnerns-mainz.de/index.php/veranstaltung/wohnungslose-im-nationalsozialismus-ausstellungseroeffnung-mit-vortrag-von-dr-thomas-roth/"><span>Weiterlesen</span><i class="crycon-right-dir"></i></a> </p>
