{"id":8201,"date":"2025-11-20T15:20:21","date_gmt":"2025-11-20T14:20:21","guid":{"rendered":"https:\/\/www.haus-des-erinnerns-mainz.de\/?post_type=tribe_events&#038;p=8201"},"modified":"2025-11-20T15:20:21","modified_gmt":"2025-11-20T14:20:21","slug":"umgang-mit-antisemitismus-fortbildung-fuer-lehrkraefte-und-multiplikatorinnen","status":"publish","type":"tribe_events","link":"https:\/\/www.haus-des-erinnerns-mainz.de\/index.php\/veranstaltung\/umgang-mit-antisemitismus-fortbildung-fuer-lehrkraefte-und-multiplikatorinnen\/","title":{"rendered":"Umgang mit Antisemitismus | Fortbildung f\u00fcr Lehrkr\u00e4fte und Multiplikator*innen"},"content":{"rendered":"<p>Die Fortbildung besch\u00e4ftigt sich mit der Frage, wie ein souver\u00e4ner Umgang mit Antisemitismus im schulischen Alltag aussehen kann. Die Teilnehmenden setzen sich mit verschiedenen Definitionen auseinander und lernen, die aktuell relevanten Formen von Antisemitismus zu erkennen und eigene Strategien zum Umgang mit Antisemitismus im schulischen Kontext zu entwickeln.<\/p>\n<p>Gemeinsam mit der Initiative Interdisziplin\u00e4re Antisemitismusforschung (IIA) der Universit\u00e4t Trier wird es zun\u00e4chst einen historischen Kurz\u00fcberblick \u00fcber die Geschichte des Antisemitismus bis zur NS-Zeit und dann eine Einf\u00fchrung in die NS-Zeit mit Fokus auf die Geschehnisse hier in der Region geben. Anschlie\u00dfend stellen wir uns die Frage, wozu der Antisemit den Antisemitismus nutzt. Hier gehen wir auf Erkl\u00e4rungen, die Definition, die Unterschiede zu Rassismus und auf Israelbezogenen Antisemitismus ein.<\/p>\n<p>Nach einer Kaffeepause beginnt dann eine Workshopphase, in der die angesprochenen Aspekte vertieft werden. Anschlie\u00dfend wird es eine Mittagspause geben, nach der der Themenbereich der Verschw\u00f6rungserz\u00e4hlungen aufgegriffen wird. Es werden au\u00dferdem Beispiele f\u00fcr Codes, Chriffren und Erscheinungsformen online thematisiert. Abgeschlossen wird die Fortbildung mit der Frage was man tun und an wen man sich wenden kann.<\/p>\n<p>&nbsp;<\/p>\n<p>Um Anmeldung per Mail an kontakt@hde-mainz.de wird gebeten.<\/p>\n<p>Diese Veranstaltung wird unterst\u00fctzt von der Lottostiftung Rheinland-Pfalz.<\/p>\n","protected":false},"excerpt":{"rendered":"<p>Die Fortbildung besch\u00e4ftigt sich mit der Frage, wie ein souver\u00e4ner Umgang mit Antisemitismus im schulischen Alltag aussehen kann. Die Teilnehmenden setzen sich mit verschiedenen Definitionen auseinander und lernen, die aktuell relevanten Formen von Antisemitismus zu erkennen und eigene Strategien zum Umgang mit Antisemitismus im schulischen Kontext zu entwickeln. Gemeinsam mit&#8230;<\/p>\n<p> <a class=\"continue-reading-link\" href=\"https:\/\/www.haus-des-erinnerns-mainz.de\/index.php\/veranstaltung\/umgang-mit-antisemitismus-fortbildung-fuer-lehrkraefte-und-multiplikatorinnen\/\"><span>Weiterlesen<\/span><i class=\"crycon-right-dir\"><\/i><\/a> <\/p>\n","protected":false},"author":4,"featured_media":0,"template":"","meta":{"episode_type":"","audio_file":"","podmotor_file_id":"","podmotor_episode_id":"","cover_image":"","cover_image_id":"","duration":"","filesize":"","filesize_raw":"","date_recorded":"","explicit":"","block":"","ngg_post_thumbnail":0,"_price":"","_stock":"","_tribe_ticket_header":"","_tribe_default_ticket_provider":"","_tribe_ticket_capacity":"0","_ticket_start_date":"","_ticket_end_date":"","_tribe_ticket_show_description":"","_tribe_ticket_show_not_going":false,"_tribe_ticket_use_global_stock":"","_tribe_ticket_global_stock_level":"","_global_stock_mode":"","_global_stock_cap":"","_tribe_rsvp_for_event":"","_tribe_ticket_going_count":"","_tribe_ticket_not_going_count":"","_tribe_tickets_list":"[]","_tribe_ticket_has_attendee_info_fields":false,"_tribe_events_status":"","_tribe_events_status_reason":"","footnotes":"","_tec_slr_enabled":"","_tec_slr_layout":""},"tags":[],"tribe_events_cat":[592],"class_list":["post-8201","tribe_events","type-tribe_events","status-publish","hentry","tribe_events_cat-termin-2025","cat_termin-2025"],"ticketed":false,"_links":{"self":[{"href":"https:\/\/www.haus-des-erinnerns-mainz.de\/index.php\/wp-json\/wp\/v2\/tribe_events\/8201","targetHints":{"allow":["GET"]}}],"collection":[{"href":"https:\/\/www.haus-des-erinnerns-mainz.de\/index.php\/wp-json\/wp\/v2\/tribe_events"}],"about":[{"href":"https:\/\/www.haus-des-erinnerns-mainz.de\/index.php\/wp-json\/wp\/v2\/types\/tribe_events"}],"author":[{"embeddable":true,"href":"https:\/\/www.haus-des-erinnerns-mainz.de\/index.php\/wp-json\/wp\/v2\/users\/4"}],"version-history":[{"count":1,"href":"https:\/\/www.haus-des-erinnerns-mainz.de\/index.php\/wp-json\/wp\/v2\/tribe_events\/8201\/revisions"}],"predecessor-version":[{"id":8202,"href":"https:\/\/www.haus-des-erinnerns-mainz.de\/index.php\/wp-json\/wp\/v2\/tribe_events\/8201\/revisions\/8202"}],"wp:attachment":[{"href":"https:\/\/www.haus-des-erinnerns-mainz.de\/index.php\/wp-json\/wp\/v2\/media?parent=8201"}],"wp:term":[{"taxonomy":"post_tag","embeddable":true,"href":"https:\/\/www.haus-des-erinnerns-mainz.de\/index.php\/wp-json\/wp\/v2\/tags?post=8201"},{"taxonomy":"tribe_events_cat","embeddable":true,"href":"https:\/\/www.haus-des-erinnerns-mainz.de\/index.php\/wp-json\/wp\/v2\/tribe_events_cat?post=8201"}],"curies":[{"name":"wp","href":"https:\/\/api.w.org\/{rel}","templated":true}]}}

Umgang mit Antisemitismus | Fortbildung für Lehrkräfte und Multiplikator*innen

<p>Die Fortbildung beschäftigt sich mit der Frage, wie ein souveräner Umgang mit Antisemitismus im schulischen Alltag aussehen kann. Die Teilnehmenden setzen sich mit verschiedenen Definitionen auseinander und lernen, die aktuell relevanten Formen von Antisemitismus zu erkennen und eigene Strategien zum Umgang mit Antisemitismus im schulischen Kontext zu entwickeln.</p>
<p>Gemeinsam mit der Initiative Interdisziplinäre Antisemitismusforschung (IIA) der Universität Trier wird es zunächst einen historischen Kurzüberblick über die Geschichte des Antisemitismus bis zur NS-Zeit und dann eine Einführung in die NS-Zeit mit Fokus auf die Geschehnisse hier in der Region geben. Anschließend stellen wir uns die Frage, wozu der Antisemit den Antisemitismus nutzt. Hier gehen wir auf Erklärungen, die Definition, die Unterschiede zu Rassismus und auf Israelbezogenen Antisemitismus ein.</p>
<p>Nach einer Kaffeepause beginnt dann eine Workshopphase, in der die angesprochenen Aspekte vertieft werden. Anschließend wird es eine Mittagspause geben, nach der der Themenbereich der Verschwörungserzählungen aufgegriffen wird. Es werden außerdem Beispiele für Codes, Chriffren und Erscheinungsformen online thematisiert. Abgeschlossen wird die Fortbildung mit der Frage was man tun und an wen man sich wenden kann.</p>
<p>&nbsp;</p>
<p>Um Anmeldung per Mail an kontakt@hde-mainz.de wird gebeten.</p>
<p>Diese Veranstaltung wird unterstützt von der Lottostiftung Rheinland-Pfalz.</p>

<p>Die Fortbildung beschäftigt sich mit der Frage, wie ein souveräner Umgang mit Antisemitismus im schulischen Alltag aussehen kann. Die Teilnehmenden setzen sich mit verschiedenen Definitionen auseinander und lernen, die aktuell relevanten Formen von Antisemitismus zu erkennen und eigene Strategien zum Umgang mit Antisemitismus im schulischen Kontext zu entwickeln. Gemeinsam mit&#8230;</p>
<p> <a class="continue-reading-link" href="https://www.haus-des-erinnerns-mainz.de/index.php/veranstaltung/umgang-mit-antisemitismus-fortbildung-fuer-lehrkraefte-und-multiplikatorinnen/"><span>Weiterlesen</span><i class="crycon-right-dir"></i></a> </p>
