{"id":8100,"date":"2025-09-12T14:07:35","date_gmt":"2025-09-12T12:07:35","guid":{"rendered":"https:\/\/www.haus-des-erinnerns-mainz.de\/?post_type=tribe_events&#038;p=8100"},"modified":"2025-11-05T14:43:52","modified_gmt":"2025-11-05T13:43:52","slug":"juedisch-muslimische-perspektiven-gespraechsabend","status":"publish","type":"tribe_events","link":"https:\/\/www.haus-des-erinnerns-mainz.de\/index.php\/veranstaltung\/juedisch-muslimische-perspektiven-gespraechsabend\/","title":{"rendered":"J\u00fcdisch-Muslimische Perspektiven | Gespr\u00e4chsabend"},"content":{"rendered":"<div dir=\"ltr\">In einer Zeit, in der gesellschaftliche Spannungen, Polarisierungen und Zuschreibungen zunehmen, wollen Kiril Denisov und Furkan Y\u00fcksel den Raum \u00f6ffnen f\u00fcr ein ehrliches, gemeinsames Nachdenken: Was braucht es, um j\u00fcdisch-muslimische Allianzen nicht nur zu beschw\u00f6ren, sondern tats\u00e4chlich zu leben? Wie kann Dialog in der heutigen Zeit aussehen und was kann sie leisten? Welche Herausforderungen entstehen, wenn Religion, Herkunft oder Haltung zu Israel und Pal\u00e4stina zu Identit\u00e4tsfragen werden?<\/div>\n<div dir=\"ltr\">&nbsp;<\/div>\n<div>Anl\u00e4sslich des Internationalen Tages f\u00fcr Toleranz sprechen die beiden im Rahmen eines offenen Podiumsgespr\u00e4chs \u00fcber ihre Erfahrungen aus der praktischen Arbeit, \u00fcber Begegnungen, Br\u00fcche und Lernprozesse in der politischen Bildung. Es geht um j\u00fcdisch-muslimischen Dialog, um Rassismus und Antisemitismus, um das Spannungsfeld zwischen Solidarit\u00e4t und Abgrenzung und um die Frage, wie sich gemeinsames gesellschaftliches Handeln inmitten globaler Konflikte und postmigrantischen Gesellschaften gestalten l\u00e4sst.<\/div>\n<div dir=\"ltr\">&nbsp;<\/div>\n<div>Der Abend l\u00e4dt dazu ein, zuzuh\u00f6ren, mitzudenken und die Komplexit\u00e4t unserer Gegenwart nicht als Hindernis, sondern als Chance zu begreifen, neue Formen des Miteinanders zu entwickeln.<\/div>\n<div>&nbsp;<\/div>\n<div>\n<div dir=\"ltr\">Kiril Denisov kam 2001 mit seiner Familie als j\u00fcdischer Kontingentgefl\u00fcchteter aus Lettland nach Deutschland und wuchs in der N\u00e4he von Mannheim auf.<\/div>\n<div>Im Juli 2025 absolvierte er seinen Master of Education in Politikwissenschaft und Russisch mit bildungswissenschaftlichen Anteilen an der Universit\u00e4t Heidelberg. Der akademische Schwerpunkt seines Studiums war die Thematisierung von Antisemitismus durch j\u00fcdische Autoren w\u00e4hrend des Russischen Reiches und der Sowjetunion.<\/div>\n<div>Im M\u00e4rz 2025 wurde er zum Vizepr\u00e4sidenten der J\u00fcdischen Studierendenunion Deutschland gew\u00e4hlt, wo er das interkulturelle Referat Gesharim (Br\u00fccken) leitet. Seit Juli 2025 arbeitet er als Bildungsreferent mit Schwerpunkt Rassismus und Antisemitismus in der Migrationsgesellschaft bei der Bildungsst\u00e4tte Anne Frank.<\/div>\n<\/div>\n<div>&nbsp;<\/div>\n<div dir=\"ltr\">Furkan Y\u00fcksel ist (historisch-)politischer Bildner. Er studierte Geschichtswissenschaften und Philosophie in T\u00fcbingen. Er war als freier Referent in der Jugend- und Erwachsenenbildung f\u00fcr u.a. Yad be Yad, WERTansich(t), der Bildungsinitiative Ferhat Unvar und Transaidency im Einsatz. In seiner Arbeit thematisierte er haupts\u00e4chlich Antisemitismus, Rassismus, Rechtsextremismus und Erinnerungskulturen. Seit 2021 versteht er sich als Botschafter f\u00fcr das Stuttgarter Projekt \u201eSchalom und Salam\u201c.<br \/>\nZurzeit ist er Bildungsreferent mit Schwerpunkt \u201eRassismus und Antisemitismus in der Migrationsgesellschaft\u201c bei der Bildungsst\u00e4tte Anne Frank und ist dort auch Leiter des Projekts \u201eZwischen den Zeilen\u201d, bei dem er zu antimuslimischem Rassismus im Journalismus arbeitet. Au\u00dferdem ist er Teil des CPPD-Netzwerks, das sich f\u00fcr ein multiperspektivisches Erinnern einsetzt.<\/div>\n<div dir=\"ltr\">&nbsp;<\/div>\n<div dir=\"ltr\">\n<p>Um Anmeldung per Mail an kontakt@hde-mainz.de wird gebeten.<\/p>\n<p>Diese Veranstaltung findet in Kooperation mit der Heinrich B\u00f6ll Stiftung RLP e.V. statt. Sie wird unterst\u00fctzt vom Ortsbeirat Altstadt und von der Lottostiftung Rheinland-Pfalz.<\/p>\n<p>Foto: Furkan Y\u00fcksel und Kiril Leor Denisov \u00a9&nbsp;Fulbright Alumni e. V.<\/p>\n<\/div>\n","protected":false},"excerpt":{"rendered":"<p>In einer Zeit, in der gesellschaftliche Spannungen, Polarisierungen und Zuschreibungen zunehmen, wollen Kiril Denisov und Furkan Y\u00fcksel den Raum \u00f6ffnen f\u00fcr ein ehrliches, gemeinsames Nachdenken: Was braucht es, um j\u00fcdisch-muslimische Allianzen nicht nur zu beschw\u00f6ren, sondern tats\u00e4chlich zu leben? Wie kann Dialog in der heutigen Zeit aussehen und was kann&#8230;<\/p>\n<p> <a class=\"continue-reading-link\" href=\"https:\/\/www.haus-des-erinnerns-mainz.de\/index.php\/veranstaltung\/juedisch-muslimische-perspektiven-gespraechsabend\/\"><span>Weiterlesen<\/span><i class=\"crycon-right-dir\"><\/i><\/a> <\/p>\n","protected":false},"author":4,"featured_media":8101,"template":"","meta":{"episode_type":"","audio_file":"","podmotor_file_id":"","podmotor_episode_id":"","cover_image":"","cover_image_id":"","duration":"","filesize":"","filesize_raw":"","date_recorded":"","explicit":"","block":"","ngg_post_thumbnail":0,"_price":"","_stock":"","_tribe_ticket_header":"","_tribe_default_ticket_provider":"","_tribe_ticket_capacity":"0","_ticket_start_date":"","_ticket_end_date":"","_tribe_ticket_show_description":"","_tribe_ticket_show_not_going":false,"_tribe_ticket_use_global_stock":"","_tribe_ticket_global_stock_level":"","_global_stock_mode":"","_global_stock_cap":"","_tribe_rsvp_for_event":"","_tribe_ticket_going_count":"","_tribe_ticket_not_going_count":"","_tribe_tickets_list":"[]","_tribe_ticket_has_attendee_info_fields":false,"_tribe_events_status":"","_tribe_events_status_reason":"","footnotes":"","_tec_slr_enabled":"","_tec_slr_layout":""},"tags":[],"tribe_events_cat":[],"class_list":["post-8100","tribe_events","type-tribe_events","status-publish","has-post-thumbnail","hentry"],"ticketed":false,"_links":{"self":[{"href":"https:\/\/www.haus-des-erinnerns-mainz.de\/index.php\/wp-json\/wp\/v2\/tribe_events\/8100","targetHints":{"allow":["GET"]}}],"collection":[{"href":"https:\/\/www.haus-des-erinnerns-mainz.de\/index.php\/wp-json\/wp\/v2\/tribe_events"}],"about":[{"href":"https:\/\/www.haus-des-erinnerns-mainz.de\/index.php\/wp-json\/wp\/v2\/types\/tribe_events"}],"author":[{"embeddable":true,"href":"https:\/\/www.haus-des-erinnerns-mainz.de\/index.php\/wp-json\/wp\/v2\/users\/4"}],"version-history":[{"count":9,"href":"https:\/\/www.haus-des-erinnerns-mainz.de\/index.php\/wp-json\/wp\/v2\/tribe_events\/8100\/revisions"}],"predecessor-version":[{"id":8197,"href":"https:\/\/www.haus-des-erinnerns-mainz.de\/index.php\/wp-json\/wp\/v2\/tribe_events\/8100\/revisions\/8197"}],"wp:featuredmedia":[{"embeddable":true,"href":"https:\/\/www.haus-des-erinnerns-mainz.de\/index.php\/wp-json\/wp\/v2\/media\/8101"}],"wp:attachment":[{"href":"https:\/\/www.haus-des-erinnerns-mainz.de\/index.php\/wp-json\/wp\/v2\/media?parent=8100"}],"wp:term":[{"taxonomy":"post_tag","embeddable":true,"href":"https:\/\/www.haus-des-erinnerns-mainz.de\/index.php\/wp-json\/wp\/v2\/tags?post=8100"},{"taxonomy":"tribe_events_cat","embeddable":true,"href":"https:\/\/www.haus-des-erinnerns-mainz.de\/index.php\/wp-json\/wp\/v2\/tribe_events_cat?post=8100"}],"curies":[{"name":"wp","href":"https:\/\/api.w.org\/{rel}","templated":true}]}}

Jüdisch-Muslimische Perspektiven | Gesprächsabend

<div dir="ltr">In einer Zeit, in der gesellschaftliche Spannungen, Polarisierungen und Zuschreibungen zunehmen, wollen Kiril Denisov und Furkan Yüksel den Raum öffnen für ein ehrliches, gemeinsames Nachdenken: Was braucht es, um jüdisch-muslimische Allianzen nicht nur zu beschwören, sondern tatsächlich zu leben? Wie kann Dialog in der heutigen Zeit aussehen und was kann sie leisten? Welche Herausforderungen entstehen, wenn Religion, Herkunft oder Haltung zu Israel und Palästina zu Identitätsfragen werden?</div>
<div dir="ltr">&nbsp;</div>
<div>Anlässlich des Internationalen Tages für Toleranz sprechen die beiden im Rahmen eines offenen Podiumsgesprächs über ihre Erfahrungen aus der praktischen Arbeit, über Begegnungen, Brüche und Lernprozesse in der politischen Bildung. Es geht um jüdisch-muslimischen Dialog, um Rassismus und Antisemitismus, um das Spannungsfeld zwischen Solidarität und Abgrenzung und um die Frage, wie sich gemeinsames gesellschaftliches Handeln inmitten globaler Konflikte und postmigrantischen Gesellschaften gestalten lässt.</div>
<div dir="ltr">&nbsp;</div>
<div>Der Abend lädt dazu ein, zuzuhören, mitzudenken und die Komplexität unserer Gegenwart nicht als Hindernis, sondern als Chance zu begreifen, neue Formen des Miteinanders zu entwickeln.</div>
<div>&nbsp;</div>
<div>
<div dir="ltr">Kiril Denisov kam 2001 mit seiner Familie als jüdischer Kontingentgeflüchteter aus Lettland nach Deutschland und wuchs in der Nähe von Mannheim auf.</div>
<div>Im Juli 2025 absolvierte er seinen Master of Education in Politikwissenschaft und Russisch mit bildungswissenschaftlichen Anteilen an der Universität Heidelberg. Der akademische Schwerpunkt seines Studiums war die Thematisierung von Antisemitismus durch jüdische Autoren während des Russischen Reiches und der Sowjetunion.</div>
<div>Im März 2025 wurde er zum Vizepräsidenten der Jüdischen Studierendenunion Deutschland gewählt, wo er das interkulturelle Referat Gesharim (Brücken) leitet. Seit Juli 2025 arbeitet er als Bildungsreferent mit Schwerpunkt Rassismus und Antisemitismus in der Migrationsgesellschaft bei der Bildungsstätte Anne Frank.</div>
</div>
<div>&nbsp;</div>
<div dir="ltr">Furkan Yüksel ist (historisch-)politischer Bildner. Er studierte Geschichtswissenschaften und Philosophie in Tübingen. Er war als freier Referent in der Jugend- und Erwachsenenbildung für u.a. Yad be Yad, WERTansich(t), der Bildungsinitiative Ferhat Unvar und Transaidency im Einsatz. In seiner Arbeit thematisierte er hauptsächlich Antisemitismus, Rassismus, Rechtsextremismus und Erinnerungskulturen. Seit 2021 versteht er sich als Botschafter für das Stuttgarter Projekt „Schalom und Salam“.<br />
Zurzeit ist er Bildungsreferent mit Schwerpunkt „Rassismus und Antisemitismus in der Migrationsgesellschaft“ bei der Bildungsstätte Anne Frank und ist dort auch Leiter des Projekts „Zwischen den Zeilen”, bei dem er zu antimuslimischem Rassismus im Journalismus arbeitet. Außerdem ist er Teil des CPPD-Netzwerks, das sich für ein multiperspektivisches Erinnern einsetzt.</div>
<div dir="ltr">&nbsp;</div>
<div dir="ltr">
<p>Um Anmeldung per Mail an kontakt@hde-mainz.de wird gebeten.</p>
<p>Diese Veranstaltung findet in Kooperation mit der Heinrich Böll Stiftung RLP e.V. statt. Sie wird unterstützt vom Ortsbeirat Altstadt und von der Lottostiftung Rheinland-Pfalz.</p>
<p>Foto: Furkan Yüksel und Kiril Leor Denisov ©&nbsp;Fulbright Alumni e. V.</p>
</div>

<p>In einer Zeit, in der gesellschaftliche Spannungen, Polarisierungen und Zuschreibungen zunehmen, wollen Kiril Denisov und Furkan Yüksel den Raum öffnen für ein ehrliches, gemeinsames Nachdenken: Was braucht es, um jüdisch-muslimische Allianzen nicht nur zu beschwören, sondern tatsächlich zu leben? Wie kann Dialog in der heutigen Zeit aussehen und was kann&#8230;</p>
<p> <a class="continue-reading-link" href="https://www.haus-des-erinnerns-mainz.de/index.php/veranstaltung/juedisch-muslimische-perspektiven-gespraechsabend/"><span>Weiterlesen</span><i class="crycon-right-dir"></i></a> </p>
