{"id":7897,"date":"2025-05-12T19:02:48","date_gmt":"2025-05-12T17:02:48","guid":{"rendered":"https:\/\/www.haus-des-erinnerns-mainz.de\/?post_type=tribe_events&#038;p=7897"},"modified":"2025-05-12T19:03:59","modified_gmt":"2025-05-12T17:03:59","slug":"in-erinnerung-an-die-deportation-mainzer-sinti-gedenkveranstaltung","status":"publish","type":"tribe_events","link":"https:\/\/www.haus-des-erinnerns-mainz.de\/index.php\/veranstaltung\/in-erinnerung-an-die-deportation-mainzer-sinti-gedenkveranstaltung\/","title":{"rendered":"In Erinnerung an die Deportation Mainzer Sinti* | Gedenkveranstaltung"},"content":{"rendered":"<p>Anl\u00e4sslich des Gedenkens an die Deportation der rheinland-pf\u00e4lzischen Sinti* und Roma* am 16. Mai 1940 laden die Stiftung \u201eHaus des Erinnerns \u2013 f\u00fcr Demokratie und Akzeptanz Mainz\u201c, der \u201eRegionalverband Deutscher Sinti und Roma Rheinhessen-Nahe\u201c und der FC Ente Bagdad zu einer Gedenkveranstaltung an der Gedenkstele in der Altenauergasse 7\u20139 in der Mainzer Altstadt ein.<\/p>\n<p>Aus dem gesamten Gebiet des heutigen Rheinland-Pfalz wurden an diesem Tag Sinti* und Roma* familienweise deportiert. Unter diesen Menschen befanden sich auch 107 Mainzer Sinti, darunter 61 Kinder, Jugendliche und S\u00e4uglinge, 46 Frauen und M\u00e4nner. Viele der Deportierten wurden ermordet oder starben vor Ersch\u00f6pfung und Hunger in den Konzentrations- und Vernichtungslagern wie Auschwitz-Birkenau. Nur wenige der Mainzer Sinti* konnten die nationalsozialistische Diktatur \u00fcberleben.<\/p>\n<p>Nach 1945 mussten die Familien lange daf\u00fcr k\u00e4mpfen, dass ihre Verfolgungsgeschichte Beachtung findet. Vor allem durch den Einsatz der B\u00fcrgerrechtsbewegung gelang es, dass der damalige Bundeskanzler Helmut Schmidt im Jahr 1982 den V\u00f6lkermord an den Sinti* und Roma* als solchen anerkannte. Trotz aller Fortschritte werden Sinti* und Roma* bis heute diskriminiert und sind von antiziganistischen Anfeindungen betroffen.<\/p>\n<p>Am 16. Mai 2025 laden wir herzlich zur Gedenkveranstaltung um 16.30 Uhr an der Stele in der Altenauergasse 7\u20139 ein, bei der wir gemeinsam mit Ihnen an die Deportationen der Sinti* und Roma* erinnern und der Opfer gedenken m\u00f6chten.<br \/>\nWir w\u00fcrden uns sehr freuen, wenn Sie an dieser Veranstaltung teilnehmen und so gemeinsam mit uns ein<br \/>\nZeichen der Erinnerung und zugleich gegen jegliche Form der Ausgrenzung und Verfolgung setzen.<\/p>\n<p><a href=\"https:\/\/www.haus-des-erinnerns-mainz.de\/wp-content\/uploads\/2025\/05\/Einladung_Gedenkveranstaltung_16_5_2025_aktualisiert.pdf\"><strong>Hier<\/strong><\/a><strong> gelangen Sie zur offiziellen Einladung, die Sie gerne weiterleiten d\u00fcrfen.<\/strong><\/p>\n","protected":false},"excerpt":{"rendered":"<p>Anl\u00e4sslich des Gedenkens an die Deportation der rheinland-pf\u00e4lzischen Sinti* und Roma* am 16. Mai 1940 laden die Stiftung \u201eHaus des Erinnerns \u2013 f\u00fcr Demokratie und Akzeptanz Mainz\u201c, der \u201eRegionalverband Deutscher Sinti und Roma Rheinhessen-Nahe\u201c und der FC Ente Bagdad zu einer Gedenkveranstaltung an der Gedenkstele in der Altenauergasse 7\u20139 in&#8230;<\/p>\n<p> <a class=\"continue-reading-link\" href=\"https:\/\/www.haus-des-erinnerns-mainz.de\/index.php\/veranstaltung\/in-erinnerung-an-die-deportation-mainzer-sinti-gedenkveranstaltung\/\"><span>Weiterlesen<\/span><i class=\"crycon-right-dir\"><\/i><\/a> <\/p>\n","protected":false},"author":4,"featured_media":7899,"template":"","meta":{"episode_type":"","audio_file":"","podmotor_file_id":"","podmotor_episode_id":"","cover_image":"","cover_image_id":"","duration":"","filesize":"","filesize_raw":"","date_recorded":"","explicit":"","block":"","ngg_post_thumbnail":0,"_price":"","_stock":"","_tribe_ticket_header":"","_tribe_default_ticket_provider":"","_tribe_ticket_capacity":"0","_ticket_start_date":"","_ticket_end_date":"","_tribe_ticket_show_description":"","_tribe_ticket_show_not_going":false,"_tribe_ticket_use_global_stock":"","_tribe_ticket_global_stock_level":"","_global_stock_mode":"","_global_stock_cap":"","_tribe_rsvp_for_event":"","_tribe_ticket_going_count":"","_tribe_ticket_not_going_count":"","_tribe_tickets_list":"[]","_tribe_ticket_has_attendee_info_fields":false,"_tribe_events_status":"","_tribe_events_status_reason":"","footnotes":"","_tec_slr_enabled":"","_tec_slr_layout":""},"tags":[],"tribe_events_cat":[592],"class_list":["post-7897","tribe_events","type-tribe_events","status-publish","has-post-thumbnail","hentry","tribe_events_cat-termin-2025","cat_termin-2025"],"ticketed":false,"_links":{"self":[{"href":"https:\/\/www.haus-des-erinnerns-mainz.de\/index.php\/wp-json\/wp\/v2\/tribe_events\/7897","targetHints":{"allow":["GET"]}}],"collection":[{"href":"https:\/\/www.haus-des-erinnerns-mainz.de\/index.php\/wp-json\/wp\/v2\/tribe_events"}],"about":[{"href":"https:\/\/www.haus-des-erinnerns-mainz.de\/index.php\/wp-json\/wp\/v2\/types\/tribe_events"}],"author":[{"embeddable":true,"href":"https:\/\/www.haus-des-erinnerns-mainz.de\/index.php\/wp-json\/wp\/v2\/users\/4"}],"version-history":[{"count":1,"href":"https:\/\/www.haus-des-erinnerns-mainz.de\/index.php\/wp-json\/wp\/v2\/tribe_events\/7897\/revisions"}],"predecessor-version":[{"id":7901,"href":"https:\/\/www.haus-des-erinnerns-mainz.de\/index.php\/wp-json\/wp\/v2\/tribe_events\/7897\/revisions\/7901"}],"wp:featuredmedia":[{"embeddable":true,"href":"https:\/\/www.haus-des-erinnerns-mainz.de\/index.php\/wp-json\/wp\/v2\/media\/7899"}],"wp:attachment":[{"href":"https:\/\/www.haus-des-erinnerns-mainz.de\/index.php\/wp-json\/wp\/v2\/media?parent=7897"}],"wp:term":[{"taxonomy":"post_tag","embeddable":true,"href":"https:\/\/www.haus-des-erinnerns-mainz.de\/index.php\/wp-json\/wp\/v2\/tags?post=7897"},{"taxonomy":"tribe_events_cat","embeddable":true,"href":"https:\/\/www.haus-des-erinnerns-mainz.de\/index.php\/wp-json\/wp\/v2\/tribe_events_cat?post=7897"}],"curies":[{"name":"wp","href":"https:\/\/api.w.org\/{rel}","templated":true}]}}

<p>Anlässlich des Gedenkens an die Deportation der rheinland-pfälzischen Sinti* und Roma* am 16. Mai 1940 laden die Stiftung „Haus des Erinnerns – für Demokratie und Akzeptanz Mainz“, der „Regionalverband Deutscher Sinti und Roma Rheinhessen-Nahe“ und der FC Ente Bagdad zu einer Gedenkveranstaltung an der Gedenkstele in der Altenauergasse 7–9 in der Mainzer Altstadt ein.</p>
<p>Aus dem gesamten Gebiet des heutigen Rheinland-Pfalz wurden an diesem Tag Sinti* und Roma* familienweise deportiert. Unter diesen Menschen befanden sich auch 107 Mainzer Sinti, darunter 61 Kinder, Jugendliche und Säuglinge, 46 Frauen und Männer. Viele der Deportierten wurden ermordet oder starben vor Erschöpfung und Hunger in den Konzentrations- und Vernichtungslagern wie Auschwitz-Birkenau. Nur wenige der Mainzer Sinti* konnten die nationalsozialistische Diktatur überleben.</p>
<p>Nach 1945 mussten die Familien lange dafür kämpfen, dass ihre Verfolgungsgeschichte Beachtung findet. Vor allem durch den Einsatz der Bürgerrechtsbewegung gelang es, dass der damalige Bundeskanzler Helmut Schmidt im Jahr 1982 den Völkermord an den Sinti* und Roma* als solchen anerkannte. Trotz aller Fortschritte werden Sinti* und Roma* bis heute diskriminiert und sind von antiziganistischen Anfeindungen betroffen.</p>
<p>Am 16. Mai 2025 laden wir herzlich zur Gedenkveranstaltung um 16.30 Uhr an der Stele in der Altenauergasse 7–9 ein, bei der wir gemeinsam mit Ihnen an die Deportationen der Sinti* und Roma* erinnern und der Opfer gedenken möchten.<br />
Wir würden uns sehr freuen, wenn Sie an dieser Veranstaltung teilnehmen und so gemeinsam mit uns ein<br />
Zeichen der Erinnerung und zugleich gegen jegliche Form der Ausgrenzung und Verfolgung setzen.</p>
<p><a href="https://www.haus-des-erinnerns-mainz.de/wp-content/uploads/2025/05/Einladung_Gedenkveranstaltung_16_5_2025_aktualisiert.pdf"><strong>Hier</strong></a><strong> gelangen Sie zur offiziellen Einladung, die Sie gerne weiterleiten dürfen.</strong></p>

<p>Anlässlich des Gedenkens an die Deportation der rheinland-pfälzischen Sinti* und Roma* am 16. Mai 1940 laden die Stiftung „Haus des Erinnerns – für Demokratie und Akzeptanz Mainz“, der „Regionalverband Deutscher Sinti und Roma Rheinhessen-Nahe“ und der FC Ente Bagdad zu einer Gedenkveranstaltung an der Gedenkstele in der Altenauergasse 7–9 in&#8230;</p>
<p> <a class="continue-reading-link" href="https://www.haus-des-erinnerns-mainz.de/index.php/veranstaltung/in-erinnerung-an-die-deportation-mainzer-sinti-gedenkveranstaltung/"><span>Weiterlesen</span><i class="crycon-right-dir"></i></a> </p>
