{"id":7856,"date":"2025-05-07T16:17:51","date_gmt":"2025-05-07T14:17:51","guid":{"rendered":"https:\/\/www.haus-des-erinnerns-mainz.de\/?post_type=tribe_events&#038;p=7856"},"modified":"2025-06-02T17:37:05","modified_gmt":"2025-06-02T15:37:05","slug":"es-war-einmal-vergessene-05er-buchvorstellung","status":"publish","type":"tribe_events","link":"https:\/\/www.haus-des-erinnerns-mainz.de\/index.php\/veranstaltung\/es-war-einmal-vergessene-05er-buchvorstellung\/","title":{"rendered":"\u201eEs war einmal\u2026 Vergessene 05er\u201c | Buchvorstellung"},"content":{"rendered":"<p>Die Historie des 1. FSV Mainz 05 vor und w\u00e4hrend der NS-Zeit ist auch heute noch vielen kaum bekannt. Erst seit wenigen Jahren ist der Name des ermordeten j\u00fcdischen Vereinspr\u00e4sidenten Eugen Salomon einer gr\u00f6\u00dferen \u00d6ffentlichkeit ein Begriff. Nun hat sich erstmals ein Team von Fans des Bundesligisten an eine breitere Aufarbeitung gemacht und weitere Biografien verfolgter und oftmals vergessener Nullf\u00fcnfer recherchiert.<\/p>\n<p>Auf 144 Seiten werden dabei zw\u00f6lf Biografien und Hintergr\u00fcnde zur damaligen Zeit aufgearbeitet. Hierzu wurde \u00fcber drei Jahre viel Zeit investiert und recherchiert:<\/p>\n<p><strong>\u201eSpieler, Trainer, Sportler, Vorstand oder G\u00f6nner &#8211; alles Nullf\u00fcnfer. Unterschiedliche Herk\u00fcnfte, ganz verschiedene Schwerpunkte. Der eine hinterlie\u00df tiefe Spuren, w\u00e4hrend f\u00fcr den n\u00e4chsten nur wenige Anhaltspunkte zu finden waren. Wir sind sehr stolz, Euch die erste Publikation rund um unseren 1. FSV Mainz 05 zu pr\u00e4sentieren, die sich intensiv mit dem Leben dieser Menschen besch\u00e4ftigt, ihre Geschichten erz\u00e4hlt und anhand von vielen spannenden Bildern auch zeigt. Gleichzeitig versuchen wir zu erkl\u00e4ren, wie der Verein in dieser Zeit aufgestellt war, wie er sich nach der \u201aGleichschaltung\u2018 im Sommer 1933 entwickelte und blicken auf den j\u00fcdischen Sport in Mainz.\u201c<\/strong><\/p>\n<p>In einem Vortrag mit Buchvorstellung wird Nils Friedrich kurz auf die Ausgangslage der Recherche eingehen, bevor er einzelne Biografien sowie die Vereinsgeschichte tiefergehend vorstellen wird. So soll aufgezeigt werden, wie der Verein aufgestellt war und wie er sich nach der Macht\u00fcbertragung an die Nationalsozialisten bis 1945 entwickelte. Anhand ausgew\u00e4hlter Biografien sollen auch die Recherchewege aufgezeigt werden.<\/p>\n<p>Daneben wird an diesem Abend eine kleine Ausstellung er\u00f6ffnet, in der ebenfalls die Biografien der verfolgten 05er sichtbar gemacht werden.<\/p>\n<p>Anmeldung per E-Mail erbeten an: <a href=\"mailto:kontakt@hde-mainz.de\">kontakt@hde-mainz.de<\/a><\/p>\n","protected":false},"excerpt":{"rendered":"<p>Die Historie des 1. FSV Mainz 05 vor und w\u00e4hrend der NS-Zeit ist auch heute noch vielen kaum bekannt. Erst seit wenigen Jahren ist der Name des ermordeten j\u00fcdischen Vereinspr\u00e4sidenten Eugen Salomon einer gr\u00f6\u00dferen \u00d6ffentlichkeit ein Begriff. Nun hat sich erstmals ein Team von Fans des Bundesligisten an eine breitere&#8230;<\/p>\n<p> <a class=\"continue-reading-link\" href=\"https:\/\/www.haus-des-erinnerns-mainz.de\/index.php\/veranstaltung\/es-war-einmal-vergessene-05er-buchvorstellung\/\"><span>Weiterlesen<\/span><i class=\"crycon-right-dir\"><\/i><\/a> <\/p>\n","protected":false},"author":4,"featured_media":7866,"template":"","meta":{"episode_type":"","audio_file":"","podmotor_file_id":"","podmotor_episode_id":"","cover_image":"","cover_image_id":"","duration":"","filesize":"","filesize_raw":"","date_recorded":"","explicit":"","block":"","ngg_post_thumbnail":0,"_price":"","_stock":"","_tribe_ticket_header":"","_tribe_default_ticket_provider":"","_tribe_ticket_capacity":"0","_ticket_start_date":"","_ticket_end_date":"","_tribe_ticket_show_description":"","_tribe_ticket_show_not_going":false,"_tribe_ticket_use_global_stock":"","_tribe_ticket_global_stock_level":"","_global_stock_mode":"","_global_stock_cap":"","_tribe_rsvp_for_event":"","_tribe_ticket_going_count":"","_tribe_ticket_not_going_count":"","_tribe_tickets_list":"[]","_tribe_ticket_has_attendee_info_fields":false,"_tribe_events_status":"","_tribe_events_status_reason":"","footnotes":"","_tec_slr_enabled":"","_tec_slr_layout":""},"tags":[],"tribe_events_cat":[592],"class_list":["post-7856","tribe_events","type-tribe_events","status-publish","has-post-thumbnail","hentry","tribe_events_cat-termin-2025","cat_termin-2025"],"ticketed":false,"_links":{"self":[{"href":"https:\/\/www.haus-des-erinnerns-mainz.de\/index.php\/wp-json\/wp\/v2\/tribe_events\/7856","targetHints":{"allow":["GET"]}}],"collection":[{"href":"https:\/\/www.haus-des-erinnerns-mainz.de\/index.php\/wp-json\/wp\/v2\/tribe_events"}],"about":[{"href":"https:\/\/www.haus-des-erinnerns-mainz.de\/index.php\/wp-json\/wp\/v2\/types\/tribe_events"}],"author":[{"embeddable":true,"href":"https:\/\/www.haus-des-erinnerns-mainz.de\/index.php\/wp-json\/wp\/v2\/users\/4"}],"version-history":[{"count":7,"href":"https:\/\/www.haus-des-erinnerns-mainz.de\/index.php\/wp-json\/wp\/v2\/tribe_events\/7856\/revisions"}],"predecessor-version":[{"id":7940,"href":"https:\/\/www.haus-des-erinnerns-mainz.de\/index.php\/wp-json\/wp\/v2\/tribe_events\/7856\/revisions\/7940"}],"wp:featuredmedia":[{"embeddable":true,"href":"https:\/\/www.haus-des-erinnerns-mainz.de\/index.php\/wp-json\/wp\/v2\/media\/7866"}],"wp:attachment":[{"href":"https:\/\/www.haus-des-erinnerns-mainz.de\/index.php\/wp-json\/wp\/v2\/media?parent=7856"}],"wp:term":[{"taxonomy":"post_tag","embeddable":true,"href":"https:\/\/www.haus-des-erinnerns-mainz.de\/index.php\/wp-json\/wp\/v2\/tags?post=7856"},{"taxonomy":"tribe_events_cat","embeddable":true,"href":"https:\/\/www.haus-des-erinnerns-mainz.de\/index.php\/wp-json\/wp\/v2\/tribe_events_cat?post=7856"}],"curies":[{"name":"wp","href":"https:\/\/api.w.org\/{rel}","templated":true}]}}

<p>Die Historie des 1. FSV Mainz 05 vor und während der NS-Zeit ist auch heute noch vielen kaum bekannt. Erst seit wenigen Jahren ist der Name des ermordeten jüdischen Vereinspräsidenten Eugen Salomon einer größeren Öffentlichkeit ein Begriff. Nun hat sich erstmals ein Team von Fans des Bundesligisten an eine breitere Aufarbeitung gemacht und weitere Biografien verfolgter und oftmals vergessener Nullfünfer recherchiert.</p>
<p>Auf 144 Seiten werden dabei zwölf Biografien und Hintergründe zur damaligen Zeit aufgearbeitet. Hierzu wurde über drei Jahre viel Zeit investiert und recherchiert:</p>
<p><strong>„Spieler, Trainer, Sportler, Vorstand oder Gönner &#8211; alles Nullfünfer. Unterschiedliche Herkünfte, ganz verschiedene Schwerpunkte. Der eine hinterließ tiefe Spuren, während für den nächsten nur wenige Anhaltspunkte zu finden waren. Wir sind sehr stolz, Euch die erste Publikation rund um unseren 1. FSV Mainz 05 zu präsentieren, die sich intensiv mit dem Leben dieser Menschen beschäftigt, ihre Geschichten erzählt und anhand von vielen spannenden Bildern auch zeigt. Gleichzeitig versuchen wir zu erklären, wie der Verein in dieser Zeit aufgestellt war, wie er sich nach der ‚Gleichschaltung‘ im Sommer 1933 entwickelte und blicken auf den jüdischen Sport in Mainz.“</strong></p>
<p>In einem Vortrag mit Buchvorstellung wird Nils Friedrich kurz auf die Ausgangslage der Recherche eingehen, bevor er einzelne Biografien sowie die Vereinsgeschichte tiefergehend vorstellen wird. So soll aufgezeigt werden, wie der Verein aufgestellt war und wie er sich nach der Machtübertragung an die Nationalsozialisten bis 1945 entwickelte. Anhand ausgewählter Biografien sollen auch die Recherchewege aufgezeigt werden.</p>
<p>Daneben wird an diesem Abend eine kleine Ausstellung eröffnet, in der ebenfalls die Biografien der verfolgten 05er sichtbar gemacht werden.</p>
<p>Anmeldung per E-Mail erbeten an: <a href="mailto:kontakt@hde-mainz.de">kontakt@hde-mainz.de</a></p>

<p>Die Historie des 1. FSV Mainz 05 vor und während der NS-Zeit ist auch heute noch vielen kaum bekannt. Erst seit wenigen Jahren ist der Name des ermordeten jüdischen Vereinspräsidenten Eugen Salomon einer größeren Öffentlichkeit ein Begriff. Nun hat sich erstmals ein Team von Fans des Bundesligisten an eine breitere&#8230;</p>
<p> <a class="continue-reading-link" href="https://www.haus-des-erinnerns-mainz.de/index.php/veranstaltung/es-war-einmal-vergessene-05er-buchvorstellung/"><span>Weiterlesen</span><i class="crycon-right-dir"></i></a> </p>
