{"id":7820,"date":"2025-04-14T16:59:34","date_gmt":"2025-04-14T14:59:34","guid":{"rendered":"https:\/\/www.haus-des-erinnerns-mainz.de\/?post_type=tribe_events&#038;p=7820"},"modified":"2025-04-14T16:59:34","modified_gmt":"2025-04-14T14:59:34","slug":"grabsteine-erzaehlen-geschichten-auf-den-spuren-von-mainzer-juedischen-familien-auf-dem-neuen-juedischen-friedhof","status":"publish","type":"tribe_events","link":"https:\/\/www.haus-des-erinnerns-mainz.de\/index.php\/veranstaltung\/grabsteine-erzaehlen-geschichten-auf-den-spuren-von-mainzer-juedischen-familien-auf-dem-neuen-juedischen-friedhof\/","title":{"rendered":"Grabsteine erz\u00e4hlen Geschichten \u2013 Auf den Spuren von Mainzer j\u00fcdischen Familien auf dem Neuen J\u00fcdischen Friedhof"},"content":{"rendered":"<p>Beim Rundgang \u00fcber den Friedhof begegnen wir interessanten Pers\u00f6nlichkeiten aus dem 19. und 20. Jahrhundert. Hier ruhen zahlreiche Menschen des Kultur-, Geistes- und Wirtschaftslebens der Stadt Mainz, die unsere Stadt gepr\u00e4gt haben, bevor das NS-Regime sie an den Rand gedr\u00e4ngt, deportiert und ermordet hat. An einige von ihnen soll mit diesem<br \/>\nRundgang erinnert werden. Abschlie\u00dfend werfen wir einen Blick in die restaurierte Trauerhalle, erbaut 1879\/80 von Stadtbaumeister Eduard Krey\u00dfig.<\/p>\n<p>Sonntag, 16. November 2025, 11\u201313 Uhr<br \/>\nTreff- und Endpunkt: Neuer J\u00fcdischer<br \/>\nFriedhof, Untere Zahlbacher Stra\u00dfe<br \/>\n(Platz vor Eingang Trauerhalle)<\/p>\n<p><em>M\u00e4nner bitte Kopfbedeckung mitbringen!<\/em><\/p>\n<p>Die Teilnahmegeb\u00fchr betr\u00e4gt 6,00 \u20ac (erm\u00e4\u00dfigt 5,00 \u20ac).<\/p>\n<p>Eine Veranstaltung vom Verein f\u00fcr Sozialgeschichte Mainz e.V.<\/p>\n","protected":false},"excerpt":{"rendered":"<p>Beim Rundgang \u00fcber den Friedhof begegnen wir interessanten Pers\u00f6nlichkeiten aus dem 19. und 20. Jahrhundert. Hier ruhen zahlreiche Menschen des Kultur-, Geistes- und Wirtschaftslebens der Stadt Mainz, die unsere Stadt gepr\u00e4gt haben, bevor das NS-Regime sie an den Rand gedr\u00e4ngt, deportiert und ermordet hat. An einige von ihnen soll mit&#8230;<\/p>\n<p> <a class=\"continue-reading-link\" href=\"https:\/\/www.haus-des-erinnerns-mainz.de\/index.php\/veranstaltung\/grabsteine-erzaehlen-geschichten-auf-den-spuren-von-mainzer-juedischen-familien-auf-dem-neuen-juedischen-friedhof\/\"><span>Weiterlesen<\/span><i class=\"crycon-right-dir\"><\/i><\/a> <\/p>\n","protected":false},"author":4,"featured_media":7809,"template":"","meta":{"episode_type":"","audio_file":"","podmotor_file_id":"","podmotor_episode_id":"","cover_image":"","cover_image_id":"","duration":"","filesize":"","filesize_raw":"","date_recorded":"","explicit":"","block":"","ngg_post_thumbnail":0,"_price":"","_stock":"","_tribe_ticket_header":"","_tribe_default_ticket_provider":"","_tribe_ticket_capacity":"0","_ticket_start_date":"","_ticket_end_date":"","_tribe_ticket_show_description":"","_tribe_ticket_show_not_going":false,"_tribe_ticket_use_global_stock":"","_tribe_ticket_global_stock_level":"","_global_stock_mode":"","_global_stock_cap":"","_tribe_rsvp_for_event":"","_tribe_ticket_going_count":"","_tribe_ticket_not_going_count":"","_tribe_tickets_list":"[]","_tribe_ticket_has_attendee_info_fields":false,"_tribe_events_status":"","_tribe_events_status_reason":"","footnotes":"","_tec_slr_enabled":"","_tec_slr_layout":""},"tags":[],"tribe_events_cat":[592],"class_list":["post-7820","tribe_events","type-tribe_events","status-publish","has-post-thumbnail","hentry","tribe_events_cat-termin-2025","cat_termin-2025"],"ticketed":false,"_links":{"self":[{"href":"https:\/\/www.haus-des-erinnerns-mainz.de\/index.php\/wp-json\/wp\/v2\/tribe_events\/7820","targetHints":{"allow":["GET"]}}],"collection":[{"href":"https:\/\/www.haus-des-erinnerns-mainz.de\/index.php\/wp-json\/wp\/v2\/tribe_events"}],"about":[{"href":"https:\/\/www.haus-des-erinnerns-mainz.de\/index.php\/wp-json\/wp\/v2\/types\/tribe_events"}],"author":[{"embeddable":true,"href":"https:\/\/www.haus-des-erinnerns-mainz.de\/index.php\/wp-json\/wp\/v2\/users\/4"}],"version-history":[{"count":1,"href":"https:\/\/www.haus-des-erinnerns-mainz.de\/index.php\/wp-json\/wp\/v2\/tribe_events\/7820\/revisions"}],"predecessor-version":[{"id":7821,"href":"https:\/\/www.haus-des-erinnerns-mainz.de\/index.php\/wp-json\/wp\/v2\/tribe_events\/7820\/revisions\/7821"}],"wp:featuredmedia":[{"embeddable":true,"href":"https:\/\/www.haus-des-erinnerns-mainz.de\/index.php\/wp-json\/wp\/v2\/media\/7809"}],"wp:attachment":[{"href":"https:\/\/www.haus-des-erinnerns-mainz.de\/index.php\/wp-json\/wp\/v2\/media?parent=7820"}],"wp:term":[{"taxonomy":"post_tag","embeddable":true,"href":"https:\/\/www.haus-des-erinnerns-mainz.de\/index.php\/wp-json\/wp\/v2\/tags?post=7820"},{"taxonomy":"tribe_events_cat","embeddable":true,"href":"https:\/\/www.haus-des-erinnerns-mainz.de\/index.php\/wp-json\/wp\/v2\/tribe_events_cat?post=7820"}],"curies":[{"name":"wp","href":"https:\/\/api.w.org\/{rel}","templated":true}]}}

Grabsteine erzählen Geschichten – Auf den Spuren von Mainzer jüdischen Familien auf dem Neuen Jüdischen Friedhof

<p>Beim Rundgang über den Friedhof begegnen wir interessanten Persönlichkeiten aus dem 19. und 20. Jahrhundert. Hier ruhen zahlreiche Menschen des Kultur-, Geistes- und Wirtschaftslebens der Stadt Mainz, die unsere Stadt geprägt haben, bevor das NS-Regime sie an den Rand gedrängt, deportiert und ermordet hat. An einige von ihnen soll mit diesem<br />
Rundgang erinnert werden. Abschließend werfen wir einen Blick in die restaurierte Trauerhalle, erbaut 1879/80 von Stadtbaumeister Eduard Kreyßig.</p>
<p>Sonntag, 16. November 2025, 11–13 Uhr<br />
Treff- und Endpunkt: Neuer Jüdischer<br />
Friedhof, Untere Zahlbacher Straße<br />
(Platz vor Eingang Trauerhalle)</p>
<p><em>Männer bitte Kopfbedeckung mitbringen!</em></p>
<p>Die Teilnahmegebühr beträgt 6,00 € (ermäßigt 5,00 €).</p>
<p>Eine Veranstaltung vom Verein für Sozialgeschichte Mainz e.V.</p>

<p>Beim Rundgang über den Friedhof begegnen wir interessanten Persönlichkeiten aus dem 19. und 20. Jahrhundert. Hier ruhen zahlreiche Menschen des Kultur-, Geistes- und Wirtschaftslebens der Stadt Mainz, die unsere Stadt geprägt haben, bevor das NS-Regime sie an den Rand gedrängt, deportiert und ermordet hat. An einige von ihnen soll mit&#8230;</p>
<p> <a class="continue-reading-link" href="https://www.haus-des-erinnerns-mainz.de/index.php/veranstaltung/grabsteine-erzaehlen-geschichten-auf-den-spuren-von-mainzer-juedischen-familien-auf-dem-neuen-juedischen-friedhof/"><span>Weiterlesen</span><i class="crycon-right-dir"></i></a> </p>
