{"id":7777,"date":"2025-03-11T16:38:05","date_gmt":"2025-03-11T15:38:05","guid":{"rendered":"https:\/\/www.haus-des-erinnerns-mainz.de\/?post_type=tribe_events&#038;p=7777"},"modified":"2025-03-14T10:47:10","modified_gmt":"2025-03-14T09:47:10","slug":"ausstellungseroeffnung-mainz-1945-kriegsende-und-neubeginn","status":"publish","type":"tribe_events","link":"https:\/\/www.haus-des-erinnerns-mainz.de\/index.php\/veranstaltung\/ausstellungseroeffnung-mainz-1945-kriegsende-und-neubeginn\/","title":{"rendered":"Ausstellungser\u00f6ffnung: \u201eMainz 1945 \u2013 Kriegsende und Neubeginn\u201c"},"content":{"rendered":"<div id=\"attachment_7778\" style=\"width: 310px\" class=\"wp-caption alignleft\"><img loading=\"lazy\" decoding=\"async\" aria-describedby=\"caption-attachment-7778\" class=\"size-medium wp-image-7778\" src=\"https:\/\/www.haus-des-erinnerns-mainz.de\/wp-content\/uploads\/2025\/03\/tafel01-US-Pontonbruecke-Kaisertor-bpsf2987a-300x208.jpg\" alt=\"\" width=\"300\" height=\"208\"><p id=\"caption-attachment-7778\" class=\"wp-caption-text\">US-Pontonbruecke Kaisertor \u00a9 Stadtarchiv Mainz\/bpsf2987a<\/p><\/div>\n<p>Am 22. M\u00e4rz 1945 besetzten amerikanische Truppen die Stadt. Die NS-Diktatur, aber auch die Angst vor den Bomben und den vielen N\u00e4chten in den Luftschutzkellern hatten ein Ende. Das Schlimmste waren der Hunger und die Wohnungsnot in der zum gro\u00dfen Teil zerst\u00f6rten Stadt.<\/p>\n<p>Die Ausstellung \u201eMainz 1945: Kriegsende und Neubeginn\u201c thematisiert das Kriegsende, den Aufbau demokratischer Strukturen und den Beginn eines kulturellen Lebens zun\u00e4chst unter amerikanischer und ab Juli 1945 unter franz\u00f6sischer Besatzung.<\/p>\n<p>Sie zeigt auf insgesamt 13 Tafeln, wie sich Presse und Rundfunk in Mainz etablierten, wie sich unmittelbar nach Kriegsende die j\u00fcdische Gemeinde neu begr\u00fcndete und wie die Bev\u00f6lkerung wieder an die Tradition der Mainzer Volksfeste wie der Fastnacht oder dem Weinmarkt ankn\u00fcpfte. Dr. Hedwig Br\u00fcchert, Kuratorin der Ausstellung, f\u00fchrt in die Ausstellung und die historischen Hintergr\u00fcnde ein.<\/p>\n<p>&nbsp;<\/p>\n<p>Ausstellungszeitraum: 20. M\u00e4rz bis 11. April 2025<\/p>\n<p>Haus des Erinnerns \u2013 f\u00fcr Demokratie und Akzeptanz<\/p>\n<p>Flachsmarktstra\u00dfe 36, 55116 Mainz<\/p>\n<p>\u00d6ffnungszeiten: Mo\u2013Mi 10 \u2013 13 Uhr und 14\u201316 Uhr,<br \/>\nDo 10\u201313 Uhr und 14\u201318 Uhr<\/p>\n<p>Eintritt frei<\/p>\n<p>Eine Anmeldung ist erforderlich unter kontakt@hde-mainz.de.<\/p>\n<p>Diese Veranstaltung findet gemeinsam mit dem Stadthistorisches Museum Mainz und der Landeshauptstadt Mainz, im Rahmen der Veranstaltungen \u201eMainz 1945: Kriegsende und Neubeginn\u201c statt. Zum Flyer der Veranstaltungsreihe kommen Sie <a href=\"https:\/\/www.mainz.de\/medien\/internet\/downloads\/neu-A423-Programmheft-Kriegsende-A5-V03.pdf\">hier<\/a>.<\/p>\n<p>&nbsp;<\/p>\n<p>&nbsp;<\/p>\n","protected":false},"excerpt":{"rendered":"<p>Am 22. M\u00e4rz 1945 besetzten amerikanische Truppen die Stadt. Die NS-Diktatur, aber auch die Angst vor den Bomben und den vielen N\u00e4chten in den Luftschutzkellern hatten ein Ende. Das Schlimmste waren der Hunger und die Wohnungsnot in der zum gro\u00dfen Teil zerst\u00f6rten Stadt. Die Ausstellung \u201eMainz 1945: Kriegsende und Neubeginn\u201c&#8230;<\/p>\n<p> <a class=\"continue-reading-link\" href=\"https:\/\/www.haus-des-erinnerns-mainz.de\/index.php\/veranstaltung\/ausstellungseroeffnung-mainz-1945-kriegsende-und-neubeginn\/\"><span>Weiterlesen<\/span><i class=\"crycon-right-dir\"><\/i><\/a> <\/p>\n","protected":false},"author":4,"featured_media":0,"template":"","meta":{"episode_type":"","audio_file":"","podmotor_file_id":"","podmotor_episode_id":"","cover_image":"","cover_image_id":"","duration":"","filesize":"","filesize_raw":"","date_recorded":"","explicit":"","block":"","ngg_post_thumbnail":0,"_price":"","_stock":"","_tribe_ticket_header":"","_tribe_default_ticket_provider":"","_tribe_ticket_capacity":"0","_ticket_start_date":"","_ticket_end_date":"","_tribe_ticket_show_description":"","_tribe_ticket_show_not_going":false,"_tribe_ticket_use_global_stock":"","_tribe_ticket_global_stock_level":"","_global_stock_mode":"","_global_stock_cap":"","_tribe_rsvp_for_event":"","_tribe_ticket_going_count":"","_tribe_ticket_not_going_count":"","_tribe_tickets_list":"[]","_tribe_ticket_has_attendee_info_fields":false,"_tribe_events_status":"","_tribe_events_status_reason":"","footnotes":"","_tec_slr_enabled":"","_tec_slr_layout":""},"tags":[],"tribe_events_cat":[592],"class_list":["post-7777","tribe_events","type-tribe_events","status-publish","hentry","tribe_events_cat-termin-2025","cat_termin-2025"],"ticketed":false,"_links":{"self":[{"href":"https:\/\/www.haus-des-erinnerns-mainz.de\/index.php\/wp-json\/wp\/v2\/tribe_events\/7777","targetHints":{"allow":["GET"]}}],"collection":[{"href":"https:\/\/www.haus-des-erinnerns-mainz.de\/index.php\/wp-json\/wp\/v2\/tribe_events"}],"about":[{"href":"https:\/\/www.haus-des-erinnerns-mainz.de\/index.php\/wp-json\/wp\/v2\/types\/tribe_events"}],"author":[{"embeddable":true,"href":"https:\/\/www.haus-des-erinnerns-mainz.de\/index.php\/wp-json\/wp\/v2\/users\/4"}],"version-history":[{"count":4,"href":"https:\/\/www.haus-des-erinnerns-mainz.de\/index.php\/wp-json\/wp\/v2\/tribe_events\/7777\/revisions"}],"predecessor-version":[{"id":7789,"href":"https:\/\/www.haus-des-erinnerns-mainz.de\/index.php\/wp-json\/wp\/v2\/tribe_events\/7777\/revisions\/7789"}],"wp:attachment":[{"href":"https:\/\/www.haus-des-erinnerns-mainz.de\/index.php\/wp-json\/wp\/v2\/media?parent=7777"}],"wp:term":[{"taxonomy":"post_tag","embeddable":true,"href":"https:\/\/www.haus-des-erinnerns-mainz.de\/index.php\/wp-json\/wp\/v2\/tags?post=7777"},{"taxonomy":"tribe_events_cat","embeddable":true,"href":"https:\/\/www.haus-des-erinnerns-mainz.de\/index.php\/wp-json\/wp\/v2\/tribe_events_cat?post=7777"}],"curies":[{"name":"wp","href":"https:\/\/api.w.org\/{rel}","templated":true}]}}

Ausstellungseröffnung: „Mainz 1945 – Kriegsende und Neubeginn“

<div id="attachment_7778" style="width: 310px" class="wp-caption alignleft"><img loading="lazy" decoding="async" aria-describedby="caption-attachment-7778" class="size-medium wp-image-7778" src="https://www.haus-des-erinnerns-mainz.de/wp-content/uploads/2025/03/tafel01-US-Pontonbruecke-Kaisertor-bpsf2987a-300x208.jpg" alt="" width="300" height="208"><p id="caption-attachment-7778" class="wp-caption-text">US-Pontonbruecke Kaisertor © Stadtarchiv Mainz/bpsf2987a</p></div>
<p>Am 22. März 1945 besetzten amerikanische Truppen die Stadt. Die NS-Diktatur, aber auch die Angst vor den Bomben und den vielen Nächten in den Luftschutzkellern hatten ein Ende. Das Schlimmste waren der Hunger und die Wohnungsnot in der zum großen Teil zerstörten Stadt.</p>
<p>Die Ausstellung „Mainz 1945: Kriegsende und Neubeginn“ thematisiert das Kriegsende, den Aufbau demokratischer Strukturen und den Beginn eines kulturellen Lebens zunächst unter amerikanischer und ab Juli 1945 unter französischer Besatzung.</p>
<p>Sie zeigt auf insgesamt 13 Tafeln, wie sich Presse und Rundfunk in Mainz etablierten, wie sich unmittelbar nach Kriegsende die jüdische Gemeinde neu begründete und wie die Bevölkerung wieder an die Tradition der Mainzer Volksfeste wie der Fastnacht oder dem Weinmarkt anknüpfte. Dr. Hedwig Brüchert, Kuratorin der Ausstellung, führt in die Ausstellung und die historischen Hintergründe ein.</p>
<p>&nbsp;</p>
<p>Ausstellungszeitraum: 20. März bis 11. April 2025</p>
<p>Haus des Erinnerns – für Demokratie und Akzeptanz</p>
<p>Flachsmarktstraße 36, 55116 Mainz</p>
<p>Öffnungszeiten: Mo–Mi 10 – 13 Uhr und 14–16 Uhr,<br />
Do 10–13 Uhr und 14–18 Uhr</p>
<p>Eintritt frei</p>
<p>Eine Anmeldung ist erforderlich unter kontakt@hde-mainz.de.</p>
<p>Diese Veranstaltung findet gemeinsam mit dem Stadthistorisches Museum Mainz und der Landeshauptstadt Mainz, im Rahmen der Veranstaltungen „Mainz 1945: Kriegsende und Neubeginn“ statt. Zum Flyer der Veranstaltungsreihe kommen Sie <a href="https://www.mainz.de/medien/internet/downloads/neu-A423-Programmheft-Kriegsende-A5-V03.pdf">hier</a>.</p>
<p>&nbsp;</p>
<p>&nbsp;</p>

<p>Am 22. März 1945 besetzten amerikanische Truppen die Stadt. Die NS-Diktatur, aber auch die Angst vor den Bomben und den vielen Nächten in den Luftschutzkellern hatten ein Ende. Das Schlimmste waren der Hunger und die Wohnungsnot in der zum großen Teil zerstörten Stadt. Die Ausstellung „Mainz 1945: Kriegsende und Neubeginn“&#8230;</p>
<p> <a class="continue-reading-link" href="https://www.haus-des-erinnerns-mainz.de/index.php/veranstaltung/ausstellungseroeffnung-mainz-1945-kriegsende-und-neubeginn/"><span>Weiterlesen</span><i class="crycon-right-dir"></i></a> </p>
