{"id":7733,"date":"2025-02-06T22:12:23","date_gmt":"2025-02-06T21:12:23","guid":{"rendered":"https:\/\/www.haus-des-erinnerns-mainz.de\/?post_type=tribe_events&#038;p=7733"},"modified":"2025-02-06T22:23:42","modified_gmt":"2025-02-06T21:23:42","slug":"sonderoeffnungszeit","status":"publish","type":"tribe_events","link":"https:\/\/www.haus-des-erinnerns-mainz.de\/index.php\/veranstaltung\/sonderoeffnungszeit\/","title":{"rendered":"Sonder\u00f6ffnungszeit des HdE | 9. Februar | 10\u201316 Uhr"},"content":{"rendered":"<p>Diesen Sonntag, 9. Februar 2025, \u00f6ffnen wir von 10 bis 16 Uhr unser Haus, um die Sonderausstellung \u201eZerbrochene Verbindungen \u2013 Ravensbr\u00fcck. Die Wege von frauenliebenden* Frauen* in Widerstand und Deportation\u201c zu zeigen.<\/p>\n<p>Die Ausstellung zeigt die bewegenden Geschichten von sechs frauenliebenden* Frauen* aus Frankreich, Deutschland, Belgien und den USA, die w\u00e4hrend der Besatzung durch NS-Deutschland in Frankreich verhaftet und mehrheitlich in das Frauen-Konzentrationslager Ravensbr\u00fcck deportiert wurden. Isabelle Sentis er\u00f6ffnet als Kuratorin die Ausstellung und bietet im Anschluss eine F\u00fchrung in franz\u00f6sischer Sprache mit deutscher \u00dcbersetzung an. Isabelle Sentis ist Mitbegr\u00fcnderin von Queer Code in Frankreich, Historikerin, Kulturmanagerin, und sie ist spezialisiert auf partizipative Ans\u00e4tze. Sie engagiert sich f\u00fcr Rechte von LGBTQI-Personen und erforscht die Schicksale von frauenliebenden* Frauen*.<\/p>\n<p>Die Ausstellung k\u00f6nnen Sie besuchen im Zeitraum: <strong>28. Januar bis 13. Februar 2025<\/strong> zu folgenden \u00d6ffnungszeiten:<\/p>\n<p>montags bis mittwochs 10\u201313 Uhr und 14\u201316 Uhr<br \/>\ndonnerstags von 10\u201313 Uhr und 14\u201318 Uhr<br \/>\nSonntag, 9. Februar, 10\u201316 Uhr<\/p>\n<p>Veranstaltende: Netzwerk katholischer Lesben e.V., QueerInChurch Bistum Mainz, Wirtschaftsweiber e.V. , Frauenzentrum Mainz e.V. und QueerCode, in Kooperation mit Lig LE FONDS DE FEMISTE ET LESBIEN,&nbsp; Hannchen-Mehrzweck-Stiftung, der Gleichstellungsstelle und dem Frauenb\u00fcro der Stadt Mainz, der Landeszentrale f\u00fcr politische Bildung RLP, Queernet-RLP, khg\/esg, Bar jeder Sicht, Frauen im Bistum Mainz, Katholisch Bistum Mainz, dgti, FC Ente Bagdad, der Akademie des Bistums Mainz, dem Landessportbund RLP und weiteren Unterst\u00fctzenden.<\/p>\n","protected":false},"excerpt":{"rendered":"<p>Diesen Sonntag, 9. Februar 2025, \u00f6ffnen wir von 10 bis 16 Uhr unser Haus, um die Sonderausstellung \u201eZerbrochene Verbindungen \u2013 Ravensbr\u00fcck. Die Wege von frauenliebenden* Frauen* in Widerstand und Deportation\u201c zu zeigen. Die Ausstellung zeigt die bewegenden Geschichten von sechs frauenliebenden* Frauen* aus Frankreich, Deutschland, Belgien und den USA, die&#8230;<\/p>\n<p> <a class=\"continue-reading-link\" href=\"https:\/\/www.haus-des-erinnerns-mainz.de\/index.php\/veranstaltung\/sonderoeffnungszeit\/\"><span>Weiterlesen<\/span><i class=\"crycon-right-dir\"><\/i><\/a> <\/p>\n","protected":false},"author":4,"featured_media":0,"template":"","meta":{"episode_type":"","audio_file":"","podmotor_file_id":"","podmotor_episode_id":"","cover_image":"","cover_image_id":"","duration":"","filesize":"","filesize_raw":"","date_recorded":"","explicit":"","block":"","ngg_post_thumbnail":0,"_price":"","_stock":"","_tribe_ticket_header":"","_tribe_default_ticket_provider":"","_tribe_ticket_capacity":"0","_ticket_start_date":"","_ticket_end_date":"","_tribe_ticket_show_description":"","_tribe_ticket_show_not_going":false,"_tribe_ticket_use_global_stock":"","_tribe_ticket_global_stock_level":"","_global_stock_mode":"","_global_stock_cap":"","_tribe_rsvp_for_event":"","_tribe_ticket_going_count":"","_tribe_ticket_not_going_count":"","_tribe_tickets_list":"[]","_tribe_ticket_has_attendee_info_fields":false,"_tribe_events_status":"","_tribe_events_status_reason":"","footnotes":"","_tec_slr_enabled":"","_tec_slr_layout":""},"tags":[],"tribe_events_cat":[],"class_list":["post-7733","tribe_events","type-tribe_events","status-publish","hentry"],"ticketed":false,"_links":{"self":[{"href":"https:\/\/www.haus-des-erinnerns-mainz.de\/index.php\/wp-json\/wp\/v2\/tribe_events\/7733","targetHints":{"allow":["GET"]}}],"collection":[{"href":"https:\/\/www.haus-des-erinnerns-mainz.de\/index.php\/wp-json\/wp\/v2\/tribe_events"}],"about":[{"href":"https:\/\/www.haus-des-erinnerns-mainz.de\/index.php\/wp-json\/wp\/v2\/types\/tribe_events"}],"author":[{"embeddable":true,"href":"https:\/\/www.haus-des-erinnerns-mainz.de\/index.php\/wp-json\/wp\/v2\/users\/4"}],"version-history":[{"count":2,"href":"https:\/\/www.haus-des-erinnerns-mainz.de\/index.php\/wp-json\/wp\/v2\/tribe_events\/7733\/revisions"}],"predecessor-version":[{"id":7742,"href":"https:\/\/www.haus-des-erinnerns-mainz.de\/index.php\/wp-json\/wp\/v2\/tribe_events\/7733\/revisions\/7742"}],"wp:attachment":[{"href":"https:\/\/www.haus-des-erinnerns-mainz.de\/index.php\/wp-json\/wp\/v2\/media?parent=7733"}],"wp:term":[{"taxonomy":"post_tag","embeddable":true,"href":"https:\/\/www.haus-des-erinnerns-mainz.de\/index.php\/wp-json\/wp\/v2\/tags?post=7733"},{"taxonomy":"tribe_events_cat","embeddable":true,"href":"https:\/\/www.haus-des-erinnerns-mainz.de\/index.php\/wp-json\/wp\/v2\/tribe_events_cat?post=7733"}],"curies":[{"name":"wp","href":"https:\/\/api.w.org\/{rel}","templated":true}]}}

Sonderöffnungszeit des HdE | 9. Februar | 10–16 Uhr

<p>Diesen Sonntag, 9. Februar 2025, öffnen wir von 10 bis 16 Uhr unser Haus, um die Sonderausstellung „Zerbrochene Verbindungen – Ravensbrück. Die Wege von frauenliebenden* Frauen* in Widerstand und Deportation“ zu zeigen.</p>
<p>Die Ausstellung zeigt die bewegenden Geschichten von sechs frauenliebenden* Frauen* aus Frankreich, Deutschland, Belgien und den USA, die während der Besatzung durch NS-Deutschland in Frankreich verhaftet und mehrheitlich in das Frauen-Konzentrationslager Ravensbrück deportiert wurden. Isabelle Sentis eröffnet als Kuratorin die Ausstellung und bietet im Anschluss eine Führung in französischer Sprache mit deutscher Übersetzung an. Isabelle Sentis ist Mitbegründerin von Queer Code in Frankreich, Historikerin, Kulturmanagerin, und sie ist spezialisiert auf partizipative Ansätze. Sie engagiert sich für Rechte von LGBTQI-Personen und erforscht die Schicksale von frauenliebenden* Frauen*.</p>
<p>Die Ausstellung können Sie besuchen im Zeitraum: <strong>28. Januar bis 13. Februar 2025</strong> zu folgenden Öffnungszeiten:</p>
<p>montags bis mittwochs 10–13 Uhr und 14–16 Uhr<br />
donnerstags von 10–13 Uhr und 14–18 Uhr<br />
Sonntag, 9. Februar, 10–16 Uhr</p>
<p>Veranstaltende: Netzwerk katholischer Lesben e.V., QueerInChurch Bistum Mainz, Wirtschaftsweiber e.V. , Frauenzentrum Mainz e.V. und QueerCode, in Kooperation mit Lig LE FONDS DE FEMISTE ET LESBIEN,&nbsp; Hannchen-Mehrzweck-Stiftung, der Gleichstellungsstelle und dem Frauenbüro der Stadt Mainz, der Landeszentrale für politische Bildung RLP, Queernet-RLP, khg/esg, Bar jeder Sicht, Frauen im Bistum Mainz, Katholisch Bistum Mainz, dgti, FC Ente Bagdad, der Akademie des Bistums Mainz, dem Landessportbund RLP und weiteren Unterstützenden.</p>

<p>Diesen Sonntag, 9. Februar 2025, öffnen wir von 10 bis 16 Uhr unser Haus, um die Sonderausstellung „Zerbrochene Verbindungen – Ravensbrück. Die Wege von frauenliebenden* Frauen* in Widerstand und Deportation“ zu zeigen. Die Ausstellung zeigt die bewegenden Geschichten von sechs frauenliebenden* Frauen* aus Frankreich, Deutschland, Belgien und den USA, die&#8230;</p>
<p> <a class="continue-reading-link" href="https://www.haus-des-erinnerns-mainz.de/index.php/veranstaltung/sonderoeffnungszeit/"><span>Weiterlesen</span><i class="crycon-right-dir"></i></a> </p>
