{"id":7698,"date":"2025-01-14T13:01:43","date_gmt":"2025-01-14T12:01:43","guid":{"rendered":"https:\/\/www.haus-des-erinnerns-mainz.de\/?post_type=tribe_events&#038;p=7698"},"modified":"2025-02-06T22:18:33","modified_gmt":"2025-02-06T21:18:33","slug":"lesbische-juedinnen-im-nationalsozialismus-entrechtet-vertrieben-ermordet-vortrag-und-gespraech-mit-dr-claudia-schoppmann","status":"publish","type":"tribe_events","link":"https:\/\/www.haus-des-erinnerns-mainz.de\/index.php\/veranstaltung\/lesbische-juedinnen-im-nationalsozialismus-entrechtet-vertrieben-ermordet-vortrag-und-gespraech-mit-dr-claudia-schoppmann\/","title":{"rendered":"Lesbische J\u00fcdinnen* im Nationalsozialismus: entrechtet, vertrieben, ermordet | Vortrag und Gespr\u00e4ch mit Dr. Claudia Schoppmann"},"content":{"rendered":"<p>Die Geschichte deutscher J\u00fcdinnen in der NS-Zeit, die jenseits heteronormativer Konventionen lebten, ist bisher kaum ins Blickfeld geraten. Wie waren etwa lesbische Gastwirtinnen von der Schlie\u00dfung und dem Verbot schwul-lesbischer Lokale und Vereinigungen nach der Macht\u00fcbernahme der Nationalsozialistinnen betroffen? Wie reagierten sie und andere auf die zunehmende Ausgrenzung aus der \u201eVolksgemeinschaft\u201c, auf die Entrechtung und Vertreibung aufgrund ihrer j\u00fcdischen Herkunft? Der Vortrag schildert anhand zahlreicher Beispiele, wie frauenliebende J\u00fcdinnen nach Kriegsbeginn immer radikaler werdenden Verfolgungsma\u00dfnahmen bis hin zur Deportation ausgesetzt waren, und wie sie sich dennoch zu wehren und zu \u00fcberleben versuchten.<\/p>\n<div id=\"attachment_7699\" style=\"width: 235px\" class=\"wp-caption alignleft\"><img loading=\"lazy\" decoding=\"async\" aria-describedby=\"caption-attachment-7699\" class=\"wp-image-7699 size-medium\" src=\"https:\/\/www.haus-des-erinnerns-mainz.de\/wp-content\/uploads\/2025\/01\/IMG_0598_Claudia-Schoppmann-225x300.jpg\" alt=\"\" width=\"225\" height=\"300\" srcset=\"https:\/\/www.haus-des-erinnerns-mainz.de\/wp-content\/uploads\/2025\/01\/IMG_0598_Claudia-Schoppmann-225x300.jpg 225w, https:\/\/www.haus-des-erinnerns-mainz.de\/wp-content\/uploads\/2025\/01\/IMG_0598_Claudia-Schoppmann-113x150.jpg 113w, https:\/\/www.haus-des-erinnerns-mainz.de\/wp-content\/uploads\/2025\/01\/IMG_0598_Claudia-Schoppmann.jpg 505w\" sizes=\"auto, (max-width: 225px) 100vw, 225px\" \/><p id=\"caption-attachment-7699\" class=\"wp-caption-text\">Dr. Claudia Schoppmann \u00a9privat<\/p><\/div>\n<p>Dr. Claudia Schoppmann ist Historikerin, Autorin und lebt in Berlin. 1990 promovierte sie \u00fcber die geschlechtsspezifische Bek\u00e4mpfung der Homosexualit\u00e4t im \u201aDritten Reich\u2018. Ver\u00f6ffentlichungen u.a.: <em>Nationalsozialistische Sexualpolitik und weibliche Homosexualit\u00e4t<\/em> (2. Auflage 1997) und <em>Zeit der Maskierung. Lebensgeschichten lesbischer Frauen im \u201eDritten Reich\u201c<\/em> (1993). Im Februar 2025 erscheint im Lukas Verlag Berlin das von ihr, Raimund Wolfert und Oranna Dimmig herausgegebene Buch <em>\u201eDamals wurde uns klar, dass Bleiben Lebensgefahr bedeutete.\u201c Eva Siewert und Alice Carl\u00e9, eine Liebe w\u00e4hrend der Shoah<\/em>.<\/p>\n<p>Von 2005 bis 2023 war Claudia Schoppmann Mitarbeiterin der Gedenkst\u00e4tte Stille Helden in der Stiftung Gedenkst\u00e4tte Deutscher Widerstand in Berlin; sie co-kuratierte Ausstellungen und ver\u00f6ffentlichte zur Hilfe f\u00fcr die als J\u00fcdinnen und Juden Verfolgten und zu deren Selbstbehauptung.<\/p>\n<p>Vortrag und Gespr\u00e4ch finden begleitend zur Ausstellung \u201eZerbrochene Verbindungen \u2013 Ravensbr\u00fcck. Die Wege von frauenliebenden* Frauen* in Widerstand und Deportation\u201c statt. Diese Ausstellung k\u00f6nnen Sie besuchen im Zeitraum: <strong>28. Januar bis 13. Februar 2025<\/strong> zu folgenden \u00d6ffnungszeiten:<\/p>\n<p>montags bis mittwochs 10\u201313 Uhr und 14\u201316 Uhr<br \/>\ndonnerstags von 10\u201313 Uhr und 14\u201318 Uhr<br \/>\nSonntag, 9. Februar 10\u201316 Uhr<\/p>\n<p>Der Eintritt ist frei. Um Anmeldung wird gebeten unter <a href=\"mailto:kontakt@hde-mainz.de\"><em>kontakt@hde-mainz.de<\/em><\/a>.<\/p>\n<p>Veranstaltende: Netzwerk katholischer Lesben e.V., QueerInChurch Bistum Mainz, Stiftung \u201eHaus des Erinnerns \u2013 f\u00fcr Demokratie und Akzeptanz Mainz\u201c, Wirtschaftsweiber e.V., Frauenzentrum Mainz e.V. in Kooperation mit Hannchen-Mehrzweck-Stiftung, der Gleichstellungsstelle und dem Frauenb\u00fcro der Stadt Mainz, der Landeszentrale f\u00fcr politische Bildung RLP, Queernet-RLP, khg\/esg, Bar jeder Sicht, Frauen im Bistum Mainz, Katholisch Bistum Mainz, dgti, FC Ente Bagdad, und weiteren Unterst\u00fctzenden.<\/p>\n","protected":false},"excerpt":{"rendered":"<p>Die Geschichte deutscher J\u00fcdinnen in der NS-Zeit, die jenseits heteronormativer Konventionen lebten, ist bisher kaum ins Blickfeld geraten. Wie waren etwa lesbische Gastwirtinnen von der Schlie\u00dfung und dem Verbot schwul-lesbischer Lokale und Vereinigungen nach der Macht\u00fcbernahme der Nationalsozialistinnen betroffen? Wie reagierten sie und andere auf die zunehmende Ausgrenzung aus der&#8230;<\/p>\n<p> <a class=\"continue-reading-link\" href=\"https:\/\/www.haus-des-erinnerns-mainz.de\/index.php\/veranstaltung\/lesbische-juedinnen-im-nationalsozialismus-entrechtet-vertrieben-ermordet-vortrag-und-gespraech-mit-dr-claudia-schoppmann\/\"><span>Weiterlesen<\/span><i class=\"crycon-right-dir\"><\/i><\/a> <\/p>\n","protected":false},"author":4,"featured_media":0,"template":"","meta":{"episode_type":"","audio_file":"","podmotor_file_id":"","podmotor_episode_id":"","cover_image":"","cover_image_id":"","duration":"","filesize":"","filesize_raw":"","date_recorded":"","explicit":"","block":"","ngg_post_thumbnail":0,"_price":"","_stock":"","_tribe_ticket_header":"","_tribe_default_ticket_provider":"","_tribe_ticket_capacity":"0","_ticket_start_date":"","_ticket_end_date":"","_tribe_ticket_show_description":"","_tribe_ticket_show_not_going":false,"_tribe_ticket_use_global_stock":"","_tribe_ticket_global_stock_level":"","_global_stock_mode":"","_global_stock_cap":"","_tribe_rsvp_for_event":"","_tribe_ticket_going_count":"","_tribe_ticket_not_going_count":"","_tribe_tickets_list":"[]","_tribe_ticket_has_attendee_info_fields":false,"_tribe_events_status":"","_tribe_events_status_reason":"","footnotes":"","_tec_slr_enabled":"","_tec_slr_layout":""},"tags":[],"tribe_events_cat":[],"class_list":["post-7698","tribe_events","type-tribe_events","status-publish","hentry"],"ticketed":false,"_links":{"self":[{"href":"https:\/\/www.haus-des-erinnerns-mainz.de\/index.php\/wp-json\/wp\/v2\/tribe_events\/7698","targetHints":{"allow":["GET"]}}],"collection":[{"href":"https:\/\/www.haus-des-erinnerns-mainz.de\/index.php\/wp-json\/wp\/v2\/tribe_events"}],"about":[{"href":"https:\/\/www.haus-des-erinnerns-mainz.de\/index.php\/wp-json\/wp\/v2\/types\/tribe_events"}],"author":[{"embeddable":true,"href":"https:\/\/www.haus-des-erinnerns-mainz.de\/index.php\/wp-json\/wp\/v2\/users\/4"}],"version-history":[{"count":4,"href":"https:\/\/www.haus-des-erinnerns-mainz.de\/index.php\/wp-json\/wp\/v2\/tribe_events\/7698\/revisions"}],"predecessor-version":[{"id":7738,"href":"https:\/\/www.haus-des-erinnerns-mainz.de\/index.php\/wp-json\/wp\/v2\/tribe_events\/7698\/revisions\/7738"}],"wp:attachment":[{"href":"https:\/\/www.haus-des-erinnerns-mainz.de\/index.php\/wp-json\/wp\/v2\/media?parent=7698"}],"wp:term":[{"taxonomy":"post_tag","embeddable":true,"href":"https:\/\/www.haus-des-erinnerns-mainz.de\/index.php\/wp-json\/wp\/v2\/tags?post=7698"},{"taxonomy":"tribe_events_cat","embeddable":true,"href":"https:\/\/www.haus-des-erinnerns-mainz.de\/index.php\/wp-json\/wp\/v2\/tribe_events_cat?post=7698"}],"curies":[{"name":"wp","href":"https:\/\/api.w.org\/{rel}","templated":true}]}}

Lesbische Jüdinnen* im Nationalsozialismus: entrechtet, vertrieben, ermordet | Vortrag und Gespräch mit Dr. Claudia Schoppmann

<p>Die Geschichte deutscher Jüdinnen in der NS-Zeit, die jenseits heteronormativer Konventionen lebten, ist bisher kaum ins Blickfeld geraten. Wie waren etwa lesbische Gastwirtinnen von der Schließung und dem Verbot schwul-lesbischer Lokale und Vereinigungen nach der Machtübernahme der Nationalsozialistinnen betroffen? Wie reagierten sie und andere auf die zunehmende Ausgrenzung aus der „Volksgemeinschaft“, auf die Entrechtung und Vertreibung aufgrund ihrer jüdischen Herkunft? Der Vortrag schildert anhand zahlreicher Beispiele, wie frauenliebende Jüdinnen nach Kriegsbeginn immer radikaler werdenden Verfolgungsmaßnahmen bis hin zur Deportation ausgesetzt waren, und wie sie sich dennoch zu wehren und zu überleben versuchten.</p>
<div id="attachment_7699" style="width: 235px" class="wp-caption alignleft"><img loading="lazy" decoding="async" aria-describedby="caption-attachment-7699" class="wp-image-7699 size-medium" src="https://www.haus-des-erinnerns-mainz.de/wp-content/uploads/2025/01/IMG_0598_Claudia-Schoppmann-225x300.jpg" alt="" width="225" height="300" srcset="https://www.haus-des-erinnerns-mainz.de/wp-content/uploads/2025/01/IMG_0598_Claudia-Schoppmann-225x300.jpg 225w, https://www.haus-des-erinnerns-mainz.de/wp-content/uploads/2025/01/IMG_0598_Claudia-Schoppmann-113x150.jpg 113w, https://www.haus-des-erinnerns-mainz.de/wp-content/uploads/2025/01/IMG_0598_Claudia-Schoppmann.jpg 505w" sizes="auto, (max-width: 225px) 100vw, 225px" /><p id="caption-attachment-7699" class="wp-caption-text">Dr. Claudia Schoppmann ©privat</p></div>
<p>Dr. Claudia Schoppmann ist Historikerin, Autorin und lebt in Berlin. 1990 promovierte sie über die geschlechtsspezifische Bekämpfung der Homosexualität im ‚Dritten Reich‘. Veröffentlichungen u.a.: <em>Nationalsozialistische Sexualpolitik und weibliche Homosexualität</em> (2. Auflage 1997) und <em>Zeit der Maskierung. Lebensgeschichten lesbischer Frauen im „Dritten Reich“</em> (1993). Im Februar 2025 erscheint im Lukas Verlag Berlin das von ihr, Raimund Wolfert und Oranna Dimmig herausgegebene Buch <em>„Damals wurde uns klar, dass Bleiben Lebensgefahr bedeutete.“ Eva Siewert und Alice Carlé, eine Liebe während der Shoah</em>.</p>
<p>Von 2005 bis 2023 war Claudia Schoppmann Mitarbeiterin der Gedenkstätte Stille Helden in der Stiftung Gedenkstätte Deutscher Widerstand in Berlin; sie co-kuratierte Ausstellungen und veröffentlichte zur Hilfe für die als Jüdinnen und Juden Verfolgten und zu deren Selbstbehauptung.</p>
<p>Vortrag und Gespräch finden begleitend zur Ausstellung „Zerbrochene Verbindungen – Ravensbrück. Die Wege von frauenliebenden* Frauen* in Widerstand und Deportation“ statt. Diese Ausstellung können Sie besuchen im Zeitraum: <strong>28. Januar bis 13. Februar 2025</strong> zu folgenden Öffnungszeiten:</p>
<p>montags bis mittwochs 10–13 Uhr und 14–16 Uhr<br />
donnerstags von 10–13 Uhr und 14–18 Uhr<br />
Sonntag, 9. Februar 10–16 Uhr</p>
<p>Der Eintritt ist frei. Um Anmeldung wird gebeten unter <a href="mailto:kontakt@hde-mainz.de"><em>kontakt@hde-mainz.de</em></a>.</p>
<p>Veranstaltende: Netzwerk katholischer Lesben e.V., QueerInChurch Bistum Mainz, Stiftung „Haus des Erinnerns – für Demokratie und Akzeptanz Mainz“, Wirtschaftsweiber e.V., Frauenzentrum Mainz e.V. in Kooperation mit Hannchen-Mehrzweck-Stiftung, der Gleichstellungsstelle und dem Frauenbüro der Stadt Mainz, der Landeszentrale für politische Bildung RLP, Queernet-RLP, khg/esg, Bar jeder Sicht, Frauen im Bistum Mainz, Katholisch Bistum Mainz, dgti, FC Ente Bagdad, und weiteren Unterstützenden.</p>

<p>Die Geschichte deutscher Jüdinnen in der NS-Zeit, die jenseits heteronormativer Konventionen lebten, ist bisher kaum ins Blickfeld geraten. Wie waren etwa lesbische Gastwirtinnen von der Schließung und dem Verbot schwul-lesbischer Lokale und Vereinigungen nach der Machtübernahme der Nationalsozialistinnen betroffen? Wie reagierten sie und andere auf die zunehmende Ausgrenzung aus der&#8230;</p>
<p> <a class="continue-reading-link" href="https://www.haus-des-erinnerns-mainz.de/index.php/veranstaltung/lesbische-juedinnen-im-nationalsozialismus-entrechtet-vertrieben-ermordet-vortrag-und-gespraech-mit-dr-claudia-schoppmann/"><span>Weiterlesen</span><i class="crycon-right-dir"></i></a> </p>
