{"id":7635,"date":"2024-11-27T16:28:33","date_gmt":"2024-11-27T15:28:33","guid":{"rendered":"https:\/\/www.haus-des-erinnerns-mainz.de\/?post_type=tribe_events&#038;p=7635"},"modified":"2024-11-27T16:29:46","modified_gmt":"2024-11-27T15:29:46","slug":"sternstunde-ihres-lebens-filmvorfuehrung-mit-anschliessendem-gespraech-anlaesslich-75-jahre-grundgesetz-und-30-jahre-ergaenzung-art-3-2","status":"publish","type":"tribe_events","link":"https:\/\/www.haus-des-erinnerns-mainz.de\/index.php\/veranstaltung\/sternstunde-ihres-lebens-filmvorfuehrung-mit-anschliessendem-gespraech-anlaesslich-75-jahre-grundgesetz-und-30-jahre-ergaenzung-art-3-2\/","title":{"rendered":"Sternstunde ihres Lebens | Filmvorf\u00fchrung mit anschlie\u00dfendem Gespr\u00e4ch anl\u00e4sslich 75 Jahre Grundgesetz und 30 Jahre Erg\u00e4nzung Art. 3 (2)"},"content":{"rendered":"<p>Bonn 1948. Die Abgeordnete und Juristin Elisabeth Selbert (Iris Berben) k\u00e4mpft unerm\u00fcdlich f\u00fcr die Aufnahme des Satzes \u201eM\u00e4nner und Frauen sind gleichberechtigt\u201c in das Grundgesetz der zuk\u00fcnftigen Bundesrepublik Deutschland. Selbst ihre Sekret\u00e4rin Irma (Anna M. M\u00fche) steht Selbert zun\u00e4chst skeptisch gegen\u00fcber: sie versteht nicht, wie wichtig die Ziele sind. Der biografische Film \u201eSternstunde ihres Lebens\u201c erz\u00e4hlt von dem Kampf Elisabeth Selberts um die volle Gleichberechtigung der Frau und von der Rolle ihrer Mitstreiterinnen und Weggef\u00e4hrtinnen. Ein Film \u00fcber politische und gesellschaftliche Auseinandersetzungen und den erbitterten Kampf um Gleichberechtigung.<\/p>\n<p>Reservierung notwendig unter: <a href=\"https:\/\/cinemayence.online\/reservierung-online\/\">https:\/\/cinemayence.online\/reservierung-online\/<\/a><\/p>\n<p><em>Eine Kooperationsveranstaltung mit Frauenzentrum Mainz e.V., Frauenb\u00fcro der Stadt Mainz und Frauenb\u00fcndnis Rheinland-Pfalz.<\/em><\/p>\n<p><!--StartFragment --><span class=\"cf0\">\u00a9 Thevissen Filmproduktion<\/span><!--EndFragment --><\/p>\n","protected":false},"excerpt":{"rendered":"<p>Bonn 1948. Die Abgeordnete und Juristin Elisabeth Selbert (Iris Berben) k\u00e4mpft unerm\u00fcdlich f\u00fcr die Aufnahme des Satzes \u201eM\u00e4nner und Frauen sind gleichberechtigt\u201c in das Grundgesetz der zuk\u00fcnftigen Bundesrepublik Deutschland. Selbst ihre Sekret\u00e4rin Irma (Anna M. M\u00fche) steht Selbert zun\u00e4chst skeptisch gegen\u00fcber: sie versteht nicht, wie wichtig die Ziele sind. Der&#8230;<\/p>\n<p> <a class=\"continue-reading-link\" href=\"https:\/\/www.haus-des-erinnerns-mainz.de\/index.php\/veranstaltung\/sternstunde-ihres-lebens-filmvorfuehrung-mit-anschliessendem-gespraech-anlaesslich-75-jahre-grundgesetz-und-30-jahre-ergaenzung-art-3-2\/\"><span>Weiterlesen<\/span><i class=\"crycon-right-dir\"><\/i><\/a> <\/p>\n","protected":false},"author":4,"featured_media":7636,"template":"","meta":{"episode_type":"","audio_file":"","podmotor_file_id":"","podmotor_episode_id":"","cover_image":"","cover_image_id":"","duration":"","filesize":"","filesize_raw":"","date_recorded":"","explicit":"","block":"","ngg_post_thumbnail":0,"_price":"","_stock":"","_tribe_ticket_header":"","_tribe_default_ticket_provider":"","_tribe_ticket_capacity":"0","_ticket_start_date":"","_ticket_end_date":"","_tribe_ticket_show_description":"","_tribe_ticket_show_not_going":false,"_tribe_ticket_use_global_stock":"","_tribe_ticket_global_stock_level":"","_global_stock_mode":"","_global_stock_cap":"","_tribe_rsvp_for_event":"","_tribe_ticket_going_count":"","_tribe_ticket_not_going_count":"","_tribe_tickets_list":"[]","_tribe_ticket_has_attendee_info_fields":false,"_tribe_events_status":"","_tribe_events_status_reason":"","footnotes":"","_tec_slr_enabled":"","_tec_slr_layout":""},"tags":[],"tribe_events_cat":[519],"class_list":["post-7635","tribe_events","type-tribe_events","status-publish","has-post-thumbnail","hentry","tribe_events_cat-termin-2024","cat_termin-2024"],"ticketed":false,"_links":{"self":[{"href":"https:\/\/www.haus-des-erinnerns-mainz.de\/index.php\/wp-json\/wp\/v2\/tribe_events\/7635","targetHints":{"allow":["GET"]}}],"collection":[{"href":"https:\/\/www.haus-des-erinnerns-mainz.de\/index.php\/wp-json\/wp\/v2\/tribe_events"}],"about":[{"href":"https:\/\/www.haus-des-erinnerns-mainz.de\/index.php\/wp-json\/wp\/v2\/types\/tribe_events"}],"author":[{"embeddable":true,"href":"https:\/\/www.haus-des-erinnerns-mainz.de\/index.php\/wp-json\/wp\/v2\/users\/4"}],"version-history":[{"count":1,"href":"https:\/\/www.haus-des-erinnerns-mainz.de\/index.php\/wp-json\/wp\/v2\/tribe_events\/7635\/revisions"}],"predecessor-version":[{"id":7638,"href":"https:\/\/www.haus-des-erinnerns-mainz.de\/index.php\/wp-json\/wp\/v2\/tribe_events\/7635\/revisions\/7638"}],"wp:featuredmedia":[{"embeddable":true,"href":"https:\/\/www.haus-des-erinnerns-mainz.de\/index.php\/wp-json\/wp\/v2\/media\/7636"}],"wp:attachment":[{"href":"https:\/\/www.haus-des-erinnerns-mainz.de\/index.php\/wp-json\/wp\/v2\/media?parent=7635"}],"wp:term":[{"taxonomy":"post_tag","embeddable":true,"href":"https:\/\/www.haus-des-erinnerns-mainz.de\/index.php\/wp-json\/wp\/v2\/tags?post=7635"},{"taxonomy":"tribe_events_cat","embeddable":true,"href":"https:\/\/www.haus-des-erinnerns-mainz.de\/index.php\/wp-json\/wp\/v2\/tribe_events_cat?post=7635"}],"curies":[{"name":"wp","href":"https:\/\/api.w.org\/{rel}","templated":true}]}}

Sternstunde ihres Lebens | Filmvorführung mit anschließendem Gespräch anlässlich 75 Jahre Grundgesetz und 30 Jahre Ergänzung Art. 3 (2)

<p>Bonn 1948. Die Abgeordnete und Juristin Elisabeth Selbert (Iris Berben) kämpft unermüdlich für die Aufnahme des Satzes „Männer und Frauen sind gleichberechtigt“ in das Grundgesetz der zukünftigen Bundesrepublik Deutschland. Selbst ihre Sekretärin Irma (Anna M. Mühe) steht Selbert zunächst skeptisch gegenüber: sie versteht nicht, wie wichtig die Ziele sind. Der biografische Film „Sternstunde ihres Lebens“ erzählt von dem Kampf Elisabeth Selberts um die volle Gleichberechtigung der Frau und von der Rolle ihrer Mitstreiterinnen und Weggefährtinnen. Ein Film über politische und gesellschaftliche Auseinandersetzungen und den erbitterten Kampf um Gleichberechtigung.</p>
<p>Reservierung notwendig unter: <a href="https://cinemayence.online/reservierung-online/">https://cinemayence.online/reservierung-online/</a></p>
<p><em>Eine Kooperationsveranstaltung mit Frauenzentrum Mainz e.V., Frauenbüro der Stadt Mainz und Frauenbündnis Rheinland-Pfalz.</em></p>
<p><!--StartFragment --><span class="cf0">© Thevissen Filmproduktion</span><!--EndFragment --></p>

<p>Bonn 1948. Die Abgeordnete und Juristin Elisabeth Selbert (Iris Berben) kämpft unermüdlich für die Aufnahme des Satzes „Männer und Frauen sind gleichberechtigt“ in das Grundgesetz der zukünftigen Bundesrepublik Deutschland. Selbst ihre Sekretärin Irma (Anna M. Mühe) steht Selbert zunächst skeptisch gegenüber: sie versteht nicht, wie wichtig die Ziele sind. Der&#8230;</p>
<p> <a class="continue-reading-link" href="https://www.haus-des-erinnerns-mainz.de/index.php/veranstaltung/sternstunde-ihres-lebens-filmvorfuehrung-mit-anschliessendem-gespraech-anlaesslich-75-jahre-grundgesetz-und-30-jahre-ergaenzung-art-3-2/"><span>Weiterlesen</span><i class="crycon-right-dir"></i></a> </p>
