{"id":6965,"date":"2024-04-17T10:24:07","date_gmt":"2024-04-17T08:24:07","guid":{"rendered":"https:\/\/www.haus-des-erinnerns-mainz.de\/?post_type=tribe_events&#038;p=6965"},"modified":"2024-04-25T14:34:22","modified_gmt":"2024-04-25T12:34:22","slug":"je-laenger-wir-schweigen-desto-mehr-mut-werden-wir-brauchen-wie-gefaehrlich-die-afd-wirklich-ist-buchvorstellung-mit-hendrik-cremer","status":"publish","type":"tribe_events","link":"https:\/\/www.haus-des-erinnerns-mainz.de\/index.php\/veranstaltung\/je-laenger-wir-schweigen-desto-mehr-mut-werden-wir-brauchen-wie-gefaehrlich-die-afd-wirklich-ist-buchvorstellung-mit-hendrik-cremer\/","title":{"rendered":"\u201eJe l\u00e4nger wir schweigen, desto mehr Mut werden wir brauchen. Wie gef\u00e4hrlich die AfD wirklich ist.\u201c | Buchvorstellung mit Hendrik Cremer"},"content":{"rendered":"<p>Die Gefahr, die von der AfD ausgeht, wird im \u00f6ffentlichen Diskurs nicht abgebildet. Die Partei wird verharmlost, indem sie etwa als \u201erechtspopulistisch\u201c bezeichnet wird. Dabei hat sie sich l\u00e4ngst zu einer rechtsextremen Partei entwickelt. Ihre Gewaltbereitschaft wird regelm\u00e4\u00dfig ausgespart. Zugleich erzielt sie hohe Zustimmungswerte, und Vertreter*innen demokratischer Parteien grenzen sich nicht gen\u00fcgend von ihr ab.<\/p>\n<p>Auf der Basis langj\u00e4hriger Recherchen am Deutschen Institut f\u00fcr Menschenrechte zeigt Hendrik Cremer eine Entwicklung, die angesichts der deutschen Geschichte lange nicht f\u00fcr m\u00f6glich gehalten wurde. Die Strategie der AfD droht aufzugehen, wenn sich der Umgang mit ihr nicht grundlegend wandelt. Ein fundierter Beitrag zur Aufkl\u00e4rung, um die Dimension des Angriffs auf die freiheitliche rechtsstaatliche Demokratie sichtbar und verst\u00e4ndlich zu machen.<\/p>\n<p>\u201eK\u00e4me die AfD an die Macht, w\u00fcrde sie die Prinzipien der Menschenrechte und Rechtsstaatlichkeit abschaffen, wonach jede(r) \u00fcber eigene Rechte verf\u00fcgt. Niemand in diesem Land w\u00fcrde mehr sicher sein.\u201c<\/p>\n<div id=\"attachment_6966\" style=\"width: 310px\" class=\"wp-caption alignleft\"><img loading=\"lazy\" decoding=\"async\" aria-describedby=\"caption-attachment-6966\" class=\"wp-image-6966 size-medium\" src=\"https:\/\/www.haus-des-erinnerns-mainz.de\/wp-content\/uploads\/2024\/04\/hendrik-cremer-original-300x225.jpg\" alt=\"\" width=\"300\" height=\"225\" srcset=\"https:\/\/www.haus-des-erinnerns-mainz.de\/wp-content\/uploads\/2024\/04\/hendrik-cremer-original-300x225.jpg 300w, https:\/\/www.haus-des-erinnerns-mainz.de\/wp-content\/uploads\/2024\/04\/hendrik-cremer-original-768x576.jpg 768w, https:\/\/www.haus-des-erinnerns-mainz.de\/wp-content\/uploads\/2024\/04\/hendrik-cremer-original-1536x1152.jpg 1536w, https:\/\/www.haus-des-erinnerns-mainz.de\/wp-content\/uploads\/2024\/04\/hendrik-cremer-original-2048x1536.jpg 2048w, https:\/\/www.haus-des-erinnerns-mainz.de\/wp-content\/uploads\/2024\/04\/hendrik-cremer-original-150x113.jpg 150w\" sizes=\"auto, (max-width: 300px) 100vw, 300px\" \/><p id=\"caption-attachment-6966\" class=\"wp-caption-text\">\u00a9 Anke Illing<\/p><\/div>\n<p><strong>Hendrik Cremer<\/strong>, Dr. jur., geboren 1971, studierte Jura und arbeitete anwaltlich in den Bereichen Aufenthalts- und Sozialrecht und promovierte \u00fcber die Rechtsstellung unbegleiteter gefl\u00fcchteter Minderj\u00e4hriger nach der UN-Kinderrechtskonvention. Cremer arbeitet beim Deutschen Institut f\u00fcr Menschenrechte. Zu seinen langj\u00e4hren Arbeitsschwerpunkten geh\u00f6ren Rassismus und Rechtsextremismus. Er ist Autor zahlreicher wissenschaftlicher Publikationen und war schon h\u00e4ufig im Bundestag und in Landtagen als Sachverst\u00e4ndiger geladen. Er war Mitglied der 2019 von der damaligen Bundesregierung einberufenen Unabh\u00e4ngigen Kommission Antiziganismus, die ihren Abschlussbericht 2021 ver\u00f6ffentlicht hat.<\/p>\n<p>&nbsp;<\/p>\n<p><em>Eine Kooperationsveranstaltung mit Volkshochschule Mainz, Landeszentrale f\u00fcr politische Bildung Rheinland-Pfalz, Gewerkschaft Erziehung und Wissenschaft Rheinland-Pfalz.<\/em><\/p>\n<p>Um Anmeldung \u00fcber die <a href=\"https:\/\/www.vhs-mainz.de\/programmbereiche\/mensch-gesellschaft-umwelt\/kw\/bereich\/kursdetails\/kurs\/XF91040\/kursname\/Je%20laenger%20wir%20schweigen%20desto%20mehr%20Mut%20werden%20wir%20brauchen%20Wie%20gefaehrlich%20die\/kategorie-id\/1\/\">Volkshochschule Mainz<\/a> oder per Mail an <a href=\"mailto:kontakt@hde-mainz.de\">kontakt@hde-mainz.de<\/a> wird gebeten.<\/p>\n<p>&nbsp;<\/p>\n","protected":false},"excerpt":{"rendered":"<p>Die Gefahr, die von der AfD ausgeht, wird im \u00f6ffentlichen Diskurs nicht abgebildet. Die Partei wird verharmlost, indem sie etwa als \u201erechtspopulistisch\u201c bezeichnet wird. Dabei hat sie sich l\u00e4ngst zu einer rechtsextremen Partei entwickelt. Ihre Gewaltbereitschaft wird regelm\u00e4\u00dfig ausgespart. Zugleich erzielt sie hohe Zustimmungswerte, und Vertreter*innen demokratischer Parteien grenzen sich&#8230;<\/p>\n<p> <a class=\"continue-reading-link\" href=\"https:\/\/www.haus-des-erinnerns-mainz.de\/index.php\/veranstaltung\/je-laenger-wir-schweigen-desto-mehr-mut-werden-wir-brauchen-wie-gefaehrlich-die-afd-wirklich-ist-buchvorstellung-mit-hendrik-cremer\/\"><span>Weiterlesen<\/span><i class=\"crycon-right-dir\"><\/i><\/a> <\/p>\n","protected":false},"author":4,"featured_media":6967,"template":"","meta":{"episode_type":"","audio_file":"","podmotor_file_id":"","podmotor_episode_id":"","cover_image":"","cover_image_id":"","duration":"","filesize":"","filesize_raw":"","date_recorded":"","explicit":"","block":"","ngg_post_thumbnail":0,"_price":"","_stock":"","_tribe_ticket_header":"","_tribe_default_ticket_provider":"","_tribe_ticket_capacity":"0","_ticket_start_date":"","_ticket_end_date":"","_tribe_ticket_show_description":"","_tribe_ticket_show_not_going":false,"_tribe_ticket_use_global_stock":"","_tribe_ticket_global_stock_level":"","_global_stock_mode":"","_global_stock_cap":"","_tribe_rsvp_for_event":"","_tribe_ticket_going_count":"","_tribe_ticket_not_going_count":"","_tribe_tickets_list":"[]","_tribe_ticket_has_attendee_info_fields":false,"_tribe_events_status":"","_tribe_events_status_reason":"","footnotes":"","_tec_slr_enabled":"","_tec_slr_layout":""},"tags":[576,109,106,10],"tribe_events_cat":[519],"class_list":["post-6965","tribe_events","type-tribe_events","status-publish","has-post-thumbnail","hentry","tag-afd","tag-demokratie","tag-menschenrechte","tag-rechtsextremismus","tribe_events_cat-termin-2024","cat_termin-2024"],"ticketed":false,"_links":{"self":[{"href":"https:\/\/www.haus-des-erinnerns-mainz.de\/index.php\/wp-json\/wp\/v2\/tribe_events\/6965","targetHints":{"allow":["GET"]}}],"collection":[{"href":"https:\/\/www.haus-des-erinnerns-mainz.de\/index.php\/wp-json\/wp\/v2\/tribe_events"}],"about":[{"href":"https:\/\/www.haus-des-erinnerns-mainz.de\/index.php\/wp-json\/wp\/v2\/types\/tribe_events"}],"author":[{"embeddable":true,"href":"https:\/\/www.haus-des-erinnerns-mainz.de\/index.php\/wp-json\/wp\/v2\/users\/4"}],"version-history":[{"count":6,"href":"https:\/\/www.haus-des-erinnerns-mainz.de\/index.php\/wp-json\/wp\/v2\/tribe_events\/6965\/revisions"}],"predecessor-version":[{"id":6998,"href":"https:\/\/www.haus-des-erinnerns-mainz.de\/index.php\/wp-json\/wp\/v2\/tribe_events\/6965\/revisions\/6998"}],"wp:featuredmedia":[{"embeddable":true,"href":"https:\/\/www.haus-des-erinnerns-mainz.de\/index.php\/wp-json\/wp\/v2\/media\/6967"}],"wp:attachment":[{"href":"https:\/\/www.haus-des-erinnerns-mainz.de\/index.php\/wp-json\/wp\/v2\/media?parent=6965"}],"wp:term":[{"taxonomy":"post_tag","embeddable":true,"href":"https:\/\/www.haus-des-erinnerns-mainz.de\/index.php\/wp-json\/wp\/v2\/tags?post=6965"},{"taxonomy":"tribe_events_cat","embeddable":true,"href":"https:\/\/www.haus-des-erinnerns-mainz.de\/index.php\/wp-json\/wp\/v2\/tribe_events_cat?post=6965"}],"curies":[{"name":"wp","href":"https:\/\/api.w.org\/{rel}","templated":true}]}}

„Je länger wir schweigen, desto mehr Mut werden wir brauchen. Wie gefährlich die AfD wirklich ist.“ | Buchvorstellung mit Hendrik Cremer

<p>Die Gefahr, die von der AfD ausgeht, wird im öffentlichen Diskurs nicht abgebildet. Die Partei wird verharmlost, indem sie etwa als „rechtspopulistisch“ bezeichnet wird. Dabei hat sie sich längst zu einer rechtsextremen Partei entwickelt. Ihre Gewaltbereitschaft wird regelmäßig ausgespart. Zugleich erzielt sie hohe Zustimmungswerte, und Vertreter*innen demokratischer Parteien grenzen sich nicht genügend von ihr ab.</p>
<p>Auf der Basis langjähriger Recherchen am Deutschen Institut für Menschenrechte zeigt Hendrik Cremer eine Entwicklung, die angesichts der deutschen Geschichte lange nicht für möglich gehalten wurde. Die Strategie der AfD droht aufzugehen, wenn sich der Umgang mit ihr nicht grundlegend wandelt. Ein fundierter Beitrag zur Aufklärung, um die Dimension des Angriffs auf die freiheitliche rechtsstaatliche Demokratie sichtbar und verständlich zu machen.</p>
<p>„Käme die AfD an die Macht, würde sie die Prinzipien der Menschenrechte und Rechtsstaatlichkeit abschaffen, wonach jede(r) über eigene Rechte verfügt. Niemand in diesem Land würde mehr sicher sein.“</p>
<div id="attachment_6966" style="width: 310px" class="wp-caption alignleft"><img loading="lazy" decoding="async" aria-describedby="caption-attachment-6966" class="wp-image-6966 size-medium" src="https://www.haus-des-erinnerns-mainz.de/wp-content/uploads/2024/04/hendrik-cremer-original-300x225.jpg" alt="" width="300" height="225" srcset="https://www.haus-des-erinnerns-mainz.de/wp-content/uploads/2024/04/hendrik-cremer-original-300x225.jpg 300w, https://www.haus-des-erinnerns-mainz.de/wp-content/uploads/2024/04/hendrik-cremer-original-768x576.jpg 768w, https://www.haus-des-erinnerns-mainz.de/wp-content/uploads/2024/04/hendrik-cremer-original-1536x1152.jpg 1536w, https://www.haus-des-erinnerns-mainz.de/wp-content/uploads/2024/04/hendrik-cremer-original-2048x1536.jpg 2048w, https://www.haus-des-erinnerns-mainz.de/wp-content/uploads/2024/04/hendrik-cremer-original-150x113.jpg 150w" sizes="auto, (max-width: 300px) 100vw, 300px" /><p id="caption-attachment-6966" class="wp-caption-text">© Anke Illing</p></div>
<p><strong>Hendrik Cremer</strong>, Dr. jur., geboren 1971, studierte Jura und arbeitete anwaltlich in den Bereichen Aufenthalts- und Sozialrecht und promovierte über die Rechtsstellung unbegleiteter geflüchteter Minderjähriger nach der UN-Kinderrechtskonvention. Cremer arbeitet beim Deutschen Institut für Menschenrechte. Zu seinen langjähren Arbeitsschwerpunkten gehören Rassismus und Rechtsextremismus. Er ist Autor zahlreicher wissenschaftlicher Publikationen und war schon häufig im Bundestag und in Landtagen als Sachverständiger geladen. Er war Mitglied der 2019 von der damaligen Bundesregierung einberufenen Unabhängigen Kommission Antiziganismus, die ihren Abschlussbericht 2021 veröffentlicht hat.</p>
<p>&nbsp;</p>
<p><em>Eine Kooperationsveranstaltung mit Volkshochschule Mainz, Landeszentrale für politische Bildung Rheinland-Pfalz, Gewerkschaft Erziehung und Wissenschaft Rheinland-Pfalz.</em></p>
<p>Um Anmeldung über die <a href="https://www.vhs-mainz.de/programmbereiche/mensch-gesellschaft-umwelt/kw/bereich/kursdetails/kurs/XF91040/kursname/Je%20laenger%20wir%20schweigen%20desto%20mehr%20Mut%20werden%20wir%20brauchen%20Wie%20gefaehrlich%20die/kategorie-id/1/">Volkshochschule Mainz</a> oder per Mail an <a href="mailto:kontakt@hde-mainz.de">kontakt@hde-mainz.de</a> wird gebeten.</p>
<p>&nbsp;</p>

<p>Die Gefahr, die von der AfD ausgeht, wird im öffentlichen Diskurs nicht abgebildet. Die Partei wird verharmlost, indem sie etwa als „rechtspopulistisch“ bezeichnet wird. Dabei hat sie sich längst zu einer rechtsextremen Partei entwickelt. Ihre Gewaltbereitschaft wird regelmäßig ausgespart. Zugleich erzielt sie hohe Zustimmungswerte, und Vertreter*innen demokratischer Parteien grenzen sich&#8230;</p>
<p> <a class="continue-reading-link" href="https://www.haus-des-erinnerns-mainz.de/index.php/veranstaltung/je-laenger-wir-schweigen-desto-mehr-mut-werden-wir-brauchen-wie-gefaehrlich-die-afd-wirklich-ist-buchvorstellung-mit-hendrik-cremer/"><span>Weiterlesen</span><i class="crycon-right-dir"></i></a> </p>
