{"id":657,"date":"2019-09-12T21:18:59","date_gmt":"2019-09-12T19:18:59","guid":{"rendered":"http:\/\/v2.haus-des-erinnerns-mainz.de\/?post_type=tribe_events&#038;p=657"},"modified":"2019-11-12T11:27:45","modified_gmt":"2019-11-12T10:27:45","slug":"veranstaltungsreihe-fluchtursachen-kompakt-2","status":"publish","type":"tribe_events","link":"https:\/\/www.haus-des-erinnerns-mainz.de\/index.php\/veranstaltung\/veranstaltungsreihe-fluchtursachen-kompakt-2\/","title":{"rendered":"Veranstaltungsreihe &#8222;Fluchtursachen kompakt&#8220; &#8211; das Beispiel Eritrea"},"content":{"rendered":"<p><strong>Vortrag von Dr. Florian Pfeil (Leiter der Fridtjof-Nansen-Akademie) mit anschlie\u00dfender Diskussion<\/strong><\/p>\n<p>Menschen aus Eritrea fliehen aus anderen Gr\u00fcnden als Menschen aus Syrien. Die Debatte \u00fcber gefl\u00fcchtete Menschen kann nur verstehen und beurteilen, wer versteht, warum diese Menschen ihr Gl\u00fcck in Europa und Deutschland suchen \u2013 dabei soll die Reihe \u201eFluchtursachen kompakt\u201c unterst\u00fctzen. Im Rahmen des Regionalen Kompetenzzentrums \u201eFlucht, Migration, Integration und gesellschaftlicher Zusammenhalt\u201c der Fridtjof-Nansen-Akademie f\u00fcr politische Bildung (FNA) in Ingelheim am Rhein nimmt das Haus des Erinnerns \u2013 f\u00fcr Demokratie und Akzeptanz Mainz die M\u00f6glichkeit der Durchf\u00fchrung der Veranstaltungsreihe in seinen R\u00e4umen in Anspruch.<br \/>\nAn diesem Abend erl\u00e4utert zun\u00e4chst Dr. Florian Pfeil in einem Vortrag, warum Menschen aus Eritrea auf der Flucht sind. Im Anschlu\u00df an den Vortrag bleibt dabei gen\u00fcgend Zeit f\u00fcr das Publikum, Fragen an den Experten zu stellen.<\/p>\n<p>&nbsp;<\/p>\n<p><strong>Dr. Florian Pfeil<\/strong> ist Gesch\u00e4ftsf\u00fchrer des Weiterbildungszentrums Ingelheim und Direktor der Fridtjof-Nansen-Akademie f\u00fcr politische Bildung (FNA). Der Politikwissenschaftler und V\u00f6lkerrechtler beobachtet seit vielen Jahren die Situation am Horn von Afrika und leitet das Projekt \u201eFluchtursachen kompakt\u201c der FNA, das 2018 mit dem Weiterbildungspreis des Landes Rheinland-Pfalz ausgezeichnet wurde.<\/p>\n<p><em>Eine Kooperationsveranstaltung mit der Fridtjof-Nansen-Akademie <\/em><em>f\u00fcr politische Bildung (FNA) im Weiterbildungszentrum Ingelheim <\/em><em>sowie mit der Volkshochschule Mainz und der evangelischen <\/em><em>Erwachsenenbildung Mainz im Begleitprogramm der Ausstellung <\/em><em>MENSCHEN. RECHTE. LEBEN.<\/em><\/p>\n<p><em>Der Eintritt ist frei.<\/em><br \/>\n<em>Den Veranstaltungsflyer erhalten Sie <\/em><a href=\"https:\/\/www.haus-des-erinnerns-mainz.de\/wp-content\/uploads\/2019\/11\/Einladung_Fluchtursachen-kompakt_Eritrea_LAY02_2019.pdf\"><em>hier.<\/em><\/a><\/p>\n","protected":false},"excerpt":{"rendered":"<p>Vortrag von Dr. Florian Pfeil (Leiter der Fridtjof-Nansen-Akademie) mit anschlie\u00dfender Diskussion Menschen aus Eritrea fliehen aus anderen Gr\u00fcnden als Menschen aus Syrien. Die Debatte \u00fcber gefl\u00fcchtete Menschen kann nur verstehen und beurteilen, wer versteht, warum diese Menschen ihr Gl\u00fcck in Europa und Deutschland suchen \u2013 dabei soll die Reihe \u201eFluchtursachen&#8230;<\/p>\n<p> <a class=\"continue-reading-link\" href=\"https:\/\/www.haus-des-erinnerns-mainz.de\/index.php\/veranstaltung\/veranstaltungsreihe-fluchtursachen-kompakt-2\/\"><span>Weiterlesen<\/span><i class=\"crycon-right-dir\"><\/i><\/a> <\/p>\n","protected":false},"author":1,"featured_media":0,"template":"","meta":{"episode_type":"","audio_file":"","podmotor_file_id":"","podmotor_episode_id":"","cover_image":"","cover_image_id":"","duration":"","filesize":"","filesize_raw":"","date_recorded":"","explicit":"","block":"","ngg_post_thumbnail":0,"_price":"","_stock":"","_tribe_ticket_header":"","_tribe_default_ticket_provider":"","_tribe_ticket_capacity":"0","_ticket_start_date":"","_ticket_end_date":"","_tribe_ticket_show_description":"","_tribe_ticket_show_not_going":false,"_tribe_ticket_use_global_stock":"","_tribe_ticket_global_stock_level":"","_global_stock_mode":"","_global_stock_cap":"","_tribe_rsvp_for_event":"","_tribe_ticket_going_count":"","_tribe_ticket_not_going_count":"","_tribe_tickets_list":"[]","_tribe_ticket_has_attendee_info_fields":false,"_tribe_events_status":"","_tribe_events_status_reason":"","footnotes":"","_tec_slr_enabled":"","_tec_slr_layout":""},"tags":[49,108,104,12],"tribe_events_cat":[73,70],"class_list":["post-657","tribe_events","type-tribe_events","status-publish","hentry","tag-diskussion","tag-flucht","tag-fluchtursachen","tag-vortrag","tribe_events_cat-november","tribe_events_cat-termin-2019","cat_november","cat_termin-2019"],"ticketed":false,"_links":{"self":[{"href":"https:\/\/www.haus-des-erinnerns-mainz.de\/index.php\/wp-json\/wp\/v2\/tribe_events\/657","targetHints":{"allow":["GET"]}}],"collection":[{"href":"https:\/\/www.haus-des-erinnerns-mainz.de\/index.php\/wp-json\/wp\/v2\/tribe_events"}],"about":[{"href":"https:\/\/www.haus-des-erinnerns-mainz.de\/index.php\/wp-json\/wp\/v2\/types\/tribe_events"}],"author":[{"embeddable":true,"href":"https:\/\/www.haus-des-erinnerns-mainz.de\/index.php\/wp-json\/wp\/v2\/users\/1"}],"version-history":[{"count":9,"href":"https:\/\/www.haus-des-erinnerns-mainz.de\/index.php\/wp-json\/wp\/v2\/tribe_events\/657\/revisions"}],"predecessor-version":[{"id":1208,"href":"https:\/\/www.haus-des-erinnerns-mainz.de\/index.php\/wp-json\/wp\/v2\/tribe_events\/657\/revisions\/1208"}],"wp:attachment":[{"href":"https:\/\/www.haus-des-erinnerns-mainz.de\/index.php\/wp-json\/wp\/v2\/media?parent=657"}],"wp:term":[{"taxonomy":"post_tag","embeddable":true,"href":"https:\/\/www.haus-des-erinnerns-mainz.de\/index.php\/wp-json\/wp\/v2\/tags?post=657"},{"taxonomy":"tribe_events_cat","embeddable":true,"href":"https:\/\/www.haus-des-erinnerns-mainz.de\/index.php\/wp-json\/wp\/v2\/tribe_events_cat?post=657"}],"curies":[{"name":"wp","href":"https:\/\/api.w.org\/{rel}","templated":true}]}}

<p><strong>Vortrag von Dr. Florian Pfeil (Leiter der Fridtjof-Nansen-Akademie) mit anschließender Diskussion</strong></p>
<p>Menschen aus Eritrea fliehen aus anderen Gründen als Menschen aus Syrien. Die Debatte über geflüchtete Menschen kann nur verstehen und beurteilen, wer versteht, warum diese Menschen ihr Glück in Europa und Deutschland suchen – dabei soll die Reihe „Fluchtursachen kompakt“ unterstützen. Im Rahmen des Regionalen Kompetenzzentrums „Flucht, Migration, Integration und gesellschaftlicher Zusammenhalt“ der Fridtjof-Nansen-Akademie für politische Bildung (FNA) in Ingelheim am Rhein nimmt das Haus des Erinnerns – für Demokratie und Akzeptanz Mainz die Möglichkeit der Durchführung der Veranstaltungsreihe in seinen Räumen in Anspruch.<br />
An diesem Abend erläutert zunächst Dr. Florian Pfeil in einem Vortrag, warum Menschen aus Eritrea auf der Flucht sind. Im Anschluß an den Vortrag bleibt dabei genügend Zeit für das Publikum, Fragen an den Experten zu stellen.</p>
<p>&nbsp;</p>
<p><strong>Dr. Florian Pfeil</strong> ist Geschäftsführer des Weiterbildungszentrums Ingelheim und Direktor der Fridtjof-Nansen-Akademie für politische Bildung (FNA). Der Politikwissenschaftler und Völkerrechtler beobachtet seit vielen Jahren die Situation am Horn von Afrika und leitet das Projekt „Fluchtursachen kompakt“ der FNA, das 2018 mit dem Weiterbildungspreis des Landes Rheinland-Pfalz ausgezeichnet wurde.</p>
<p><em>Eine Kooperationsveranstaltung mit der Fridtjof-Nansen-Akademie </em><em>für politische Bildung (FNA) im Weiterbildungszentrum Ingelheim </em><em>sowie mit der Volkshochschule Mainz und der evangelischen </em><em>Erwachsenenbildung Mainz im Begleitprogramm der Ausstellung </em><em>MENSCHEN. RECHTE. LEBEN.</em></p>
<p><em>Der Eintritt ist frei.</em><br />
<em>Den Veranstaltungsflyer erhalten Sie </em><a href="https://www.haus-des-erinnerns-mainz.de/wp-content/uploads/2019/11/Einladung_Fluchtursachen-kompakt_Eritrea_LAY02_2019.pdf"><em>hier.</em></a></p>

<p>Vortrag von Dr. Florian Pfeil (Leiter der Fridtjof-Nansen-Akademie) mit anschließender Diskussion Menschen aus Eritrea fliehen aus anderen Gründen als Menschen aus Syrien. Die Debatte über geflüchtete Menschen kann nur verstehen und beurteilen, wer versteht, warum diese Menschen ihr Glück in Europa und Deutschland suchen – dabei soll die Reihe „Fluchtursachen&#8230;</p>
<p> <a class="continue-reading-link" href="https://www.haus-des-erinnerns-mainz.de/index.php/veranstaltung/veranstaltungsreihe-fluchtursachen-kompakt-2/"><span>Weiterlesen</span><i class="crycon-right-dir"></i></a> </p>
