{"id":6565,"date":"2023-12-21T14:00:30","date_gmt":"2023-12-21T13:00:30","guid":{"rendered":"https:\/\/www.haus-des-erinnerns-mainz.de\/?post_type=tribe_events&#038;p=6565"},"modified":"2023-12-21T14:00:30","modified_gmt":"2023-12-21T13:00:30","slug":"von-einem-ort-des-jubels-zu-einem-ort-des-unrechts-zwangsarbeitslager-auf-fussball-und-sportplaetzen-projektvorstellung-mit-diskussion","status":"publish","type":"tribe_events","link":"https:\/\/www.haus-des-erinnerns-mainz.de\/index.php\/veranstaltung\/von-einem-ort-des-jubels-zu-einem-ort-des-unrechts-zwangsarbeitslager-auf-fussball-und-sportplaetzen-projektvorstellung-mit-diskussion\/","title":{"rendered":"Von einem Ort des Jubels zu einem Ort des Unrechts. Zwangsarbeitslager auf Fu\u00dfball- und Sportpl\u00e4tzen | Projektvorstellung mit Diskussion"},"content":{"rendered":"<p><img loading=\"lazy\" decoding=\"async\" class=\"alignnone  wp-image-6524\" src=\"https:\/\/www.haus-des-erinnerns-mainz.de\/wp-content\/uploads\/2023\/12\/Gestapokeller_Augustaschacht-1-300x169.jpeg\" alt=\"\" width=\"524\" height=\"295\" srcset=\"https:\/\/www.haus-des-erinnerns-mainz.de\/wp-content\/uploads\/2023\/12\/Gestapokeller_Augustaschacht-1-300x169.jpeg 300w, https:\/\/www.haus-des-erinnerns-mainz.de\/wp-content\/uploads\/2023\/12\/Gestapokeller_Augustaschacht-1-768x432.jpeg 768w, https:\/\/www.haus-des-erinnerns-mainz.de\/wp-content\/uploads\/2023\/12\/Gestapokeller_Augustaschacht-1-1536x864.jpeg 1536w, https:\/\/www.haus-des-erinnerns-mainz.de\/wp-content\/uploads\/2023\/12\/Gestapokeller_Augustaschacht-1-150x84.jpeg 150w, https:\/\/www.haus-des-erinnerns-mainz.de\/wp-content\/uploads\/2023\/12\/Gestapokeller_Augustaschacht-1.jpeg 1707w\" sizes=\"auto, (max-width: 524px) 100vw, 524px\" \/><\/p>\n<p>\u201eNS-Zwangsarbeit auf Sportpl\u00e4tzen. Auch dort, wo du jubelst?\u201c \u2013Unter diesem Motto befasst sich seit Anfang 2023 eine Arbeitsgruppe der Gedenkst\u00e4tten Gestapokeller und Augustaschacht mit ehemaligen NS-Zwangsarbeitslagern auf Fu\u00dfball- und Sportpl\u00e4tzen in Deutschland und \u00d6sterreich. Dass diese h\u00e4ufig auf zuvor hoch fre-quentierten Fu\u00dfball- und Sportpl\u00e4tzen errichtet wurden, ist vielfach noch kaum aufgearbeitet. Durch die partizipative Arbeit von Menschen aus Vereinen, Fanszenen und B\u00fcrgervereinen sowie interessierten Einzelpersonen soll die Geschichte dieser Orte erforscht werden und diese mittels einer interaktiven, digitalen Karte auf einer eigenen Homepage sichtbar gemacht werden.<\/p>\n<p>In einer Projektvorstellung mit anschlie\u00dfender Diskussion stellen Mitarbeitende des Projekts ihre bisherigen Forschungsergebnisse vor und bieten im Anschluss die M\u00f6glichkeit, \u00fcber die Bedeutung der Erforschung von NS-Verbrechen im Kontext Sport f\u00fcr die Erinnerungskultur zu diskutieren.<\/p>\n<p>&nbsp;<\/p>\n<p><strong>Anmeldung per Mail an <\/strong><a href=\"mailto:erinnerung@ente-bagdad.de\"><strong>erinnerung@ente-bagdad.de<\/strong><\/a><\/p>\n<p>\u25ba Die Veranstaltung ist Teil der Mainzer Erinnerungswochen<\/p>\n<p><em>Eine Kooperationsveranstaltung mit FC Ente Bagdad, VVN-BdA, KV Mainz-Bingen, Frauenb\u00fcro<\/em><br \/>\n<em>der Stadt Mainz, dem 1. FSV Mainz 05, dem Landessportbund RLP und der Akademie des Bistums<\/em><br \/>\n<em>Mainz Erbacher Hof.<\/em><\/p>\n<p><em>\u00a9 Gedenkst\u00e4tten Gestapokeller und Augustaschacht<\/em><\/p>\n","protected":false},"excerpt":{"rendered":"<p>\u201eNS-Zwangsarbeit auf Sportpl\u00e4tzen. Auch dort, wo du jubelst?\u201c \u2013Unter diesem Motto befasst sich seit Anfang 2023 eine Arbeitsgruppe der Gedenkst\u00e4tten Gestapokeller und Augustaschacht mit ehemaligen NS-Zwangsarbeitslagern auf Fu\u00dfball- und Sportpl\u00e4tzen in Deutschland und \u00d6sterreich. Dass diese h\u00e4ufig auf zuvor hoch fre-quentierten Fu\u00dfball- und Sportpl\u00e4tzen errichtet wurden, ist vielfach noch kaum&#8230;<\/p>\n<p> <a class=\"continue-reading-link\" href=\"https:\/\/www.haus-des-erinnerns-mainz.de\/index.php\/veranstaltung\/von-einem-ort-des-jubels-zu-einem-ort-des-unrechts-zwangsarbeitslager-auf-fussball-und-sportplaetzen-projektvorstellung-mit-diskussion\/\"><span>Weiterlesen<\/span><i class=\"crycon-right-dir\"><\/i><\/a> <\/p>\n","protected":false},"author":4,"featured_media":0,"template":"","meta":{"episode_type":"","audio_file":"","podmotor_file_id":"","podmotor_episode_id":"","cover_image":"","cover_image_id":"","duration":"","filesize":"","filesize_raw":"","date_recorded":"","explicit":"","block":"","ngg_post_thumbnail":0,"_price":"","_stock":"","_tribe_ticket_header":"","_tribe_default_ticket_provider":"","_tribe_ticket_capacity":"0","_ticket_start_date":"","_ticket_end_date":"","_tribe_ticket_show_description":"","_tribe_ticket_show_not_going":false,"_tribe_ticket_use_global_stock":"","_tribe_ticket_global_stock_level":"","_global_stock_mode":"","_global_stock_cap":"","_tribe_rsvp_for_event":"","_tribe_ticket_going_count":"","_tribe_ticket_not_going_count":"","_tribe_tickets_list":"[]","_tribe_ticket_has_attendee_info_fields":false,"_tribe_events_status":"","_tribe_events_status_reason":"","footnotes":"","_tec_slr_enabled":"","_tec_slr_layout":""},"tags":[529,330,540,539],"tribe_events_cat":[124,519],"class_list":["post-6565","tribe_events","type-tribe_events","status-publish","hentry","tag-fussball","tag-projekt","tag-sportplatz","tag-zwangsarbeitslager","tribe_events_cat-januar","tribe_events_cat-termin-2024","cat_januar","cat_termin-2024"],"ticketed":false,"_links":{"self":[{"href":"https:\/\/www.haus-des-erinnerns-mainz.de\/index.php\/wp-json\/wp\/v2\/tribe_events\/6565","targetHints":{"allow":["GET"]}}],"collection":[{"href":"https:\/\/www.haus-des-erinnerns-mainz.de\/index.php\/wp-json\/wp\/v2\/tribe_events"}],"about":[{"href":"https:\/\/www.haus-des-erinnerns-mainz.de\/index.php\/wp-json\/wp\/v2\/types\/tribe_events"}],"author":[{"embeddable":true,"href":"https:\/\/www.haus-des-erinnerns-mainz.de\/index.php\/wp-json\/wp\/v2\/users\/4"}],"version-history":[{"count":1,"href":"https:\/\/www.haus-des-erinnerns-mainz.de\/index.php\/wp-json\/wp\/v2\/tribe_events\/6565\/revisions"}],"predecessor-version":[{"id":6567,"href":"https:\/\/www.haus-des-erinnerns-mainz.de\/index.php\/wp-json\/wp\/v2\/tribe_events\/6565\/revisions\/6567"}],"wp:attachment":[{"href":"https:\/\/www.haus-des-erinnerns-mainz.de\/index.php\/wp-json\/wp\/v2\/media?parent=6565"}],"wp:term":[{"taxonomy":"post_tag","embeddable":true,"href":"https:\/\/www.haus-des-erinnerns-mainz.de\/index.php\/wp-json\/wp\/v2\/tags?post=6565"},{"taxonomy":"tribe_events_cat","embeddable":true,"href":"https:\/\/www.haus-des-erinnerns-mainz.de\/index.php\/wp-json\/wp\/v2\/tribe_events_cat?post=6565"}],"curies":[{"name":"wp","href":"https:\/\/api.w.org\/{rel}","templated":true}]}}

Von einem Ort des Jubels zu einem Ort des Unrechts. Zwangsarbeitslager auf Fußball- und Sportplätzen | Projektvorstellung mit Diskussion

<p><img loading="lazy" decoding="async" class="alignnone  wp-image-6524" src="https://www.haus-des-erinnerns-mainz.de/wp-content/uploads/2023/12/Gestapokeller_Augustaschacht-1-300x169.jpeg" alt="" width="524" height="295" srcset="https://www.haus-des-erinnerns-mainz.de/wp-content/uploads/2023/12/Gestapokeller_Augustaschacht-1-300x169.jpeg 300w, https://www.haus-des-erinnerns-mainz.de/wp-content/uploads/2023/12/Gestapokeller_Augustaschacht-1-768x432.jpeg 768w, https://www.haus-des-erinnerns-mainz.de/wp-content/uploads/2023/12/Gestapokeller_Augustaschacht-1-1536x864.jpeg 1536w, https://www.haus-des-erinnerns-mainz.de/wp-content/uploads/2023/12/Gestapokeller_Augustaschacht-1-150x84.jpeg 150w, https://www.haus-des-erinnerns-mainz.de/wp-content/uploads/2023/12/Gestapokeller_Augustaschacht-1.jpeg 1707w" sizes="auto, (max-width: 524px) 100vw, 524px" /></p>
<p>„NS-Zwangsarbeit auf Sportplätzen. Auch dort, wo du jubelst?“ –Unter diesem Motto befasst sich seit Anfang 2023 eine Arbeitsgruppe der Gedenkstätten Gestapokeller und Augustaschacht mit ehemaligen NS-Zwangsarbeitslagern auf Fußball- und Sportplätzen in Deutschland und Österreich. Dass diese häufig auf zuvor hoch fre-quentierten Fußball- und Sportplätzen errichtet wurden, ist vielfach noch kaum aufgearbeitet. Durch die partizipative Arbeit von Menschen aus Vereinen, Fanszenen und Bürgervereinen sowie interessierten Einzelpersonen soll die Geschichte dieser Orte erforscht werden und diese mittels einer interaktiven, digitalen Karte auf einer eigenen Homepage sichtbar gemacht werden.</p>
<p>In einer Projektvorstellung mit anschließender Diskussion stellen Mitarbeitende des Projekts ihre bisherigen Forschungsergebnisse vor und bieten im Anschluss die Möglichkeit, über die Bedeutung der Erforschung von NS-Verbrechen im Kontext Sport für die Erinnerungskultur zu diskutieren.</p>
<p>&nbsp;</p>
<p><strong>Anmeldung per Mail an </strong><a href="mailto:erinnerung@ente-bagdad.de"><strong>erinnerung@ente-bagdad.de</strong></a></p>
<p>► Die Veranstaltung ist Teil der Mainzer Erinnerungswochen</p>
<p><em>Eine Kooperationsveranstaltung mit FC Ente Bagdad, VVN-BdA, KV Mainz-Bingen, Frauenbüro</em><br />
<em>der Stadt Mainz, dem 1. FSV Mainz 05, dem Landessportbund RLP und der Akademie des Bistums</em><br />
<em>Mainz Erbacher Hof.</em></p>
<p><em>© Gedenkstätten Gestapokeller und Augustaschacht</em></p>

<p>„NS-Zwangsarbeit auf Sportplätzen. Auch dort, wo du jubelst?“ –Unter diesem Motto befasst sich seit Anfang 2023 eine Arbeitsgruppe der Gedenkstätten Gestapokeller und Augustaschacht mit ehemaligen NS-Zwangsarbeitslagern auf Fußball- und Sportplätzen in Deutschland und Österreich. Dass diese häufig auf zuvor hoch fre-quentierten Fußball- und Sportplätzen errichtet wurden, ist vielfach noch kaum&#8230;</p>
<p> <a class="continue-reading-link" href="https://www.haus-des-erinnerns-mainz.de/index.php/veranstaltung/von-einem-ort-des-jubels-zu-einem-ort-des-unrechts-zwangsarbeitslager-auf-fussball-und-sportplaetzen-projektvorstellung-mit-diskussion/"><span>Weiterlesen</span><i class="crycon-right-dir"></i></a> </p>
