{"id":6533,"date":"2023-12-21T13:24:02","date_gmt":"2023-12-21T12:24:02","guid":{"rendered":"https:\/\/www.haus-des-erinnerns-mainz.de\/?post_type=tribe_events&#038;p=6533"},"modified":"2023-12-21T13:24:02","modified_gmt":"2023-12-21T12:24:02","slug":"zwangsarbeit-fuer-den-endsieg-das-kz-mittelbau-dora-1943-1945-ausstellungseroeffnung-mit-vortrag","status":"publish","type":"tribe_events","link":"https:\/\/www.haus-des-erinnerns-mainz.de\/index.php\/veranstaltung\/zwangsarbeit-fuer-den-endsieg-das-kz-mittelbau-dora-1943-1945-ausstellungseroeffnung-mit-vortrag\/","title":{"rendered":"Zwangsarbeit f\u00fcr den \u201eEndsieg\u201c: Das KZ Mittelbau-Dora 1943\u20131945 | Ausstellungser\u00f6ffnung mit Vortrag"},"content":{"rendered":"<p data-wp-editing=\"1\"><img loading=\"lazy\" decoding=\"async\" class=\"alignleft wp-image-6525\" src=\"https:\/\/www.haus-des-erinnerns-mainz.de\/wp-content\/uploads\/2023\/12\/Ausstellung_Dora-2-250x300.jpg\" alt=\"\" width=\"263\" height=\"316\" srcset=\"https:\/\/www.haus-des-erinnerns-mainz.de\/wp-content\/uploads\/2023\/12\/Ausstellung_Dora-2-250x300.jpg 250w, https:\/\/www.haus-des-erinnerns-mainz.de\/wp-content\/uploads\/2023\/12\/Ausstellung_Dora-2-125x150.jpg 125w, https:\/\/www.haus-des-erinnerns-mainz.de\/wp-content\/uploads\/2023\/12\/Ausstellung_Dora-2.jpg 652w\" sizes=\"auto, (max-width: 263px) 100vw, 263px\" \/><\/p>\n<p><span style=\"font-family: Arial, serif;\"><span style=\"font-size: medium;\">M<\/span><\/span><span style=\"font-family: Arial, serif;\"><span style=\"font-size: medium;\"><span id=\"Rahmen1\" dir=\"ltr\"><\/span>ittelbau-Dora steht exemplarisch f\u00fcr die Geschichte der m\u00f6rderischen KZ-Zwangsarbeit und der Untertageverlagerung von R\u00fcstungsfertigungen in der letzten Phase des Zweiten Weltkriegs. \u201eDora\u201c wurde Ende August 1943 als Au\u00dfenlager des KZ Buchenwald gegr\u00fcndet: KZ-H\u00e4ftlinge mussten eine Stollenanlage im Kohnstein bei Nordhausen zur Fabrik ausbauen. Nur ein geringer Teil der H\u00e4ftlinge war in unterirdischen R\u00fcstungs-produktionen eingesetzt, die meisten mussten auf den zahlreichen Baustellen kraftraubende Zwangsarbeit leisten. Am Ende bestand der Mittelbau-Komplex aus 40 Lagern, in die insgesamt 60.000 Menschen aus fast allen Teilen des besetzten Europas verschleppt worden waren \u2013 etwa 20.000 von ihnen haben dies nicht \u00fcberlebt.<\/span><\/span><\/p>\n<p><span style=\"font-family: Arial, serif;\"><span style=\"font-size: medium;\">Die Ausstellung zeigt auf thematischen Bannern die Geschichte des Konzentrationslagers, beleuchtet Biografien von T\u00e4tern und Opfern und erl\u00e4utert die Systematik der NS-Zwangsarbeit. Sie wird erg\u00e4nzt durch Informationen zur Zwangsarbeit in Mainz und Umgebung.<\/span><\/span><\/p>\n<p><span style=\"font-family: Arial, serif;\"><span style=\"font-size: medium;\">Im Anschluss an die Er\u00f6ffnung der Ausstellung wird diese vom 22. Januar bis zum 2. Februar 2024 im Haus des Erinnerns Mainz in der Flachsmarktstr. 36 gezeigt. Dort ist sie von montags bis freitags zwischen 10 und 16 Uhr zu besichtigen.<\/span><\/span><\/p>\n<p><span style=\"font-family: Arial, serif;\"><span style=\"font-size: medium;\">Eintritt frei.<\/span><\/span><\/p>\n<p><span style=\"font-family: Arial, serif;\"><span style=\"font-size: medium;\">Anmeldung per E-Mail erbeten an: <\/span><\/span><span style=\"color: #0563c1;\"><u><a href=\"mailto:erinnerung@ente-bagdad.de\"><span style=\"font-family: Arial, serif;\"><span style=\"font-size: medium;\">erinnerung@ente-bagdad.de<\/span><\/span><\/a><\/u><\/span><\/p>\n<p align=\"justify\"><em>Eine Kooperationsveranstaltung mit FC Ente Bagdad, VVN-BdA, KV Mainz-Bingen, Frauenb\u00fcro der Stadt Mainz, dem 1. FSV Mainz 05, dem Landessportbund RLP und der Akademie des Bistums Mainz Erbacher Hof.<\/em><\/p>\n<p><em>Bild: \u00a9 Stiftung Gedenkst\u00e4tten Buchenwald<\/em><\/p>\n","protected":false},"excerpt":{"rendered":"<p>Mittelbau-Dora steht exemplarisch f\u00fcr die Geschichte der m\u00f6rderischen KZ-Zwangsarbeit und der Untertageverlagerung von R\u00fcstungsfertigungen in der letzten Phase des Zweiten Weltkriegs. \u201eDora\u201c wurde Ende August 1943 als Au\u00dfenlager des KZ Buchenwald gegr\u00fcndet: KZ-H\u00e4ftlinge mussten eine Stollenanlage im Kohnstein bei Nordhausen zur Fabrik ausbauen. Nur ein geringer Teil der H\u00e4ftlinge war&#8230;<\/p>\n<p> <a class=\"continue-reading-link\" href=\"https:\/\/www.haus-des-erinnerns-mainz.de\/index.php\/veranstaltung\/zwangsarbeit-fuer-den-endsieg-das-kz-mittelbau-dora-1943-1945-ausstellungseroeffnung-mit-vortrag\/\"><span>Weiterlesen<\/span><i class=\"crycon-right-dir\"><\/i><\/a> <\/p>\n","protected":false},"author":4,"featured_media":0,"template":"","meta":{"episode_type":"","audio_file":"","podmotor_file_id":"","podmotor_episode_id":"","cover_image":"","cover_image_id":"","duration":"","filesize":"","filesize_raw":"","date_recorded":"","explicit":"","block":"","ngg_post_thumbnail":0,"_price":"","_stock":"","_tribe_ticket_header":"","_tribe_default_ticket_provider":"","_tribe_ticket_capacity":"0","_ticket_start_date":"","_ticket_end_date":"","_tribe_ticket_show_description":"","_tribe_ticket_show_not_going":false,"_tribe_ticket_use_global_stock":"","_tribe_ticket_global_stock_level":"","_global_stock_mode":"","_global_stock_cap":"","_tribe_rsvp_for_event":"","_tribe_ticket_going_count":"","_tribe_ticket_not_going_count":"","_tribe_tickets_list":"[]","_tribe_ticket_has_attendee_info_fields":false,"_tribe_events_status":"","_tribe_events_status_reason":"","footnotes":"","_tec_slr_enabled":"","_tec_slr_layout":""},"tags":[466,525,524,12,523],"tribe_events_cat":[124,519],"class_list":["post-6533","tribe_events","type-tribe_events","status-publish","hentry","tag-ausstellungseroeffnung","tag-kz","tag-mittelbau-dora","tag-vortrag","tag-zwangsarbeit","tribe_events_cat-januar","tribe_events_cat-termin-2024","cat_januar","cat_termin-2024"],"ticketed":false,"_links":{"self":[{"href":"https:\/\/www.haus-des-erinnerns-mainz.de\/index.php\/wp-json\/wp\/v2\/tribe_events\/6533","targetHints":{"allow":["GET"]}}],"collection":[{"href":"https:\/\/www.haus-des-erinnerns-mainz.de\/index.php\/wp-json\/wp\/v2\/tribe_events"}],"about":[{"href":"https:\/\/www.haus-des-erinnerns-mainz.de\/index.php\/wp-json\/wp\/v2\/types\/tribe_events"}],"author":[{"embeddable":true,"href":"https:\/\/www.haus-des-erinnerns-mainz.de\/index.php\/wp-json\/wp\/v2\/users\/4"}],"version-history":[{"count":9,"href":"https:\/\/www.haus-des-erinnerns-mainz.de\/index.php\/wp-json\/wp\/v2\/tribe_events\/6533\/revisions"}],"predecessor-version":[{"id":6542,"href":"https:\/\/www.haus-des-erinnerns-mainz.de\/index.php\/wp-json\/wp\/v2\/tribe_events\/6533\/revisions\/6542"}],"wp:attachment":[{"href":"https:\/\/www.haus-des-erinnerns-mainz.de\/index.php\/wp-json\/wp\/v2\/media?parent=6533"}],"wp:term":[{"taxonomy":"post_tag","embeddable":true,"href":"https:\/\/www.haus-des-erinnerns-mainz.de\/index.php\/wp-json\/wp\/v2\/tags?post=6533"},{"taxonomy":"tribe_events_cat","embeddable":true,"href":"https:\/\/www.haus-des-erinnerns-mainz.de\/index.php\/wp-json\/wp\/v2\/tribe_events_cat?post=6533"}],"curies":[{"name":"wp","href":"https:\/\/api.w.org\/{rel}","templated":true}]}}

Zwangsarbeit für den „Endsieg“: Das KZ Mittelbau-Dora 1943–1945 | Ausstellungseröffnung mit Vortrag

<p data-wp-editing="1"><img loading="lazy" decoding="async" class="alignleft wp-image-6525" src="https://www.haus-des-erinnerns-mainz.de/wp-content/uploads/2023/12/Ausstellung_Dora-2-250x300.jpg" alt="" width="263" height="316" srcset="https://www.haus-des-erinnerns-mainz.de/wp-content/uploads/2023/12/Ausstellung_Dora-2-250x300.jpg 250w, https://www.haus-des-erinnerns-mainz.de/wp-content/uploads/2023/12/Ausstellung_Dora-2-125x150.jpg 125w, https://www.haus-des-erinnerns-mainz.de/wp-content/uploads/2023/12/Ausstellung_Dora-2.jpg 652w" sizes="auto, (max-width: 263px) 100vw, 263px" /></p>
<p><span style="font-family: Arial, serif;"><span style="font-size: medium;">M</span></span><span style="font-family: Arial, serif;"><span style="font-size: medium;"><span id="Rahmen1" dir="ltr"></span>ittelbau-Dora steht exemplarisch für die Geschichte der mörderischen KZ-Zwangsarbeit und der Untertageverlagerung von Rüstungsfertigungen in der letzten Phase des Zweiten Weltkriegs. „Dora“ wurde Ende August 1943 als Außenlager des KZ Buchenwald gegründet: KZ-Häftlinge mussten eine Stollenanlage im Kohnstein bei Nordhausen zur Fabrik ausbauen. Nur ein geringer Teil der Häftlinge war in unterirdischen Rüstungs-produktionen eingesetzt, die meisten mussten auf den zahlreichen Baustellen kraftraubende Zwangsarbeit leisten. Am Ende bestand der Mittelbau-Komplex aus 40 Lagern, in die insgesamt 60.000 Menschen aus fast allen Teilen des besetzten Europas verschleppt worden waren – etwa 20.000 von ihnen haben dies nicht überlebt.</span></span></p>
<p><span style="font-family: Arial, serif;"><span style="font-size: medium;">Die Ausstellung zeigt auf thematischen Bannern die Geschichte des Konzentrationslagers, beleuchtet Biografien von Tätern und Opfern und erläutert die Systematik der NS-Zwangsarbeit. Sie wird ergänzt durch Informationen zur Zwangsarbeit in Mainz und Umgebung.</span></span></p>
<p><span style="font-family: Arial, serif;"><span style="font-size: medium;">Im Anschluss an die Eröffnung der Ausstellung wird diese vom 22. Januar bis zum 2. Februar 2024 im Haus des Erinnerns Mainz in der Flachsmarktstr. 36 gezeigt. Dort ist sie von montags bis freitags zwischen 10 und 16 Uhr zu besichtigen.</span></span></p>
<p><span style="font-family: Arial, serif;"><span style="font-size: medium;">Eintritt frei.</span></span></p>
<p><span style="font-family: Arial, serif;"><span style="font-size: medium;">Anmeldung per E-Mail erbeten an: </span></span><span style="color: #0563c1;"><u><a href="mailto:erinnerung@ente-bagdad.de"><span style="font-family: Arial, serif;"><span style="font-size: medium;">erinnerung@ente-bagdad.de</span></span></a></u></span></p>
<p align="justify"><em>Eine Kooperationsveranstaltung mit FC Ente Bagdad, VVN-BdA, KV Mainz-Bingen, Frauenbüro der Stadt Mainz, dem 1. FSV Mainz 05, dem Landessportbund RLP und der Akademie des Bistums Mainz Erbacher Hof.</em></p>
<p><em>Bild: © Stiftung Gedenkstätten Buchenwald</em></p>

<p>Mittelbau-Dora steht exemplarisch für die Geschichte der mörderischen KZ-Zwangsarbeit und der Untertageverlagerung von Rüstungsfertigungen in der letzten Phase des Zweiten Weltkriegs. „Dora“ wurde Ende August 1943 als Außenlager des KZ Buchenwald gegründet: KZ-Häftlinge mussten eine Stollenanlage im Kohnstein bei Nordhausen zur Fabrik ausbauen. Nur ein geringer Teil der Häftlinge war&#8230;</p>
<p> <a class="continue-reading-link" href="https://www.haus-des-erinnerns-mainz.de/index.php/veranstaltung/zwangsarbeit-fuer-den-endsieg-das-kz-mittelbau-dora-1943-1945-ausstellungseroeffnung-mit-vortrag/"><span>Weiterlesen</span><i class="crycon-right-dir"></i></a> </p>
