{"id":6320,"date":"2023-09-30T09:03:29","date_gmt":"2023-09-30T07:03:29","guid":{"rendered":"https:\/\/www.haus-des-erinnerns-mainz.de\/?post_type=tribe_events&#038;p=6320"},"modified":"2023-10-31T10:53:12","modified_gmt":"2023-10-31T09:53:12","slug":"lesung-werke-der-mainzer-shoah-ueberlebenden-lotte-kramer-anlaesslich-ihres-100-geburtstags","status":"publish","type":"tribe_events","link":"https:\/\/www.haus-des-erinnerns-mainz.de\/index.php\/veranstaltung\/lesung-werke-der-mainzer-shoah-ueberlebenden-lotte-kramer-anlaesslich-ihres-100-geburtstags\/","title":{"rendered":"Lesung: Werke der Mainzer Shoah- \u00dcberlebenden Lotte Kramer anl\u00e4sslich ihres 100. Geburtstags"},"content":{"rendered":"<p><img loading=\"lazy\" decoding=\"async\" class=\"alignleft wp-image-6296\" src=\"https:\/\/www.haus-des-erinnerns-mainz.de\/wp-content\/uploads\/2023\/09\/Lotte_Kramer-258x300.png\" alt=\"\" width=\"153\" height=\"178\" srcset=\"https:\/\/www.haus-des-erinnerns-mainz.de\/wp-content\/uploads\/2023\/09\/Lotte_Kramer-258x300.png 258w, https:\/\/www.haus-des-erinnerns-mainz.de\/wp-content\/uploads\/2023\/09\/Lotte_Kramer-768x893.png 768w, https:\/\/www.haus-des-erinnerns-mainz.de\/wp-content\/uploads\/2023\/09\/Lotte_Kramer-129x150.png 129w, https:\/\/www.haus-des-erinnerns-mainz.de\/wp-content\/uploads\/2023\/09\/Lotte_Kramer.png 808w\" sizes=\"auto, (max-width: 153px) 100vw, 153px\" \/>Lotte Kramer, geboren Wertheimer, wurde am 22. Oktober 1923 in Mainz geboren und besuchte dort die J\u00fcdische Bezirksschule. Im Sommer 1939 konnte sie mit einigen Mitsch\u00fcler*innen durch einen der letzte Kindertransporte nach England gelangen, wodurch sie der Verfolgung durch das NS-Regime entkam. Ihre Eltern blieben zur\u00fcck und wurden 1942 deportiert und ermordet. In England heiratete Lotte Wertheimer im Alter von 20 Jahren ihren Mainzer Schulfreund Fritz Kramer. Die in Gro\u00dfbritannien anerkannte Lyrikerin Lotte Kramer sprach lange nicht \u00fcber das Geschehene. Erst sehr viel sp\u00e4ter gelang es ihr, diese existentiellen Erfahrungen ihrer Jugend und das Leben in der Emigration in Gedichten auszudr\u00fccken.<br \/>\nDie Dichterin lebt heute in Peterborough.<\/p>\n<p>Wir erinnern an das Wirken der Lyrikerin Lotte Kramer aus Anlass ihres 100. Geburtstags. An eine Lesung ausgew\u00e4hlter Gedichte schlie\u00dft sich ein Gespr\u00e4ch \u00fcber die Auswirkungen der Emigration auf die nachfolgenden Generationen an.<\/p>\n<p><a href=\"https:\/\/www.haus-des-erinnerns-mainz.de\/wp-content\/uploads\/2023\/10\/A423-Flyer-final-Lotte-Kramer-V05.pdf\">Hier<\/a> geht es zum Flyer.<\/p>\n<p><em>Eine Kooperationsveranstaltung mit der Stadt Mainz.<\/em><\/p>\n","protected":false},"excerpt":{"rendered":"<p>Lotte Kramer, geboren Wertheimer, wurde am 22. Oktober 1923 in Mainz geboren und besuchte dort die J\u00fcdische Bezirksschule. Im Sommer 1939 konnte sie mit einigen Mitsch\u00fcler*innen durch einen der letzte Kindertransporte nach England gelangen, wodurch sie der Verfolgung durch das NS-Regime entkam. Ihre Eltern blieben zur\u00fcck und wurden 1942 deportiert&#8230;<\/p>\n<p> <a class=\"continue-reading-link\" href=\"https:\/\/www.haus-des-erinnerns-mainz.de\/index.php\/veranstaltung\/lesung-werke-der-mainzer-shoah-ueberlebenden-lotte-kramer-anlaesslich-ihres-100-geburtstags\/\"><span>Weiterlesen<\/span><i class=\"crycon-right-dir\"><\/i><\/a> <\/p>\n","protected":false},"author":2,"featured_media":0,"template":"","meta":{"episode_type":"","audio_file":"","podmotor_file_id":"","podmotor_episode_id":"","cover_image":"","cover_image_id":"","duration":"","filesize":"","filesize_raw":"","date_recorded":"","explicit":"","block":"","ngg_post_thumbnail":0,"_price":"","_stock":"","_tribe_ticket_header":"","_tribe_default_ticket_provider":"","_tribe_ticket_capacity":"0","_ticket_start_date":"","_ticket_end_date":"","_tribe_ticket_show_description":"","_tribe_ticket_show_not_going":false,"_tribe_ticket_use_global_stock":"","_tribe_ticket_global_stock_level":"","_global_stock_mode":"","_global_stock_cap":"","_tribe_rsvp_for_event":"","_tribe_ticket_going_count":"","_tribe_ticket_not_going_count":"","_tribe_tickets_list":"[]","_tribe_ticket_has_attendee_info_fields":false,"_tribe_events_status":"","_tribe_events_status_reason":"","footnotes":"","_tec_slr_enabled":"","_tec_slr_layout":""},"tags":[14],"tribe_events_cat":[464],"class_list":["post-6320","tribe_events","type-tribe_events","status-publish","hentry","tag-lesung","tribe_events_cat-termin-2023","cat_termin-2023"],"ticketed":false,"_links":{"self":[{"href":"https:\/\/www.haus-des-erinnerns-mainz.de\/index.php\/wp-json\/wp\/v2\/tribe_events\/6320","targetHints":{"allow":["GET"]}}],"collection":[{"href":"https:\/\/www.haus-des-erinnerns-mainz.de\/index.php\/wp-json\/wp\/v2\/tribe_events"}],"about":[{"href":"https:\/\/www.haus-des-erinnerns-mainz.de\/index.php\/wp-json\/wp\/v2\/types\/tribe_events"}],"author":[{"embeddable":true,"href":"https:\/\/www.haus-des-erinnerns-mainz.de\/index.php\/wp-json\/wp\/v2\/users\/2"}],"version-history":[{"count":3,"href":"https:\/\/www.haus-des-erinnerns-mainz.de\/index.php\/wp-json\/wp\/v2\/tribe_events\/6320\/revisions"}],"predecessor-version":[{"id":6404,"href":"https:\/\/www.haus-des-erinnerns-mainz.de\/index.php\/wp-json\/wp\/v2\/tribe_events\/6320\/revisions\/6404"}],"wp:attachment":[{"href":"https:\/\/www.haus-des-erinnerns-mainz.de\/index.php\/wp-json\/wp\/v2\/media?parent=6320"}],"wp:term":[{"taxonomy":"post_tag","embeddable":true,"href":"https:\/\/www.haus-des-erinnerns-mainz.de\/index.php\/wp-json\/wp\/v2\/tags?post=6320"},{"taxonomy":"tribe_events_cat","embeddable":true,"href":"https:\/\/www.haus-des-erinnerns-mainz.de\/index.php\/wp-json\/wp\/v2\/tribe_events_cat?post=6320"}],"curies":[{"name":"wp","href":"https:\/\/api.w.org\/{rel}","templated":true}]}}

Lesung: Werke der Mainzer Shoah- Überlebenden Lotte Kramer anlässlich ihres 100. Geburtstags

<p><img loading="lazy" decoding="async" class="alignleft wp-image-6296" src="https://www.haus-des-erinnerns-mainz.de/wp-content/uploads/2023/09/Lotte_Kramer-258x300.png" alt="" width="153" height="178" srcset="https://www.haus-des-erinnerns-mainz.de/wp-content/uploads/2023/09/Lotte_Kramer-258x300.png 258w, https://www.haus-des-erinnerns-mainz.de/wp-content/uploads/2023/09/Lotte_Kramer-768x893.png 768w, https://www.haus-des-erinnerns-mainz.de/wp-content/uploads/2023/09/Lotte_Kramer-129x150.png 129w, https://www.haus-des-erinnerns-mainz.de/wp-content/uploads/2023/09/Lotte_Kramer.png 808w" sizes="auto, (max-width: 153px) 100vw, 153px" />Lotte Kramer, geboren Wertheimer, wurde am 22. Oktober 1923 in Mainz geboren und besuchte dort die Jüdische Bezirksschule. Im Sommer 1939 konnte sie mit einigen Mitschüler*innen durch einen der letzte Kindertransporte nach England gelangen, wodurch sie der Verfolgung durch das NS-Regime entkam. Ihre Eltern blieben zurück und wurden 1942 deportiert und ermordet. In England heiratete Lotte Wertheimer im Alter von 20 Jahren ihren Mainzer Schulfreund Fritz Kramer. Die in Großbritannien anerkannte Lyrikerin Lotte Kramer sprach lange nicht über das Geschehene. Erst sehr viel später gelang es ihr, diese existentiellen Erfahrungen ihrer Jugend und das Leben in der Emigration in Gedichten auszudrücken.<br />
Die Dichterin lebt heute in Peterborough.</p>
<p>Wir erinnern an das Wirken der Lyrikerin Lotte Kramer aus Anlass ihres 100. Geburtstags. An eine Lesung ausgewählter Gedichte schließt sich ein Gespräch über die Auswirkungen der Emigration auf die nachfolgenden Generationen an.</p>
<p><a href="https://www.haus-des-erinnerns-mainz.de/wp-content/uploads/2023/10/A423-Flyer-final-Lotte-Kramer-V05.pdf">Hier</a> geht es zum Flyer.</p>
<p><em>Eine Kooperationsveranstaltung mit der Stadt Mainz.</em></p>

<p>Lotte Kramer, geboren Wertheimer, wurde am 22. Oktober 1923 in Mainz geboren und besuchte dort die Jüdische Bezirksschule. Im Sommer 1939 konnte sie mit einigen Mitschüler*innen durch einen der letzte Kindertransporte nach England gelangen, wodurch sie der Verfolgung durch das NS-Regime entkam. Ihre Eltern blieben zurück und wurden 1942 deportiert&#8230;</p>
<p> <a class="continue-reading-link" href="https://www.haus-des-erinnerns-mainz.de/index.php/veranstaltung/lesung-werke-der-mainzer-shoah-ueberlebenden-lotte-kramer-anlaesslich-ihres-100-geburtstags/"><span>Weiterlesen</span><i class="crycon-right-dir"></i></a> </p>
