{"id":6159,"date":"2023-06-14T10:24:15","date_gmt":"2023-06-14T08:24:15","guid":{"rendered":"https:\/\/www.haus-des-erinnerns-mainz.de\/?post_type=tribe_events&#038;p=6159"},"modified":"2023-06-14T10:24:15","modified_gmt":"2023-06-14T08:24:15","slug":"ausstellungseroeffnung-verbrannte-orte-die-buecherverbrennungen-von-1933","status":"publish","type":"tribe_events","link":"https:\/\/www.haus-des-erinnerns-mainz.de\/index.php\/veranstaltung\/ausstellungseroeffnung-verbrannte-orte-die-buecherverbrennungen-von-1933\/","title":{"rendered":"Ausstellungser\u00f6ffnung \u201eVerbrannte Orte \u2013 Die B\u00fccherverbrennungen von 1933\u201c"},"content":{"rendered":"<p>Anl\u00e4sslich der Erinnerung an die B\u00fccherverbrennungen im Jahr 1933 zeigt die Landeshauptstadt Mainz in Kooperation mit der Stiftung \u201eHaus des Erinnerns \u2013 f\u00fcr Demokratie und Akzeptanz Mainz\u201c die Ausstellung \u201eVerbrannte Orte\u201c.<br \/>\nOb vor dem Gewerkschaftshaus in Braunschweig, auf dem Berliner Opernplatz oder auf dem Gipfel des Kandel, an \u00fcber 160 Orten in Deutschland fanden 1933 von M\u00e4rz bis November B\u00fccherverbrennungen durch die Nationalsozialisten statt \u2013 so auch in der Stadt Mainz. Sie wurden von der NSDAP, der Hitlerjugend, K\u00f6rperschaften der SA, der Deutschen Studentenschaft und anderen NS-Verb\u00e4nden geplant und durchgef\u00fchrt. Schon kurz nach der Macht\u00fcbernahme zeigte sich in diesen Aktionen die menschenverachtende Ideologie der Nationalsozialisten.<\/p>\n<p>Die Ausstellung schildert sowohl die reichsweiten Geschehnissen als auch die regionalen Ereignisse. Dabei werden nicht nur historische Fotos gezeigt, sondern auch aktuelle Aufnahmen der Orte, an denen vor nunmehr 90 Jahren die Nationalsozialisten B\u00fccher verbrannten. Betrachten wir die Orte anders, wenn wir wissen was dort passiert ist? Die Ausstellung regt dazu an, sich genau mit dieser Frage auseinanderzusetzen.<\/p>\n<p>Er\u00f6ffnet wird die Ausstellung am 29. Juni 2023 um 13 Uhr auf dem Dr.-G\u00fcnter-Storch-Platz, direkt gegen\u00fcber des Landesmuseums Mainz.<\/p>\n<p>Begleitend bietet das Haus des Erinnerns \u2013 f\u00fcr Demokratie und Akzeptanz Mainz einige Abendveranstaltungen an, auf die wir gerne separat hinweisen.<\/p>\n","protected":false},"excerpt":{"rendered":"<p>Anl\u00e4sslich der Erinnerung an die B\u00fccherverbrennungen im Jahr 1933 zeigt die Landeshauptstadt Mainz in Kooperation mit der Stiftung \u201eHaus des Erinnerns \u2013 f\u00fcr Demokratie und Akzeptanz Mainz\u201c die Ausstellung \u201eVerbrannte Orte\u201c. Ob vor dem Gewerkschaftshaus in Braunschweig, auf dem Berliner Opernplatz oder auf dem Gipfel des Kandel, an \u00fcber 160&#8230;<\/p>\n<p> <a class=\"continue-reading-link\" href=\"https:\/\/www.haus-des-erinnerns-mainz.de\/index.php\/veranstaltung\/ausstellungseroeffnung-verbrannte-orte-die-buecherverbrennungen-von-1933\/\"><span>Weiterlesen<\/span><i class=\"crycon-right-dir\"><\/i><\/a> <\/p>\n","protected":false},"author":4,"featured_media":0,"template":"","meta":{"episode_type":"","audio_file":"","podmotor_file_id":"","podmotor_episode_id":"","cover_image":"","cover_image_id":"","duration":"","filesize":"","filesize_raw":"","date_recorded":"","explicit":"","block":"","ngg_post_thumbnail":0,"_price":"","_stock":"","_tribe_ticket_header":"","_tribe_default_ticket_provider":"","_tribe_ticket_capacity":"0","_ticket_start_date":"","_ticket_end_date":"","_tribe_ticket_show_description":"","_tribe_ticket_show_not_going":false,"_tribe_ticket_use_global_stock":"","_tribe_ticket_global_stock_level":"","_global_stock_mode":"","_global_stock_cap":"","_tribe_rsvp_for_event":"","_tribe_ticket_going_count":"","_tribe_ticket_not_going_count":"","_tribe_tickets_list":"[]","_tribe_ticket_has_attendee_info_fields":false,"_tribe_events_status":"","_tribe_events_status_reason":"","footnotes":"","_tec_slr_enabled":"","_tec_slr_layout":""},"tags":[96,500,454,499],"tribe_events_cat":[464],"class_list":["post-6159","tribe_events","type-tribe_events","status-publish","hentry","tag-ausstellung","tag-buecherverbrennung","tag-eroeffnung","tag-verbrannte-orte","tribe_events_cat-termin-2023","cat_termin-2023"],"ticketed":false,"_links":{"self":[{"href":"https:\/\/www.haus-des-erinnerns-mainz.de\/index.php\/wp-json\/wp\/v2\/tribe_events\/6159","targetHints":{"allow":["GET"]}}],"collection":[{"href":"https:\/\/www.haus-des-erinnerns-mainz.de\/index.php\/wp-json\/wp\/v2\/tribe_events"}],"about":[{"href":"https:\/\/www.haus-des-erinnerns-mainz.de\/index.php\/wp-json\/wp\/v2\/types\/tribe_events"}],"author":[{"embeddable":true,"href":"https:\/\/www.haus-des-erinnerns-mainz.de\/index.php\/wp-json\/wp\/v2\/users\/4"}],"version-history":[{"count":1,"href":"https:\/\/www.haus-des-erinnerns-mainz.de\/index.php\/wp-json\/wp\/v2\/tribe_events\/6159\/revisions"}],"predecessor-version":[{"id":6160,"href":"https:\/\/www.haus-des-erinnerns-mainz.de\/index.php\/wp-json\/wp\/v2\/tribe_events\/6159\/revisions\/6160"}],"wp:attachment":[{"href":"https:\/\/www.haus-des-erinnerns-mainz.de\/index.php\/wp-json\/wp\/v2\/media?parent=6159"}],"wp:term":[{"taxonomy":"post_tag","embeddable":true,"href":"https:\/\/www.haus-des-erinnerns-mainz.de\/index.php\/wp-json\/wp\/v2\/tags?post=6159"},{"taxonomy":"tribe_events_cat","embeddable":true,"href":"https:\/\/www.haus-des-erinnerns-mainz.de\/index.php\/wp-json\/wp\/v2\/tribe_events_cat?post=6159"}],"curies":[{"name":"wp","href":"https:\/\/api.w.org\/{rel}","templated":true}]}}

Ausstellungseröffnung „Verbrannte Orte – Die Bücherverbrennungen von 1933“

<p>Anlässlich der Erinnerung an die Bücherverbrennungen im Jahr 1933 zeigt die Landeshauptstadt Mainz in Kooperation mit der Stiftung „Haus des Erinnerns – für Demokratie und Akzeptanz Mainz“ die Ausstellung „Verbrannte Orte“.<br />
Ob vor dem Gewerkschaftshaus in Braunschweig, auf dem Berliner Opernplatz oder auf dem Gipfel des Kandel, an über 160 Orten in Deutschland fanden 1933 von März bis November Bücherverbrennungen durch die Nationalsozialisten statt – so auch in der Stadt Mainz. Sie wurden von der NSDAP, der Hitlerjugend, Körperschaften der SA, der Deutschen Studentenschaft und anderen NS-Verbänden geplant und durchgeführt. Schon kurz nach der Machtübernahme zeigte sich in diesen Aktionen die menschenverachtende Ideologie der Nationalsozialisten.</p>
<p>Die Ausstellung schildert sowohl die reichsweiten Geschehnissen als auch die regionalen Ereignisse. Dabei werden nicht nur historische Fotos gezeigt, sondern auch aktuelle Aufnahmen der Orte, an denen vor nunmehr 90 Jahren die Nationalsozialisten Bücher verbrannten. Betrachten wir die Orte anders, wenn wir wissen was dort passiert ist? Die Ausstellung regt dazu an, sich genau mit dieser Frage auseinanderzusetzen.</p>
<p>Eröffnet wird die Ausstellung am 29. Juni 2023 um 13 Uhr auf dem Dr.-Günter-Storch-Platz, direkt gegenüber des Landesmuseums Mainz.</p>
<p>Begleitend bietet das Haus des Erinnerns – für Demokratie und Akzeptanz Mainz einige Abendveranstaltungen an, auf die wir gerne separat hinweisen.</p>

<p>Anlässlich der Erinnerung an die Bücherverbrennungen im Jahr 1933 zeigt die Landeshauptstadt Mainz in Kooperation mit der Stiftung „Haus des Erinnerns – für Demokratie und Akzeptanz Mainz“ die Ausstellung „Verbrannte Orte“. Ob vor dem Gewerkschaftshaus in Braunschweig, auf dem Berliner Opernplatz oder auf dem Gipfel des Kandel, an über 160&#8230;</p>
<p> <a class="continue-reading-link" href="https://www.haus-des-erinnerns-mainz.de/index.php/veranstaltung/ausstellungseroeffnung-verbrannte-orte-die-buecherverbrennungen-von-1933/"><span>Weiterlesen</span><i class="crycon-right-dir"></i></a> </p>
