{"id":5717,"date":"2022-12-08T13:56:05","date_gmt":"2022-12-08T12:56:05","guid":{"rendered":"https:\/\/www.haus-des-erinnerns-mainz.de\/?post_type=tribe_events&#038;p=5717"},"modified":"2022-12-08T13:56:05","modified_gmt":"2022-12-08T12:56:05","slug":"podiumsdiskussion-widerstand-erinnerungskultur-und-kurvenengagement","status":"publish","type":"tribe_events","link":"https:\/\/www.haus-des-erinnerns-mainz.de\/index.php\/veranstaltung\/podiumsdiskussion-widerstand-erinnerungskultur-und-kurvenengagement\/","title":{"rendered":"Podiumsdiskussion: \u201eWiderstand, Erinnerungskultur und Kurvenengagement\u201c"},"content":{"rendered":"<p>Widerstand w\u00e4hrend der NS-Diktatur und b\u00fcrgerschaftliches Engagement heute lassen sich nicht vergleichen. Doch der Blick auf den Widerstand jener Zeit bleibt nat\u00fcrlich wichtig. Auch, um sich zu vergegenw\u00e4rtigen, wie privilegiert wir in unserer Demokratie sind, wenn es darum geht, uns zu engagieren: Wir k\u00f6nnen das in aller Freiheit tun. Was das Damals und das Heute verbindet, ist Erinnerungskultur.<\/p>\n<p>Diesen weiten Bogen wollen wir spannen mit Nora Hespers, Felix Tamsut und Freddy Mo Wenner. Hespers hat \u00fcber ihren Gro\u00dfvater, den Widerstandsk\u00e4mpfer Theo Hespers, das Buch \u201eMein Opa, sein Widerstand gegen die Nazis und ich\u201c geschrieben. Tamsut arbeitet als Journalist zum Thema Kurve, Fans und Engagement. Wenner ist in der Beratung f\u00fcr Inklusion &amp; Diversit\u00e4t im Berufsfeld Fu\u00dfball t\u00e4tig. Eingebunden ins Thema der Mainzer Erinnerungswochen \u201eFrauen im Widerstand\u201c m\u00f6chten wir den Blick auch weiten auf die Verantwortung des Fu\u00dfballs, \u00fcber Binarit\u00e4t hinauszudenken und auf allen Diversit\u00e4tsebenen inklusiv zu handeln und zu denken.<\/p>\n<p>Anmeldung per E-Mail erbeten an: erinnerung@ente-bagdad.de<\/p>\n<p><em>Eine Kooperationsveranstaltung mit FC Ente Bagdad, Akademie des Bistums Mainz Erbacher Hof, Frauenb\u00fcro der Stadt Mainz, 1. FSV Mainz 05, den Fans von Mainz 05 und Landessportbund RLP.<\/em><\/p>\n","protected":false},"excerpt":{"rendered":"<p>Widerstand w\u00e4hrend der NS-Diktatur und b\u00fcrgerschaftliches Engagement heute lassen sich nicht vergleichen. Doch der Blick auf den Widerstand jener Zeit bleibt nat\u00fcrlich wichtig. Auch, um sich zu vergegenw\u00e4rtigen, wie privilegiert wir in unserer Demokratie sind, wenn es darum geht, uns zu engagieren: Wir k\u00f6nnen das in aller Freiheit tun. Was&#8230;<\/p>\n<p> <a class=\"continue-reading-link\" href=\"https:\/\/www.haus-des-erinnerns-mainz.de\/index.php\/veranstaltung\/podiumsdiskussion-widerstand-erinnerungskultur-und-kurvenengagement\/\"><span>Weiterlesen<\/span><i class=\"crycon-right-dir\"><\/i><\/a> <\/p>\n","protected":false},"author":4,"featured_media":0,"template":"","meta":{"episode_type":"","audio_file":"","podmotor_file_id":"","podmotor_episode_id":"","cover_image":"","cover_image_id":"","duration":"","filesize":"","filesize_raw":"","date_recorded":"","explicit":"","block":"","ngg_post_thumbnail":0,"_price":"","_stock":"","_tribe_ticket_header":"","_tribe_default_ticket_provider":"","_tribe_ticket_capacity":"0","_ticket_start_date":"","_ticket_end_date":"","_tribe_ticket_show_description":"","_tribe_ticket_show_not_going":false,"_tribe_ticket_use_global_stock":"","_tribe_ticket_global_stock_level":"","_global_stock_mode":"","_global_stock_cap":"","_tribe_rsvp_for_event":"","_tribe_ticket_going_count":"","_tribe_ticket_not_going_count":"","_tribe_tickets_list":"[]","_tribe_ticket_has_attendee_info_fields":false,"_tribe_events_status":"","_tribe_events_status_reason":"","footnotes":"","_tec_slr_enabled":"","_tec_slr_layout":""},"tags":[225,467,274,95],"tribe_events_cat":[464],"class_list":["post-5717","tribe_events","type-tribe_events","status-publish","hentry","tag-erinnerungskultur","tag-kurvenengagement","tag-podiumsdiskussion","tag-widerstand","tribe_events_cat-termin-2023","cat_termin-2023"],"ticketed":false,"_links":{"self":[{"href":"https:\/\/www.haus-des-erinnerns-mainz.de\/index.php\/wp-json\/wp\/v2\/tribe_events\/5717","targetHints":{"allow":["GET"]}}],"collection":[{"href":"https:\/\/www.haus-des-erinnerns-mainz.de\/index.php\/wp-json\/wp\/v2\/tribe_events"}],"about":[{"href":"https:\/\/www.haus-des-erinnerns-mainz.de\/index.php\/wp-json\/wp\/v2\/types\/tribe_events"}],"author":[{"embeddable":true,"href":"https:\/\/www.haus-des-erinnerns-mainz.de\/index.php\/wp-json\/wp\/v2\/users\/4"}],"version-history":[{"count":1,"href":"https:\/\/www.haus-des-erinnerns-mainz.de\/index.php\/wp-json\/wp\/v2\/tribe_events\/5717\/revisions"}],"predecessor-version":[{"id":5718,"href":"https:\/\/www.haus-des-erinnerns-mainz.de\/index.php\/wp-json\/wp\/v2\/tribe_events\/5717\/revisions\/5718"}],"wp:attachment":[{"href":"https:\/\/www.haus-des-erinnerns-mainz.de\/index.php\/wp-json\/wp\/v2\/media?parent=5717"}],"wp:term":[{"taxonomy":"post_tag","embeddable":true,"href":"https:\/\/www.haus-des-erinnerns-mainz.de\/index.php\/wp-json\/wp\/v2\/tags?post=5717"},{"taxonomy":"tribe_events_cat","embeddable":true,"href":"https:\/\/www.haus-des-erinnerns-mainz.de\/index.php\/wp-json\/wp\/v2\/tribe_events_cat?post=5717"}],"curies":[{"name":"wp","href":"https:\/\/api.w.org\/{rel}","templated":true}]}}

<p>Widerstand während der NS-Diktatur und bürgerschaftliches Engagement heute lassen sich nicht vergleichen. Doch der Blick auf den Widerstand jener Zeit bleibt natürlich wichtig. Auch, um sich zu vergegenwärtigen, wie privilegiert wir in unserer Demokratie sind, wenn es darum geht, uns zu engagieren: Wir können das in aller Freiheit tun. Was das Damals und das Heute verbindet, ist Erinnerungskultur.</p>
<p>Diesen weiten Bogen wollen wir spannen mit Nora Hespers, Felix Tamsut und Freddy Mo Wenner. Hespers hat über ihren Großvater, den Widerstandskämpfer Theo Hespers, das Buch „Mein Opa, sein Widerstand gegen die Nazis und ich“ geschrieben. Tamsut arbeitet als Journalist zum Thema Kurve, Fans und Engagement. Wenner ist in der Beratung für Inklusion &amp; Diversität im Berufsfeld Fußball tätig. Eingebunden ins Thema der Mainzer Erinnerungswochen „Frauen im Widerstand“ möchten wir den Blick auch weiten auf die Verantwortung des Fußballs, über Binarität hinauszudenken und auf allen Diversitätsebenen inklusiv zu handeln und zu denken.</p>
<p>Anmeldung per E-Mail erbeten an: erinnerung@ente-bagdad.de</p>
<p><em>Eine Kooperationsveranstaltung mit FC Ente Bagdad, Akademie des Bistums Mainz Erbacher Hof, Frauenbüro der Stadt Mainz, 1. FSV Mainz 05, den Fans von Mainz 05 und Landessportbund RLP.</em></p>

<p>Widerstand während der NS-Diktatur und bürgerschaftliches Engagement heute lassen sich nicht vergleichen. Doch der Blick auf den Widerstand jener Zeit bleibt natürlich wichtig. Auch, um sich zu vergegenwärtigen, wie privilegiert wir in unserer Demokratie sind, wenn es darum geht, uns zu engagieren: Wir können das in aller Freiheit tun. Was&#8230;</p>
<p> <a class="continue-reading-link" href="https://www.haus-des-erinnerns-mainz.de/index.php/veranstaltung/podiumsdiskussion-widerstand-erinnerungskultur-und-kurvenengagement/"><span>Weiterlesen</span><i class="crycon-right-dir"></i></a> </p>
