{"id":5362,"date":"2022-08-15T14:16:02","date_gmt":"2022-08-15T12:16:02","guid":{"rendered":"https:\/\/www.haus-des-erinnerns-mainz.de\/?post_type=tribe_events&#038;p=5362"},"modified":"2022-08-15T14:16:02","modified_gmt":"2022-08-15T12:16:02","slug":"oeffentliches-podiumsgespraech","status":"publish","type":"tribe_events","link":"https:\/\/www.haus-des-erinnerns-mainz.de\/index.php\/veranstaltung\/oeffentliches-podiumsgespraech\/","title":{"rendered":"\u00d6ffentliches Podiumsgespr\u00e4ch"},"content":{"rendered":"<p>Gerne machen wir auf das \u00f6ffentliche Podiumsgespr\u00e4ch am Mittwoch, 7. September 2022, 19.00 Uhr aufmerksam:<\/p>\n<p><strong>Gedenke, Mensch &#8230; Gedenken und Gedenkorte in den Religionen und verschiedenen gesellschaftlichen Gruppen<\/strong><\/p>\n<p>Moderation:<br \/>\nDr. Cornelia Dold, Mainz, Haus des Erinnerns \u2013 f\u00fcr Demokratie und Akzeptanz Mainz<\/p>\n<p>PD Dr. Peter Max Waldmann: Gesch\u00e4ftsf\u00fchrer: \u201eMaimonides J\u00fcdisch-Muslimisches Bildungswerk\u201c<\/p>\n<p>Imam Mustafa Cim\u015fit, Gesch\u00e4ftsf\u00fchrer: \u201eMaimonides J\u00fcdisch-Muslimisches Bildungswerk\u201c<\/p>\n<p>Pfr. Michael Baunacke, Cityseelsorge Mainz<\/p>\n<p>Dr. Walter Zahner, Erster Vorsitzender der DG Deutsche Gesellschaft f\u00fcr christliche Kunst, M\u00fcnchen<\/p>\n<p>Stefan Schirmer, Erinnerungsarbeit im Fu\u00dfball, FC Ente Bagdad Mainz<\/p>\n<p>Eine Anmeldung ist erw\u00fcnscht.<br \/>\neMail: ebh.akademie@bistum-mainz.de; R\u00fcckfragen unter Tel. 06131\/257-523<\/p>\n","protected":false},"excerpt":{"rendered":"<p>Gerne machen wir auf das \u00f6ffentliche Podiumsgespr\u00e4ch am Mittwoch, 7. September 2022, 19.00 Uhr aufmerksam: Gedenke, Mensch &#8230; Gedenken und Gedenkorte in den Religionen und verschiedenen gesellschaftlichen Gruppen Moderation: Dr. Cornelia Dold, Mainz, Haus des Erinnerns \u2013 f\u00fcr Demokratie und Akzeptanz Mainz PD Dr. Peter Max Waldmann: Gesch\u00e4ftsf\u00fchrer: \u201eMaimonides J\u00fcdisch-Muslimisches&#8230;<\/p>\n<p> <a class=\"continue-reading-link\" href=\"https:\/\/www.haus-des-erinnerns-mainz.de\/index.php\/veranstaltung\/oeffentliches-podiumsgespraech\/\"><span>Weiterlesen<\/span><i class=\"crycon-right-dir\"><\/i><\/a> <\/p>\n","protected":false},"author":4,"featured_media":0,"template":"","meta":{"episode_type":"","audio_file":"","podmotor_file_id":"","podmotor_episode_id":"","cover_image":"","cover_image_id":"","duration":"","filesize":"","filesize_raw":"","date_recorded":"","explicit":"","block":"","ngg_post_thumbnail":0,"_price":"","_stock":"","_tribe_ticket_header":"","_tribe_default_ticket_provider":"","_tribe_ticket_capacity":"0","_ticket_start_date":"","_ticket_end_date":"","_tribe_ticket_show_description":"","_tribe_ticket_show_not_going":false,"_tribe_ticket_use_global_stock":"","_tribe_ticket_global_stock_level":"","_global_stock_mode":"","_global_stock_cap":"","_tribe_rsvp_for_event":"","_tribe_ticket_going_count":"","_tribe_ticket_not_going_count":"","_tribe_tickets_list":"[]","_tribe_ticket_has_attendee_info_fields":false,"_tribe_events_status":"","_tribe_events_status_reason":"","footnotes":"","_tec_slr_enabled":"","_tec_slr_layout":""},"tags":[],"tribe_events_cat":[224,323],"class_list":["post-5362","tribe_events","type-tribe_events","status-publish","hentry","tribe_events_cat-september-2","tribe_events_cat-termin-2022","cat_september-2","cat_termin-2022"],"ticketed":false,"_links":{"self":[{"href":"https:\/\/www.haus-des-erinnerns-mainz.de\/index.php\/wp-json\/wp\/v2\/tribe_events\/5362","targetHints":{"allow":["GET"]}}],"collection":[{"href":"https:\/\/www.haus-des-erinnerns-mainz.de\/index.php\/wp-json\/wp\/v2\/tribe_events"}],"about":[{"href":"https:\/\/www.haus-des-erinnerns-mainz.de\/index.php\/wp-json\/wp\/v2\/types\/tribe_events"}],"author":[{"embeddable":true,"href":"https:\/\/www.haus-des-erinnerns-mainz.de\/index.php\/wp-json\/wp\/v2\/users\/4"}],"version-history":[{"count":1,"href":"https:\/\/www.haus-des-erinnerns-mainz.de\/index.php\/wp-json\/wp\/v2\/tribe_events\/5362\/revisions"}],"predecessor-version":[{"id":5363,"href":"https:\/\/www.haus-des-erinnerns-mainz.de\/index.php\/wp-json\/wp\/v2\/tribe_events\/5362\/revisions\/5363"}],"wp:attachment":[{"href":"https:\/\/www.haus-des-erinnerns-mainz.de\/index.php\/wp-json\/wp\/v2\/media?parent=5362"}],"wp:term":[{"taxonomy":"post_tag","embeddable":true,"href":"https:\/\/www.haus-des-erinnerns-mainz.de\/index.php\/wp-json\/wp\/v2\/tags?post=5362"},{"taxonomy":"tribe_events_cat","embeddable":true,"href":"https:\/\/www.haus-des-erinnerns-mainz.de\/index.php\/wp-json\/wp\/v2\/tribe_events_cat?post=5362"}],"curies":[{"name":"wp","href":"https:\/\/api.w.org\/{rel}","templated":true}]}}

Öffentliches Podiumsgespräch

<p>Gerne machen wir auf das öffentliche Podiumsgespräch am Mittwoch, 7. September 2022, 19.00 Uhr aufmerksam:</p>
<p><strong>Gedenke, Mensch &#8230; Gedenken und Gedenkorte in den Religionen und verschiedenen gesellschaftlichen Gruppen</strong></p>
<p>Moderation:<br />
Dr. Cornelia Dold, Mainz, Haus des Erinnerns – für Demokratie und Akzeptanz Mainz</p>
<p>PD Dr. Peter Max Waldmann: Geschäftsführer: „Maimonides Jüdisch-Muslimisches Bildungswerk“</p>
<p>Imam Mustafa Cimşit, Geschäftsführer: „Maimonides Jüdisch-Muslimisches Bildungswerk“</p>
<p>Pfr. Michael Baunacke, Cityseelsorge Mainz</p>
<p>Dr. Walter Zahner, Erster Vorsitzender der DG Deutsche Gesellschaft für christliche Kunst, München</p>
<p>Stefan Schirmer, Erinnerungsarbeit im Fußball, FC Ente Bagdad Mainz</p>
<p>Eine Anmeldung ist erwünscht.<br />
eMail: ebh.akademie@bistum-mainz.de; Rückfragen unter Tel. 06131/257-523</p>

<p>Gerne machen wir auf das öffentliche Podiumsgespräch am Mittwoch, 7. September 2022, 19.00 Uhr aufmerksam: Gedenke, Mensch &#8230; Gedenken und Gedenkorte in den Religionen und verschiedenen gesellschaftlichen Gruppen Moderation: Dr. Cornelia Dold, Mainz, Haus des Erinnerns – für Demokratie und Akzeptanz Mainz PD Dr. Peter Max Waldmann: Geschäftsführer: „Maimonides Jüdisch-Muslimisches&#8230;</p>
<p> <a class="continue-reading-link" href="https://www.haus-des-erinnerns-mainz.de/index.php/veranstaltung/oeffentliches-podiumsgespraech/"><span>Weiterlesen</span><i class="crycon-right-dir"></i></a> </p>
