{"id":5355,"date":"2022-08-15T13:49:43","date_gmt":"2022-08-15T11:49:43","guid":{"rendered":"https:\/\/www.haus-des-erinnerns-mainz.de\/?post_type=tribe_events&#038;p=5355"},"modified":"2022-08-15T13:54:51","modified_gmt":"2022-08-15T11:54:51","slug":"veranstaltungshinweis-gedenke-mensch-orte-gesellschaftlicher-und-kirchlicher-erinnerungskultur-in-geschichte-und-gegenwart","status":"publish","type":"tribe_events","link":"https:\/\/www.haus-des-erinnerns-mainz.de\/index.php\/veranstaltung\/veranstaltungshinweis-gedenke-mensch-orte-gesellschaftlicher-und-kirchlicher-erinnerungskultur-in-geschichte-und-gegenwart\/","title":{"rendered":"Veranstaltungshinweis: Gedenke, Mensch&#8230; Orte gesellschaftlicher und kirchlicher Erinnerungskultur in Geschichte und Gegenwart"},"content":{"rendered":"<p>Gerne weisen wir auf die Einladung zu den sommerlichen <strong>Studientagen Kunst und Liturgie<\/strong> des Erbacher Hofs \u2013 Akademie des Bistums Mainz hin.<\/p>\n<p>In Yad Vashem, der Gedenkst\u00e4tte f\u00fcr die Opfer der Shoa, findet sich der ber\u00fchmte und oft zitierte Satz: \u201eDas Exil wird l\u00e4nger und l\u00e4nger des Vergessens wegen, aber im Erinnern liegt das Geheimnis der Erl\u00f6sung.\u201c<br \/>\nTats\u00e4chlich stehen viele religi\u00f6se und speziell die biblisch begr\u00fcndeten Liturgien in enger Beziehung zum grundmenschlichen Vollzug des Erinnerns bzw. Gedenkens und zu Zeiten und Orten entsprechender Praktiken. Gerade Erinnerungs-\/Ged\u00e4chtnisorte sind dabei oft auch k\u00fcnstlerisch in vielf\u00e4ltiger Weise gestaltet.<br \/>\nSie speichern zum Teil eine F\u00fclle an Bedeutungen und regen immer wieder neu an, sich kollektiv wie individuell mit Vergangenheit(en) auseinanderzusetzen. So k\u00f6nnen Menschen Dankbarkeit kultivieren, sich aber ebenso mit Schuld konfrontieren und sich der eigenen Verantwortung stellen.<\/p>\n<p>Die diesj\u00e4hrigen Studientage \u201eKunst und Liturgie\u201c gehen diesen Zusammenh\u00e4ngen in bew\u00e4hrter Form interdisziplin\u00e4r nach und f\u00fchren (liturgie-)theologisch und kunsthistorisch Interessierte zu Vortr\u00e4gen, Exkursionen und intensivem Austausch zusammen.<\/p>\n<p><a href=\"https:\/\/www.haus-des-erinnerns-mainz.de\/wp-content\/uploads\/2022\/08\/Studientage-MZ-2022-09-Einladung-Programm_web.pdf\"><strong>Hier<\/strong><\/a> gelangen Sie zum ausf\u00fchrlichen Flyer mit Programmablauf.<\/p>\n<p>Am <strong>7. September 2022<\/strong> findet um <strong>19 Uhr<\/strong> ein Podiumsgespr\u00e4ch zum Thema \u201eGedenke, Mensch&#8230; Gedenken und Gedenkorte in den Religionen und verschiedenen gesellschaftlichen Gruppen\u201c.<\/p>\n<p><em>Eine Anmeldung ist erforderlich und kann per Mail an ebh.akademie[at]bistum-mainz.de gerichtet werden oder <a href=\"https:\/\/bistummainz.de\/bildung\/akademie\/veranstaltungen\/termine\/veranstaltung\/Gedenke-Mensch-...-Orte-gesellschaftlicher-und-kirchlicher-Erinnerungskultur-in-Geschichte-und-Gegenwart\/?instancedate=1662381000000\">online<\/a> erfolgen.<\/em><\/p>\n","protected":false},"excerpt":{"rendered":"<p>Gerne weisen wir auf die Einladung zu den sommerlichen Studientagen Kunst und Liturgie des Erbacher Hofs \u2013 Akademie des Bistums Mainz hin. In Yad Vashem, der Gedenkst\u00e4tte f\u00fcr die Opfer der Shoa, findet sich der ber\u00fchmte und oft zitierte Satz: \u201eDas Exil wird l\u00e4nger und l\u00e4nger des Vergessens wegen, aber&#8230;<\/p>\n<p> <a class=\"continue-reading-link\" href=\"https:\/\/www.haus-des-erinnerns-mainz.de\/index.php\/veranstaltung\/veranstaltungshinweis-gedenke-mensch-orte-gesellschaftlicher-und-kirchlicher-erinnerungskultur-in-geschichte-und-gegenwart\/\"><span>Weiterlesen<\/span><i class=\"crycon-right-dir\"><\/i><\/a> <\/p>\n","protected":false},"author":4,"featured_media":0,"template":"","meta":{"episode_type":"","audio_file":"","podmotor_file_id":"","podmotor_episode_id":"","cover_image":"","cover_image_id":"","duration":"","filesize":"","filesize_raw":"","date_recorded":"","explicit":"","block":"","ngg_post_thumbnail":0,"_price":"","_stock":"","_tribe_ticket_header":"","_tribe_default_ticket_provider":"","_tribe_ticket_capacity":"0","_ticket_start_date":"","_ticket_end_date":"","_tribe_ticket_show_description":"","_tribe_ticket_show_not_going":false,"_tribe_ticket_use_global_stock":"","_tribe_ticket_global_stock_level":"","_global_stock_mode":"","_global_stock_cap":"","_tribe_rsvp_for_event":"","_tribe_ticket_going_count":"","_tribe_ticket_not_going_count":"","_tribe_tickets_list":"[]","_tribe_ticket_has_attendee_info_fields":false,"_tribe_events_status":"","_tribe_events_status_reason":"","footnotes":"","_tec_slr_enabled":"","_tec_slr_layout":""},"tags":[405,252,297,407,406],"tribe_events_cat":[224,323],"class_list":["post-5355","tribe_events","type-tribe_events","status-publish","hentry","tag-erbacher-hof","tag-gedenken","tag-kunst","tag-liturgie","tag-studientage","tribe_events_cat-september-2","tribe_events_cat-termin-2022","cat_september-2","cat_termin-2022"],"ticketed":false,"_links":{"self":[{"href":"https:\/\/www.haus-des-erinnerns-mainz.de\/index.php\/wp-json\/wp\/v2\/tribe_events\/5355","targetHints":{"allow":["GET"]}}],"collection":[{"href":"https:\/\/www.haus-des-erinnerns-mainz.de\/index.php\/wp-json\/wp\/v2\/tribe_events"}],"about":[{"href":"https:\/\/www.haus-des-erinnerns-mainz.de\/index.php\/wp-json\/wp\/v2\/types\/tribe_events"}],"author":[{"embeddable":true,"href":"https:\/\/www.haus-des-erinnerns-mainz.de\/index.php\/wp-json\/wp\/v2\/users\/4"}],"version-history":[{"count":3,"href":"https:\/\/www.haus-des-erinnerns-mainz.de\/index.php\/wp-json\/wp\/v2\/tribe_events\/5355\/revisions"}],"predecessor-version":[{"id":5361,"href":"https:\/\/www.haus-des-erinnerns-mainz.de\/index.php\/wp-json\/wp\/v2\/tribe_events\/5355\/revisions\/5361"}],"wp:attachment":[{"href":"https:\/\/www.haus-des-erinnerns-mainz.de\/index.php\/wp-json\/wp\/v2\/media?parent=5355"}],"wp:term":[{"taxonomy":"post_tag","embeddable":true,"href":"https:\/\/www.haus-des-erinnerns-mainz.de\/index.php\/wp-json\/wp\/v2\/tags?post=5355"},{"taxonomy":"tribe_events_cat","embeddable":true,"href":"https:\/\/www.haus-des-erinnerns-mainz.de\/index.php\/wp-json\/wp\/v2\/tribe_events_cat?post=5355"}],"curies":[{"name":"wp","href":"https:\/\/api.w.org\/{rel}","templated":true}]}}

<p>Gerne weisen wir auf die Einladung zu den sommerlichen <strong>Studientagen Kunst und Liturgie</strong> des Erbacher Hofs – Akademie des Bistums Mainz hin.</p>
<p>In Yad Vashem, der Gedenkstätte für die Opfer der Shoa, findet sich der berühmte und oft zitierte Satz: „Das Exil wird länger und länger des Vergessens wegen, aber im Erinnern liegt das Geheimnis der Erlösung.“<br />
Tatsächlich stehen viele religiöse und speziell die biblisch begründeten Liturgien in enger Beziehung zum grundmenschlichen Vollzug des Erinnerns bzw. Gedenkens und zu Zeiten und Orten entsprechender Praktiken. Gerade Erinnerungs-/Gedächtnisorte sind dabei oft auch künstlerisch in vielfältiger Weise gestaltet.<br />
Sie speichern zum Teil eine Fülle an Bedeutungen und regen immer wieder neu an, sich kollektiv wie individuell mit Vergangenheit(en) auseinanderzusetzen. So können Menschen Dankbarkeit kultivieren, sich aber ebenso mit Schuld konfrontieren und sich der eigenen Verantwortung stellen.</p>
<p>Die diesjährigen Studientage „Kunst und Liturgie“ gehen diesen Zusammenhängen in bewährter Form interdisziplinär nach und führen (liturgie-)theologisch und kunsthistorisch Interessierte zu Vorträgen, Exkursionen und intensivem Austausch zusammen.</p>
<p><a href="https://www.haus-des-erinnerns-mainz.de/wp-content/uploads/2022/08/Studientage-MZ-2022-09-Einladung-Programm_web.pdf"><strong>Hier</strong></a> gelangen Sie zum ausführlichen Flyer mit Programmablauf.</p>
<p>Am <strong>7. September 2022</strong> findet um <strong>19 Uhr</strong> ein Podiumsgespräch zum Thema „Gedenke, Mensch&#8230; Gedenken und Gedenkorte in den Religionen und verschiedenen gesellschaftlichen Gruppen“.</p>
<p><em>Eine Anmeldung ist erforderlich und kann per Mail an ebh.akademie[at]bistum-mainz.de gerichtet werden oder <a href="https://bistummainz.de/bildung/akademie/veranstaltungen/termine/veranstaltung/Gedenke-Mensch-...-Orte-gesellschaftlicher-und-kirchlicher-Erinnerungskultur-in-Geschichte-und-Gegenwart/?instancedate=1662381000000">online</a> erfolgen.</em></p>

<p>Gerne weisen wir auf die Einladung zu den sommerlichen Studientagen Kunst und Liturgie des Erbacher Hofs – Akademie des Bistums Mainz hin. In Yad Vashem, der Gedenkstätte für die Opfer der Shoa, findet sich der berühmte und oft zitierte Satz: „Das Exil wird länger und länger des Vergessens wegen, aber&#8230;</p>
<p> <a class="continue-reading-link" href="https://www.haus-des-erinnerns-mainz.de/index.php/veranstaltung/veranstaltungshinweis-gedenke-mensch-orte-gesellschaftlicher-und-kirchlicher-erinnerungskultur-in-geschichte-und-gegenwart/"><span>Weiterlesen</span><i class="crycon-right-dir"></i></a> </p>
