{"id":5103,"date":"2022-04-29T10:14:36","date_gmt":"2022-04-29T08:14:36","guid":{"rendered":"https:\/\/www.haus-des-erinnerns-mainz.de\/?post_type=tribe_events&#038;p=5103"},"modified":"2022-05-10T10:25:12","modified_gmt":"2022-05-10T08:25:12","slug":"zeitzeugengespraech-mit-henriette-kretz","status":"publish","type":"tribe_events","link":"https:\/\/www.haus-des-erinnerns-mainz.de\/index.php\/veranstaltung\/zeitzeugengespraech-mit-henriette-kretz\/","title":{"rendered":"ABGESAGT: Zeitzeugengespr\u00e4ch mit Henriette Kretz"},"content":{"rendered":"<p>Leider m\u00fcssen wir diese Veranstaltung aus gesundheitlichen Gr\u00fcnden absagen. Wir bitten um Verst\u00e4ndnis.<\/p>\n<p><img loading=\"lazy\" decoding=\"async\" class=\"alignnone wp-image-4703\" src=\"https:\/\/www.haus-des-erinnerns-mainz.de\/wp-content\/uploads\/2021\/11\/IMG_5944-300x200.jpg\" alt=\"\" width=\"362\" height=\"241\" srcset=\"https:\/\/www.haus-des-erinnerns-mainz.de\/wp-content\/uploads\/2021\/11\/IMG_5944-300x200.jpg 300w, https:\/\/www.haus-des-erinnerns-mainz.de\/wp-content\/uploads\/2021\/11\/IMG_5944-1024x683.jpg 1024w, https:\/\/www.haus-des-erinnerns-mainz.de\/wp-content\/uploads\/2021\/11\/IMG_5944-768x512.jpg 768w, https:\/\/www.haus-des-erinnerns-mainz.de\/wp-content\/uploads\/2021\/11\/IMG_5944-1536x1024.jpg 1536w, https:\/\/www.haus-des-erinnerns-mainz.de\/wp-content\/uploads\/2021\/11\/IMG_5944-2048x1365.jpg 2048w, https:\/\/www.haus-des-erinnerns-mainz.de\/wp-content\/uploads\/2021\/11\/IMG_5944-150x100.jpg 150w\" sizes=\"auto, (max-width: 362px) 100vw, 362px\" \/><\/p>\n<p>Die Zeitzeugin Henriette Kretz wurde 1934 in Stanis-\u0142aw\u00f3w (heute Iwano-Frankiwsk in der Ukraine) geboren und wuchs als Einzelkind in einer j\u00fcdischen Familie auf. Seit 1935 lebte die Familie in der N\u00e4he von Opat\u00f3w im s\u00fcd\u00f6stlichen Polen. Der Vater war Arzt, die Mutter war von Beruf Anw\u00e4ltin, widmete sich aber ganz der Erziehung der Tochter. Die Verfolgung ihrer Familie begann unmittelbar mit dem deutschen \u00dcberfall auf Polen im September 1939. Die Familie floh nach Lwiw (Lemberg), sp\u00e4ter nach Sambor, in Ostpolen, das 1939 von der Sowjetunion annektiert wurde.<\/p>\n<p>Nach dem deutschen \u00dcberfall auf die Sowjetunion 1941 musste die Familie in ein Zwangsghetto umsiedeln. Mehrmals entkamen sie der Deportation. Nachdem sie \u00fcber ein halbes Jahr von einer polnisch-ukrainischen Familie versteckt worden waren, entdeckte sie die Gestapo. Die Eltern wurden erschossen, Henriette Kretz konnte fliehen und \u00fcberlebte in einem von Nonnen gef\u00fchrten Waisenhaus.<\/p>\n<p>Nach Ende des Zweiten Weltkriegs gelangte sie auf Umwegen nach Antwerpen. Sie studierte Kunstgeschichte und wurde Lehrerin f\u00fcr Franz\u00f6sisch und Kunst. Von 1956 bis 1969 lebte sie in Israel. Dann kehrte sie nach Antwerpen zur\u00fcck. Henriette Kretz hat zwei S\u00f6hne und drei Enkel. Seit 2009 kommt sie als Zeitzeugin in das Bistum Mainz.<br \/>\nHenriette Kretz schildert am Mittwoch, 11. Mai, ab 18 Uhr in der Akademie der Wissenschaften und der Literatur im Gespr\u00e4ch mit dem Autor Reiner Engelmann ihre Erinnerungen. <a href=\"https:\/\/www.haus-des-erinnerns-mainz.de\/wp-content\/uploads\/2022\/04\/HDE_Einladung_Henriette_Kretz_11_5_2022.pdf\">Hier<\/a> gelangen Sie zum Einladungsflyer.<\/p>\n<p><strong>Die Teilnahme an der Veranstaltung ist nur nach vorheriger Anmeldung per Mail an <a href=\"mailto:cornelia.dold@haus-des-erinnerns-mainz.de\">cornelia.dold[at]haus-des-erinnerns-mainz.de<\/a> bis zum 4. Mai m\u00f6glich.<\/strong><\/p>\n<p><em>Eine Kooperationsveranstaltung mit dem Maximilian-Kolbe-Werk e. V., dem Bistum Mainz und der Akademie der Wissenschaften und der Literatur Mainz .<\/em><\/p>\n","protected":false},"excerpt":{"rendered":"<p>Leider m\u00fcssen wir diese Veranstaltung aus gesundheitlichen Gr\u00fcnden absagen. Wir bitten um Verst\u00e4ndnis. Die Zeitzeugin Henriette Kretz wurde 1934 in Stanis-\u0142aw\u00f3w (heute Iwano-Frankiwsk in der Ukraine) geboren und wuchs als Einzelkind in einer j\u00fcdischen Familie auf. Seit 1935 lebte die Familie in der N\u00e4he von Opat\u00f3w im s\u00fcd\u00f6stlichen Polen. Der&#8230;<\/p>\n<p> <a class=\"continue-reading-link\" href=\"https:\/\/www.haus-des-erinnerns-mainz.de\/index.php\/veranstaltung\/zeitzeugengespraech-mit-henriette-kretz\/\"><span>Weiterlesen<\/span><i class=\"crycon-right-dir\"><\/i><\/a> <\/p>\n","protected":false},"author":4,"featured_media":0,"template":"","meta":{"episode_type":"","audio_file":"","podmotor_file_id":"","podmotor_episode_id":"","cover_image":"","cover_image_id":"","duration":"","filesize":"","filesize_raw":"","date_recorded":"","explicit":"","block":"","ngg_post_thumbnail":0,"_price":"","_stock":"","_tribe_ticket_header":"","_tribe_default_ticket_provider":"","_tribe_ticket_capacity":"0","_ticket_start_date":"","_ticket_end_date":"","_tribe_ticket_show_description":"","_tribe_ticket_show_not_going":false,"_tribe_ticket_use_global_stock":"","_tribe_ticket_global_stock_level":"","_global_stock_mode":"","_global_stock_cap":"","_tribe_rsvp_for_event":"","_tribe_ticket_going_count":"","_tribe_ticket_not_going_count":"","_tribe_tickets_list":"[]","_tribe_ticket_has_attendee_info_fields":false,"_tribe_events_status":"","_tribe_events_status_reason":"","footnotes":"","_tec_slr_enabled":"","_tec_slr_layout":""},"tags":[],"tribe_events_cat":[323],"class_list":["post-5103","tribe_events","type-tribe_events","status-publish","hentry","tribe_events_cat-termin-2022","cat_termin-2022"],"ticketed":false,"_links":{"self":[{"href":"https:\/\/www.haus-des-erinnerns-mainz.de\/index.php\/wp-json\/wp\/v2\/tribe_events\/5103","targetHints":{"allow":["GET"]}}],"collection":[{"href":"https:\/\/www.haus-des-erinnerns-mainz.de\/index.php\/wp-json\/wp\/v2\/tribe_events"}],"about":[{"href":"https:\/\/www.haus-des-erinnerns-mainz.de\/index.php\/wp-json\/wp\/v2\/types\/tribe_events"}],"author":[{"embeddable":true,"href":"https:\/\/www.haus-des-erinnerns-mainz.de\/index.php\/wp-json\/wp\/v2\/users\/4"}],"version-history":[{"count":4,"href":"https:\/\/www.haus-des-erinnerns-mainz.de\/index.php\/wp-json\/wp\/v2\/tribe_events\/5103\/revisions"}],"predecessor-version":[{"id":5136,"href":"https:\/\/www.haus-des-erinnerns-mainz.de\/index.php\/wp-json\/wp\/v2\/tribe_events\/5103\/revisions\/5136"}],"wp:attachment":[{"href":"https:\/\/www.haus-des-erinnerns-mainz.de\/index.php\/wp-json\/wp\/v2\/media?parent=5103"}],"wp:term":[{"taxonomy":"post_tag","embeddable":true,"href":"https:\/\/www.haus-des-erinnerns-mainz.de\/index.php\/wp-json\/wp\/v2\/tags?post=5103"},{"taxonomy":"tribe_events_cat","embeddable":true,"href":"https:\/\/www.haus-des-erinnerns-mainz.de\/index.php\/wp-json\/wp\/v2\/tribe_events_cat?post=5103"}],"curies":[{"name":"wp","href":"https:\/\/api.w.org\/{rel}","templated":true}]}}

ABGESAGT: Zeitzeugengespräch mit Henriette Kretz

<p>Leider müssen wir diese Veranstaltung aus gesundheitlichen Gründen absagen. Wir bitten um Verständnis.</p>
<p><img loading="lazy" decoding="async" class="alignnone wp-image-4703" src="https://www.haus-des-erinnerns-mainz.de/wp-content/uploads/2021/11/IMG_5944-300x200.jpg" alt="" width="362" height="241" srcset="https://www.haus-des-erinnerns-mainz.de/wp-content/uploads/2021/11/IMG_5944-300x200.jpg 300w, https://www.haus-des-erinnerns-mainz.de/wp-content/uploads/2021/11/IMG_5944-1024x683.jpg 1024w, https://www.haus-des-erinnerns-mainz.de/wp-content/uploads/2021/11/IMG_5944-768x512.jpg 768w, https://www.haus-des-erinnerns-mainz.de/wp-content/uploads/2021/11/IMG_5944-1536x1024.jpg 1536w, https://www.haus-des-erinnerns-mainz.de/wp-content/uploads/2021/11/IMG_5944-2048x1365.jpg 2048w, https://www.haus-des-erinnerns-mainz.de/wp-content/uploads/2021/11/IMG_5944-150x100.jpg 150w" sizes="auto, (max-width: 362px) 100vw, 362px" /></p>
<p>Die Zeitzeugin Henriette Kretz wurde 1934 in Stanis-ławów (heute Iwano-Frankiwsk in der Ukraine) geboren und wuchs als Einzelkind in einer jüdischen Familie auf. Seit 1935 lebte die Familie in der Nähe von Opatów im südöstlichen Polen. Der Vater war Arzt, die Mutter war von Beruf Anwältin, widmete sich aber ganz der Erziehung der Tochter. Die Verfolgung ihrer Familie begann unmittelbar mit dem deutschen Überfall auf Polen im September 1939. Die Familie floh nach Lwiw (Lemberg), später nach Sambor, in Ostpolen, das 1939 von der Sowjetunion annektiert wurde.</p>
<p>Nach dem deutschen Überfall auf die Sowjetunion 1941 musste die Familie in ein Zwangsghetto umsiedeln. Mehrmals entkamen sie der Deportation. Nachdem sie über ein halbes Jahr von einer polnisch-ukrainischen Familie versteckt worden waren, entdeckte sie die Gestapo. Die Eltern wurden erschossen, Henriette Kretz konnte fliehen und überlebte in einem von Nonnen geführten Waisenhaus.</p>
<p>Nach Ende des Zweiten Weltkriegs gelangte sie auf Umwegen nach Antwerpen. Sie studierte Kunstgeschichte und wurde Lehrerin für Französisch und Kunst. Von 1956 bis 1969 lebte sie in Israel. Dann kehrte sie nach Antwerpen zurück. Henriette Kretz hat zwei Söhne und drei Enkel. Seit 2009 kommt sie als Zeitzeugin in das Bistum Mainz.<br />
Henriette Kretz schildert am Mittwoch, 11. Mai, ab 18 Uhr in der Akademie der Wissenschaften und der Literatur im Gespräch mit dem Autor Reiner Engelmann ihre Erinnerungen. <a href="https://www.haus-des-erinnerns-mainz.de/wp-content/uploads/2022/04/HDE_Einladung_Henriette_Kretz_11_5_2022.pdf">Hier</a> gelangen Sie zum Einladungsflyer.</p>
<p><strong>Die Teilnahme an der Veranstaltung ist nur nach vorheriger Anmeldung per Mail an <a href="mailto:cornelia.dold@haus-des-erinnerns-mainz.de">cornelia.dold[at]haus-des-erinnerns-mainz.de</a> bis zum 4. Mai möglich.</strong></p>
<p><em>Eine Kooperationsveranstaltung mit dem Maximilian-Kolbe-Werk e. V., dem Bistum Mainz und der Akademie der Wissenschaften und der Literatur Mainz .</em></p>

<p>Leider müssen wir diese Veranstaltung aus gesundheitlichen Gründen absagen. Wir bitten um Verständnis. Die Zeitzeugin Henriette Kretz wurde 1934 in Stanis-ławów (heute Iwano-Frankiwsk in der Ukraine) geboren und wuchs als Einzelkind in einer jüdischen Familie auf. Seit 1935 lebte die Familie in der Nähe von Opatów im südöstlichen Polen. Der&#8230;</p>
<p> <a class="continue-reading-link" href="https://www.haus-des-erinnerns-mainz.de/index.php/veranstaltung/zeitzeugengespraech-mit-henriette-kretz/"><span>Weiterlesen</span><i class="crycon-right-dir"></i></a> </p>
