{"id":5039,"date":"2022-04-07T15:15:58","date_gmt":"2022-04-07T13:15:58","guid":{"rendered":"https:\/\/www.haus-des-erinnerns-mainz.de\/?post_type=tribe_events&#038;p=5039"},"modified":"2022-04-08T11:45:16","modified_gmt":"2022-04-08T09:45:16","slug":"buchvorstellung-schreie-auf-papier-die-briefe-von-heinrich-und-selma-wolff-aus-mainz-an-ihre-soehne-herbert-und-helmut-in-new-york-1937-1941","status":"publish","type":"tribe_events","link":"https:\/\/www.haus-des-erinnerns-mainz.de\/index.php\/veranstaltung\/buchvorstellung-schreie-auf-papier-die-briefe-von-heinrich-und-selma-wolff-aus-mainz-an-ihre-soehne-herbert-und-helmut-in-new-york-1937-1941\/","title":{"rendered":"Buchvorstellung: Schreie auf Papier. Die Briefe von Heinrich und Selma Wolff aus Mainz an ihre S\u00f6hne Herbert und Helmut in New York 1937\u20131941"},"content":{"rendered":"<p><strong>Ein j\u00fcdisches Familienschicksal im Holocaust<\/strong><\/p>\n<p>\u201eNun werden wir feste an unserer Auswanderersache arbeiten, in der Hoffnung, unser Ziel zu erreichen.\u201c (Brief vom 5. Mai 1941)<br \/>\nDiese Zeile stammt aus einem der letzten von zahlreichen \u00fcber Jahre, meist w\u00f6chentlich mit den Kindern in den USA ausgetauschten Briefen von Selma und Heinrich Wolff. Die nahezu komplett erhaltenen Briefe der Eltern an ihre Kinder dokumentieren den Niedergang einer rheinhessischen j\u00fcdischen Familie bis hin zur Deportation und Ermordung. Er stellt ein seltenes Zeitdokument dar, das authentische Einblicke in die letzten Lebensjahre einer j\u00fcdischen Familie im Holocaust gew\u00e4hrt.<br \/>\nSelma und Heinrich Wolff, eine alteingesessene j\u00fcdische Familie, die ihren Lebensunterhalt als angesehene H\u00e4ndler mit Wein und landwirtschaftlichen Produkten verdienten, mussten 1937 ihr Haus und sp\u00e4ter ihre L\u00e4ndereien in Nackenheim\/Rheinhessen verkaufen und nach Mainz in die Kaiserstra\u00dfe umziehen. Sie f\u00fchrten mit ihren S\u00f6hnen Herbert und Helmut seit deren Emigration in die USA im April 1937 bzw. Juni 1938 einen regen Briefwechsel. Die nahezu vollst\u00e4ndig \u00fcberlieferten Briefe der Eltern an ihre Kinder verdeutlichen exemplarisch, wie sich die Lebensverh\u00e4ltnisse j\u00fcdischer Menschen in der Zeit der NS-Diktatur immer mehr verschlechterten. In den Briefen tritt das Alltagsleben zunehmend weiter zur\u00fcck, und am Ende geht es nur noch um die Flucht ins rettende Ausland.<br \/>\nAuch die Schicksale von Verwandten und Bekannten geraten in den Blick. Das vorliegende Buch stellt die vollst\u00e4ndige Biografie der Familie Wolff vor und entrei\u00dft diese so dem Vergessen. Es gibt aber beispielhaft auch hunderttausenden j\u00fcdischer Familien eine Stimme.<\/p>\n<p>Am <strong>26. April 2022<\/strong> <strong>um 18.30 Uhr<\/strong> (Einlass ab 18.00 Uhr) wird dieses Buch in den <strong>Mainzer Kammerspielen<\/strong> \u00f6ffentlich vorgestellt. <strong><a href=\"https:\/\/www.haus-des-erinnerns-mainz.de\/wp-content\/uploads\/2022\/04\/Einladung_Schreie-auf-Papier_neu_compressed.pdf\">Hier<\/a> gelangen Sie zum Einladungsflyer mit allen n\u00e4heren Informationen.<\/strong>&nbsp;<\/p>\n<p>Eine Teilnahme an der Veranstaltung ist nur nach vorheriger Anmeldung an cornelia.dold[at]haus-des-erinnerns-mainz.de bis zum 19.04.2022 m\u00f6glich. Bitte beachten Sie, dass es aufgrund der Corona-Pandemie zu \u00c4nderungen bei der Veranstaltung kommen kann.&nbsp;<\/p>\n<p>Eine Kooperationsveranstaltung von: Institut f\u00fcr Geschichtliche Landeskunde an der Universit\u00e4t Mainz e.V., N\u00fcnnerich-Asmus-Verlag &amp; Media, Bildungsministerium Rheinland-Pfalz, Stiftung Rheinland-Pfalz f\u00fcr Kultur, Haus des Erinnerns \u2013 f\u00fcr Demokratie und Akzeptanz Mainz und Landeshauptstadt Mainz.<\/p>\n","protected":false},"excerpt":{"rendered":"<p>Ein j\u00fcdisches Familienschicksal im Holocaust \u201eNun werden wir feste an unserer Auswanderersache arbeiten, in der Hoffnung, unser Ziel zu erreichen.\u201c (Brief vom 5. Mai 1941) Diese Zeile stammt aus einem der letzten von zahlreichen \u00fcber Jahre, meist w\u00f6chentlich mit den Kindern in den USA ausgetauschten Briefen von Selma und Heinrich&#8230;<\/p>\n<p> <a class=\"continue-reading-link\" href=\"https:\/\/www.haus-des-erinnerns-mainz.de\/index.php\/veranstaltung\/buchvorstellung-schreie-auf-papier-die-briefe-von-heinrich-und-selma-wolff-aus-mainz-an-ihre-soehne-herbert-und-helmut-in-new-york-1937-1941\/\"><span>Weiterlesen<\/span><i class=\"crycon-right-dir\"><\/i><\/a> <\/p>\n","protected":false},"author":4,"featured_media":5040,"template":"","meta":{"episode_type":"","audio_file":"","podmotor_file_id":"","podmotor_episode_id":"","cover_image":"","cover_image_id":"","duration":"","filesize":"","filesize_raw":"","date_recorded":"","explicit":"","block":"","ngg_post_thumbnail":0,"_price":"","_stock":"","_tribe_ticket_header":"","_tribe_default_ticket_provider":"","_tribe_ticket_capacity":"0","_ticket_start_date":"","_ticket_end_date":"","_tribe_ticket_show_description":"","_tribe_ticket_show_not_going":false,"_tribe_ticket_use_global_stock":"","_tribe_ticket_global_stock_level":"","_global_stock_mode":"","_global_stock_cap":"","_tribe_rsvp_for_event":"","_tribe_ticket_going_count":"","_tribe_ticket_not_going_count":"","_tribe_tickets_list":"[]","_tribe_ticket_has_attendee_info_fields":false,"_tribe_events_status":"","_tribe_events_status_reason":"","footnotes":"","_tec_slr_enabled":"","_tec_slr_layout":""},"tags":[373,5,51,347,372],"tribe_events_cat":[323],"class_list":["post-5039","tribe_events","type-tribe_events","status-publish","has-post-thumbnail","hentry","tag-briefe","tag-buchvorstellung","tag-holocaust","tag-nackenheim","tag-wolff","tribe_events_cat-termin-2022","cat_termin-2022"],"ticketed":false,"_links":{"self":[{"href":"https:\/\/www.haus-des-erinnerns-mainz.de\/index.php\/wp-json\/wp\/v2\/tribe_events\/5039","targetHints":{"allow":["GET"]}}],"collection":[{"href":"https:\/\/www.haus-des-erinnerns-mainz.de\/index.php\/wp-json\/wp\/v2\/tribe_events"}],"about":[{"href":"https:\/\/www.haus-des-erinnerns-mainz.de\/index.php\/wp-json\/wp\/v2\/types\/tribe_events"}],"author":[{"embeddable":true,"href":"https:\/\/www.haus-des-erinnerns-mainz.de\/index.php\/wp-json\/wp\/v2\/users\/4"}],"version-history":[{"count":2,"href":"https:\/\/www.haus-des-erinnerns-mainz.de\/index.php\/wp-json\/wp\/v2\/tribe_events\/5039\/revisions"}],"predecessor-version":[{"id":5043,"href":"https:\/\/www.haus-des-erinnerns-mainz.de\/index.php\/wp-json\/wp\/v2\/tribe_events\/5039\/revisions\/5043"}],"wp:featuredmedia":[{"embeddable":true,"href":"https:\/\/www.haus-des-erinnerns-mainz.de\/index.php\/wp-json\/wp\/v2\/media\/5040"}],"wp:attachment":[{"href":"https:\/\/www.haus-des-erinnerns-mainz.de\/index.php\/wp-json\/wp\/v2\/media?parent=5039"}],"wp:term":[{"taxonomy":"post_tag","embeddable":true,"href":"https:\/\/www.haus-des-erinnerns-mainz.de\/index.php\/wp-json\/wp\/v2\/tags?post=5039"},{"taxonomy":"tribe_events_cat","embeddable":true,"href":"https:\/\/www.haus-des-erinnerns-mainz.de\/index.php\/wp-json\/wp\/v2\/tribe_events_cat?post=5039"}],"curies":[{"name":"wp","href":"https:\/\/api.w.org\/{rel}","templated":true}]}}

Buchvorstellung: Schreie auf Papier. Die Briefe von Heinrich und Selma Wolff aus Mainz an ihre Söhne Herbert und Helmut in New York 1937–1941

<p><strong>Ein jüdisches Familienschicksal im Holocaust</strong></p>
<p>„Nun werden wir feste an unserer Auswanderersache arbeiten, in der Hoffnung, unser Ziel zu erreichen.“ (Brief vom 5. Mai 1941)<br />
Diese Zeile stammt aus einem der letzten von zahlreichen über Jahre, meist wöchentlich mit den Kindern in den USA ausgetauschten Briefen von Selma und Heinrich Wolff. Die nahezu komplett erhaltenen Briefe der Eltern an ihre Kinder dokumentieren den Niedergang einer rheinhessischen jüdischen Familie bis hin zur Deportation und Ermordung. Er stellt ein seltenes Zeitdokument dar, das authentische Einblicke in die letzten Lebensjahre einer jüdischen Familie im Holocaust gewährt.<br />
Selma und Heinrich Wolff, eine alteingesessene jüdische Familie, die ihren Lebensunterhalt als angesehene Händler mit Wein und landwirtschaftlichen Produkten verdienten, mussten 1937 ihr Haus und später ihre Ländereien in Nackenheim/Rheinhessen verkaufen und nach Mainz in die Kaiserstraße umziehen. Sie führten mit ihren Söhnen Herbert und Helmut seit deren Emigration in die USA im April 1937 bzw. Juni 1938 einen regen Briefwechsel. Die nahezu vollständig überlieferten Briefe der Eltern an ihre Kinder verdeutlichen exemplarisch, wie sich die Lebensverhältnisse jüdischer Menschen in der Zeit der NS-Diktatur immer mehr verschlechterten. In den Briefen tritt das Alltagsleben zunehmend weiter zurück, und am Ende geht es nur noch um die Flucht ins rettende Ausland.<br />
Auch die Schicksale von Verwandten und Bekannten geraten in den Blick. Das vorliegende Buch stellt die vollständige Biografie der Familie Wolff vor und entreißt diese so dem Vergessen. Es gibt aber beispielhaft auch hunderttausenden jüdischer Familien eine Stimme.</p>
<p>Am <strong>26. April 2022</strong> <strong>um 18.30 Uhr</strong> (Einlass ab 18.00 Uhr) wird dieses Buch in den <strong>Mainzer Kammerspielen</strong> öffentlich vorgestellt. <strong><a href="https://www.haus-des-erinnerns-mainz.de/wp-content/uploads/2022/04/Einladung_Schreie-auf-Papier_neu_compressed.pdf">Hier</a> gelangen Sie zum Einladungsflyer mit allen näheren Informationen.</strong>&nbsp;</p>
<p>Eine Teilnahme an der Veranstaltung ist nur nach vorheriger Anmeldung an cornelia.dold[at]haus-des-erinnerns-mainz.de bis zum 19.04.2022 möglich. Bitte beachten Sie, dass es aufgrund der Corona-Pandemie zu Änderungen bei der Veranstaltung kommen kann.&nbsp;</p>
<p>Eine Kooperationsveranstaltung von: Institut für Geschichtliche Landeskunde an der Universität Mainz e.V., Nünnerich-Asmus-Verlag &amp; Media, Bildungsministerium Rheinland-Pfalz, Stiftung Rheinland-Pfalz für Kultur, Haus des Erinnerns – für Demokratie und Akzeptanz Mainz und Landeshauptstadt Mainz.</p>

<p>Ein jüdisches Familienschicksal im Holocaust „Nun werden wir feste an unserer Auswanderersache arbeiten, in der Hoffnung, unser Ziel zu erreichen.“ (Brief vom 5. Mai 1941) Diese Zeile stammt aus einem der letzten von zahlreichen über Jahre, meist wöchentlich mit den Kindern in den USA ausgetauschten Briefen von Selma und Heinrich&#8230;</p>
<p> <a class="continue-reading-link" href="https://www.haus-des-erinnerns-mainz.de/index.php/veranstaltung/buchvorstellung-schreie-auf-papier-die-briefe-von-heinrich-und-selma-wolff-aus-mainz-an-ihre-soehne-herbert-und-helmut-in-new-york-1937-1941/"><span>Weiterlesen</span><i class="crycon-right-dir"></i></a> </p>
