{"id":4820,"date":"2022-01-31T10:44:06","date_gmt":"2022-01-31T09:44:06","guid":{"rendered":"https:\/\/www.haus-des-erinnerns-mainz.de\/?post_type=tribe_events&#038;p=4820"},"modified":"2022-01-31T10:44:06","modified_gmt":"2022-01-31T09:44:06","slug":"von-der-bunten-vielfalt-juedischen-lebens-livestream-via-zoom","status":"publish","type":"tribe_events","link":"https:\/\/www.haus-des-erinnerns-mainz.de\/index.php\/veranstaltung\/von-der-bunten-vielfalt-juedischen-lebens-livestream-via-zoom\/","title":{"rendered":"Von der bunten Vielfalt j\u00fcdischen Lebens \u2013 Livestream via Zoom"},"content":{"rendered":"<p><strong><img loading=\"lazy\" decoding=\"async\" class=\"size-medium wp-image-4821 alignleft\" src=\"https:\/\/www.haus-des-erinnerns-mainz.de\/wp-content\/uploads\/2022\/01\/Bild_2022-01-31_104256-198x300.png\" alt=\"\" width=\"198\" height=\"300\" srcset=\"https:\/\/www.haus-des-erinnerns-mainz.de\/wp-content\/uploads\/2022\/01\/Bild_2022-01-31_104256-198x300.png 198w, https:\/\/www.haus-des-erinnerns-mainz.de\/wp-content\/uploads\/2022\/01\/Bild_2022-01-31_104256-99x150.png 99w, https:\/\/www.haus-des-erinnerns-mainz.de\/wp-content\/uploads\/2022\/01\/Bild_2022-01-31_104256.png 519w\" sizes=\"auto, (max-width: 198px) 100vw, 198px\" \/>Laura Caz\u00e9s, Barbara Honigmann und Mirjam Wenzel im Gespr\u00e4ch<\/strong><\/p>\n<p><span id=\"page1R_mcid29\" class=\"markedContent\"><span dir=\"ltr\" role=\"presentation\">Drei Frauen unterschiedlicher Herkunft, aus verschie<\/span><\/span><span id=\"page1R_mcid31\" class=\"markedContent\"><span dir=\"ltr\" role=\"presentation\">denen Generationen, die die Auseinandersetzung mit der <\/span><\/span><span id=\"page1R_mcid32\" class=\"markedContent\"><span dir=\"ltr\" role=\"presentation\">j\u00fcdischen Kultur in Vergangenheit und Gegenwart verbin<\/span><\/span><span id=\"page1R_mcid34\" class=\"markedContent\"><span dir=\"ltr\" role=\"presentation\">det, sprechen \u00fcber die \u00bbbunte Vielfalt j\u00fcdischen Lebens\u00ab:<\/span><\/span><\/p>\n<p><span id=\"page1R_mcid35\" class=\"markedContent\"><br role=\"presentation\"><strong><span dir=\"ltr\" role=\"presentation\">Laura Caz\u00e9s<\/span><\/strong><\/span><span id=\"page1R_mcid36\" class=\"markedContent\"> <span dir=\"ltr\" role=\"presentation\">ist Leiterin der Abteilung f\u00fcr Kommunikati<\/span><\/span><span id=\"page1R_mcid38\" class=\"markedContent\"><span dir=\"ltr\" role=\"presentation\">on und Digitalisierung der Zentralwohlfahrtsstelle der Ju<\/span><\/span><span id=\"page1R_mcid40\" class=\"markedContent\"><span dir=\"ltr\" role=\"presentation\">den in Deutschland. Als Autorin und Speakerin sind ihre <\/span><\/span><span id=\"page1R_mcid41\" class=\"markedContent\"><span dir=\"ltr\" role=\"presentation\">Kernthemen die Diversit\u00e4t und Wahrnehmung j\u00fcdischer <\/span><\/span><span id=\"page1R_mcid42\" class=\"markedContent\"><span dir=\"ltr\" role=\"presentation\">Lebenswelten in Deutschland, der Einbezug j\u00fcdischer Per<\/span><\/span><span id=\"page1R_mcid44\" class=\"markedContent\"><span dir=\"ltr\" role=\"presentation\">spektiven in gesellschaftliche Diskursr\u00e4ume und die Schaf<\/span><\/span><span id=\"page1R_mcid46\" class=\"markedContent\"><span dir=\"ltr\" role=\"presentation\">fung innovativer Konzepte f\u00fcr und mit j\u00fcdischen Communi<\/span><\/span><span id=\"page1R_mcid48\" class=\"markedContent\"><span dir=\"ltr\" role=\"presentation\">ties. Sie ist Mitinitiatorin des j\u00e4hrlich stattfindenden Jewish <\/span><\/span><span id=\"page1R_mcid49\" class=\"markedContent\"><span dir=\"ltr\" role=\"presentation\">Women Empowerment Summit.<\/span><\/span><\/p>\n<p><span id=\"page1R_mcid50\" class=\"markedContent\"><br role=\"presentation\"><strong><span dir=\"ltr\" role=\"presentation\">Barbara Honigmann<\/span><\/strong><\/span><span id=\"page1R_mcid51\" class=\"markedContent\"><span dir=\"ltr\" role=\"presentation\">, 1949 in Ost-Berlin geboren, arbeitete <\/span><\/span><span id=\"page1R_mcid52\" class=\"markedContent\"><span dir=\"ltr\" role=\"presentation\">als Dramaturgin und Regisseurin. 1984 emigrierte sie mit <\/span><\/span><span id=\"page1R_mcid53\" class=\"markedContent\"><span dir=\"ltr\" role=\"presentation\">ihrer Familie nach Stra\u00dfburg, wo sie noch heute lebt. Ho<\/span><\/span><span id=\"page1R_mcid55\" class=\"markedContent\"><span dir=\"ltr\" role=\"presentation\">nigmanns Werk wurde mit zahlreichen Preisen ausgezeich<\/span><\/span><span id=\"page1R_mcid57\" class=\"markedContent\"><span dir=\"ltr\" role=\"presentation\">net, u.a. zuletzt dem Literaturpreis der Konrad-Adenau<\/span><\/span><span id=\"page1R_mcid59\" class=\"markedContent\"><span dir=\"ltr\" role=\"presentation\">er-Stiftung 2022. In ihren Ver\u00f6ffentlichungen setzt sie sich <\/span><\/span><span id=\"page1R_mcid60\" class=\"markedContent\"><span dir=\"ltr\" role=\"presentation\">immer wieder mit ihrer Herkuft und ihrer j\u00fcdischen Iden<\/span><\/span><span id=\"page1R_mcid62\" class=\"markedContent\"><span dir=\"ltr\" role=\"presentation\">tit\u00e4t auseinander, zuletzt \u203aChronik meiner Stra\u00dfe\u2039 (2015), <\/span><\/span><span id=\"page1R_mcid63\" class=\"markedContent\"><span dir=\"ltr\" role=\"presentation\">\u203aGeorg\u2039 (2019) und die Textsammlung \u203aUnversch\u00e4mt j\u00fc<\/span><\/span><span id=\"page1R_mcid65\" class=\"markedContent\"><span dir=\"ltr\" role=\"presentation\">disch\u2039 (2021). Barbara Honigmann ist seit 2007 Mitglied <\/span><\/span><span id=\"page1R_mcid66\" class=\"markedContent\"><span dir=\"ltr\" role=\"presentation\">der Akademie der Wissenschaften und der Literatur.<\/span><\/span><\/p>\n<p><span id=\"page1R_mcid67\" class=\"markedContent\"><br role=\"presentation\"><strong><span dir=\"ltr\" role=\"presentation\">Prof. Dr. Mirjam Wenzel<\/span><\/strong><\/span><span id=\"page1R_mcid68\" class=\"markedContent\"><span dir=\"ltr\" role=\"presentation\">, seit 2016 Direktorin des J\u00fcdischen <\/span><\/span><span id=\"page1R_mcid69\" class=\"markedContent\"><span dir=\"ltr\" role=\"presentation\">Museums in Frankfurt am Main, das unter ihrer Leitung <\/span><\/span><span id=\"page1R_mcid70\" class=\"markedContent\"><span dir=\"ltr\" role=\"presentation\">grundlegend erneuer t wurde. Sie studier te Allgemeine <\/span><\/span><span id=\"page1R_mcid71\" class=\"markedContent\"><span dir=\"ltr\" role=\"presentation\">und Vergleichende Literaturwissenschaft, Theater-, Film- <\/span><\/span><span id=\"page1R_mcid72\" class=\"markedContent\"><span dir=\"ltr\" role=\"presentation\">und Fernsehwissenschaft sowie Politikwissenschaft in Ber<\/span><\/span><span id=\"page1R_mcid74\" class=\"markedContent\"><span dir=\"ltr\" role=\"presentation\">lin und Tel Aviv. Von 2007 bis 2015 war sie als Abteilungs<\/span><\/span><span id=\"page1R_mcid76\" class=\"markedContent\"><span dir=\"ltr\" role=\"presentation\">leiterin am J\u00fcdischen Museum Berlin f\u00fcr die Vermittlung <\/span><\/span><span id=\"page1R_mcid77\" class=\"markedContent\"><span dir=\"ltr\" role=\"presentation\">von j\u00fcdischer Geschichte und Kultur in digitalen und ge<\/span><\/span><span id=\"page1R_mcid79\" class=\"markedContent\"><span dir=\"ltr\" role=\"presentation\">druckten Medien verantwortlich. 2019 wurde sie<\/span><\/span><span id=\"page1R_mcid80\" class=\"markedContent\"> <span dir=\"ltr\" role=\"presentation\">zur Ho<\/span><\/span><span id=\"page1R_mcid82\" class=\"markedContent\"><span dir=\"ltr\" role=\"presentation\">norarprofessorin an der Goethe-Universit\u00e4t Frank<\/span><\/span><span id=\"page1R_mcid84\" class=\"markedContent\"><span dir=\"ltr\" role=\"presentation\">furt am Main ernannt.<\/span><\/span><\/p>\n<p>Den Zugangslink erhalten Sie nach Voranmeldung per Mail an cornelia.dold[at]haus-des-erinnerns-mainz.de.<\/p>\n<p><em>Eine Kooperationsveranstaltung mit der Akademie der Wissenschaften und der Literatur und dem J\u00fcdischen Museum Frankfurt am Main<\/em><\/p>\n","protected":false},"excerpt":{"rendered":"<p>Laura Caz\u00e9s, Barbara Honigmann und Mirjam Wenzel im Gespr\u00e4ch Drei Frauen unterschiedlicher Herkunft, aus verschiedenen Generationen, die die Auseinandersetzung mit der j\u00fcdischen Kultur in Vergangenheit und Gegenwart verbindet, sprechen \u00fcber die \u00bbbunte Vielfalt j\u00fcdischen Lebens\u00ab: Laura Caz\u00e9s ist Leiterin der Abteilung f\u00fcr Kommunikation und Digitalisierung der Zentralwohlfahrtsstelle der Juden in&#8230;<\/p>\n<p> <a class=\"continue-reading-link\" href=\"https:\/\/www.haus-des-erinnerns-mainz.de\/index.php\/veranstaltung\/von-der-bunten-vielfalt-juedischen-lebens-livestream-via-zoom\/\"><span>Weiterlesen<\/span><i class=\"crycon-right-dir\"><\/i><\/a> <\/p>\n","protected":false},"author":4,"featured_media":0,"template":"","meta":{"episode_type":"","audio_file":"","podmotor_file_id":"","podmotor_episode_id":"","cover_image":"","cover_image_id":"","duration":"","filesize":"","filesize_raw":"","date_recorded":"","explicit":"","block":"","ngg_post_thumbnail":0,"_price":"","_stock":"","_tribe_ticket_header":"","_tribe_default_ticket_provider":"","_tribe_ticket_capacity":"0","_ticket_start_date":"","_ticket_end_date":"","_tribe_ticket_show_description":"","_tribe_ticket_show_not_going":false,"_tribe_ticket_use_global_stock":"","_tribe_ticket_global_stock_level":"","_global_stock_mode":"","_global_stock_cap":"","_tribe_rsvp_for_event":"","_tribe_ticket_going_count":"","_tribe_ticket_not_going_count":"","_tribe_tickets_list":"[]","_tribe_ticket_has_attendee_info_fields":false,"_tribe_events_status":"","_tribe_events_status_reason":"","footnotes":"","_tec_slr_enabled":"","_tec_slr_layout":""},"tags":[],"tribe_events_cat":[127],"class_list":["post-4820","tribe_events","type-tribe_events","status-publish","hentry","tribe_events_cat-februar","cat_februar"],"ticketed":false,"_links":{"self":[{"href":"https:\/\/www.haus-des-erinnerns-mainz.de\/index.php\/wp-json\/wp\/v2\/tribe_events\/4820","targetHints":{"allow":["GET"]}}],"collection":[{"href":"https:\/\/www.haus-des-erinnerns-mainz.de\/index.php\/wp-json\/wp\/v2\/tribe_events"}],"about":[{"href":"https:\/\/www.haus-des-erinnerns-mainz.de\/index.php\/wp-json\/wp\/v2\/types\/tribe_events"}],"author":[{"embeddable":true,"href":"https:\/\/www.haus-des-erinnerns-mainz.de\/index.php\/wp-json\/wp\/v2\/users\/4"}],"version-history":[{"count":2,"href":"https:\/\/www.haus-des-erinnerns-mainz.de\/index.php\/wp-json\/wp\/v2\/tribe_events\/4820\/revisions"}],"predecessor-version":[{"id":4823,"href":"https:\/\/www.haus-des-erinnerns-mainz.de\/index.php\/wp-json\/wp\/v2\/tribe_events\/4820\/revisions\/4823"}],"wp:attachment":[{"href":"https:\/\/www.haus-des-erinnerns-mainz.de\/index.php\/wp-json\/wp\/v2\/media?parent=4820"}],"wp:term":[{"taxonomy":"post_tag","embeddable":true,"href":"https:\/\/www.haus-des-erinnerns-mainz.de\/index.php\/wp-json\/wp\/v2\/tags?post=4820"},{"taxonomy":"tribe_events_cat","embeddable":true,"href":"https:\/\/www.haus-des-erinnerns-mainz.de\/index.php\/wp-json\/wp\/v2\/tribe_events_cat?post=4820"}],"curies":[{"name":"wp","href":"https:\/\/api.w.org\/{rel}","templated":true}]}}

Von der bunten Vielfalt jüdischen Lebens – Livestream via Zoom

<p><strong><img loading="lazy" decoding="async" class="size-medium wp-image-4821 alignleft" src="https://www.haus-des-erinnerns-mainz.de/wp-content/uploads/2022/01/Bild_2022-01-31_104256-198x300.png" alt="" width="198" height="300" srcset="https://www.haus-des-erinnerns-mainz.de/wp-content/uploads/2022/01/Bild_2022-01-31_104256-198x300.png 198w, https://www.haus-des-erinnerns-mainz.de/wp-content/uploads/2022/01/Bild_2022-01-31_104256-99x150.png 99w, https://www.haus-des-erinnerns-mainz.de/wp-content/uploads/2022/01/Bild_2022-01-31_104256.png 519w" sizes="auto, (max-width: 198px) 100vw, 198px" />Laura Cazés, Barbara Honigmann und Mirjam Wenzel im Gespräch</strong></p>
<p><span id="page1R_mcid29" class="markedContent"><span dir="ltr" role="presentation">Drei Frauen unterschiedlicher Herkunft, aus verschie</span></span><span id="page1R_mcid31" class="markedContent"><span dir="ltr" role="presentation">denen Generationen, die die Auseinandersetzung mit der </span></span><span id="page1R_mcid32" class="markedContent"><span dir="ltr" role="presentation">jüdischen Kultur in Vergangenheit und Gegenwart verbin</span></span><span id="page1R_mcid34" class="markedContent"><span dir="ltr" role="presentation">det, sprechen über die »bunte Vielfalt jüdischen Lebens«:</span></span></p>
<p><span id="page1R_mcid35" class="markedContent"><br role="presentation"><strong><span dir="ltr" role="presentation">Laura Cazés</span></strong></span><span id="page1R_mcid36" class="markedContent"> <span dir="ltr" role="presentation">ist Leiterin der Abteilung für Kommunikati</span></span><span id="page1R_mcid38" class="markedContent"><span dir="ltr" role="presentation">on und Digitalisierung der Zentralwohlfahrtsstelle der Ju</span></span><span id="page1R_mcid40" class="markedContent"><span dir="ltr" role="presentation">den in Deutschland. Als Autorin und Speakerin sind ihre </span></span><span id="page1R_mcid41" class="markedContent"><span dir="ltr" role="presentation">Kernthemen die Diversität und Wahrnehmung jüdischer </span></span><span id="page1R_mcid42" class="markedContent"><span dir="ltr" role="presentation">Lebenswelten in Deutschland, der Einbezug jüdischer Per</span></span><span id="page1R_mcid44" class="markedContent"><span dir="ltr" role="presentation">spektiven in gesellschaftliche Diskursräume und die Schaf</span></span><span id="page1R_mcid46" class="markedContent"><span dir="ltr" role="presentation">fung innovativer Konzepte für und mit jüdischen Communi</span></span><span id="page1R_mcid48" class="markedContent"><span dir="ltr" role="presentation">ties. Sie ist Mitinitiatorin des jährlich stattfindenden Jewish </span></span><span id="page1R_mcid49" class="markedContent"><span dir="ltr" role="presentation">Women Empowerment Summit.</span></span></p>
<p><span id="page1R_mcid50" class="markedContent"><br role="presentation"><strong><span dir="ltr" role="presentation">Barbara Honigmann</span></strong></span><span id="page1R_mcid51" class="markedContent"><span dir="ltr" role="presentation">, 1949 in Ost-Berlin geboren, arbeitete </span></span><span id="page1R_mcid52" class="markedContent"><span dir="ltr" role="presentation">als Dramaturgin und Regisseurin. 1984 emigrierte sie mit </span></span><span id="page1R_mcid53" class="markedContent"><span dir="ltr" role="presentation">ihrer Familie nach Straßburg, wo sie noch heute lebt. Ho</span></span><span id="page1R_mcid55" class="markedContent"><span dir="ltr" role="presentation">nigmanns Werk wurde mit zahlreichen Preisen ausgezeich</span></span><span id="page1R_mcid57" class="markedContent"><span dir="ltr" role="presentation">net, u.a. zuletzt dem Literaturpreis der Konrad-Adenau</span></span><span id="page1R_mcid59" class="markedContent"><span dir="ltr" role="presentation">er-Stiftung 2022. In ihren Veröffentlichungen setzt sie sich </span></span><span id="page1R_mcid60" class="markedContent"><span dir="ltr" role="presentation">immer wieder mit ihrer Herkuft und ihrer jüdischen Iden</span></span><span id="page1R_mcid62" class="markedContent"><span dir="ltr" role="presentation">tität auseinander, zuletzt ›Chronik meiner Straße‹ (2015), </span></span><span id="page1R_mcid63" class="markedContent"><span dir="ltr" role="presentation">›Georg‹ (2019) und die Textsammlung ›Unverschämt jü</span></span><span id="page1R_mcid65" class="markedContent"><span dir="ltr" role="presentation">disch‹ (2021). Barbara Honigmann ist seit 2007 Mitglied </span></span><span id="page1R_mcid66" class="markedContent"><span dir="ltr" role="presentation">der Akademie der Wissenschaften und der Literatur.</span></span></p>
<p><span id="page1R_mcid67" class="markedContent"><br role="presentation"><strong><span dir="ltr" role="presentation">Prof. Dr. Mirjam Wenzel</span></strong></span><span id="page1R_mcid68" class="markedContent"><span dir="ltr" role="presentation">, seit 2016 Direktorin des Jüdischen </span></span><span id="page1R_mcid69" class="markedContent"><span dir="ltr" role="presentation">Museums in Frankfurt am Main, das unter ihrer Leitung </span></span><span id="page1R_mcid70" class="markedContent"><span dir="ltr" role="presentation">grundlegend erneuer t wurde. Sie studier te Allgemeine </span></span><span id="page1R_mcid71" class="markedContent"><span dir="ltr" role="presentation">und Vergleichende Literaturwissenschaft, Theater-, Film- </span></span><span id="page1R_mcid72" class="markedContent"><span dir="ltr" role="presentation">und Fernsehwissenschaft sowie Politikwissenschaft in Ber</span></span><span id="page1R_mcid74" class="markedContent"><span dir="ltr" role="presentation">lin und Tel Aviv. Von 2007 bis 2015 war sie als Abteilungs</span></span><span id="page1R_mcid76" class="markedContent"><span dir="ltr" role="presentation">leiterin am Jüdischen Museum Berlin für die Vermittlung </span></span><span id="page1R_mcid77" class="markedContent"><span dir="ltr" role="presentation">von jüdischer Geschichte und Kultur in digitalen und ge</span></span><span id="page1R_mcid79" class="markedContent"><span dir="ltr" role="presentation">druckten Medien verantwortlich. 2019 wurde sie</span></span><span id="page1R_mcid80" class="markedContent"> <span dir="ltr" role="presentation">zur Ho</span></span><span id="page1R_mcid82" class="markedContent"><span dir="ltr" role="presentation">norarprofessorin an der Goethe-Universität Frank</span></span><span id="page1R_mcid84" class="markedContent"><span dir="ltr" role="presentation">furt am Main ernannt.</span></span></p>
<p>Den Zugangslink erhalten Sie nach Voranmeldung per Mail an cornelia.dold[at]haus-des-erinnerns-mainz.de.</p>
<p><em>Eine Kooperationsveranstaltung mit der Akademie der Wissenschaften und der Literatur und dem Jüdischen Museum Frankfurt am Main</em></p>

<p>Laura Cazés, Barbara Honigmann und Mirjam Wenzel im Gespräch Drei Frauen unterschiedlicher Herkunft, aus verschiedenen Generationen, die die Auseinandersetzung mit der jüdischen Kultur in Vergangenheit und Gegenwart verbindet, sprechen über die »bunte Vielfalt jüdischen Lebens«: Laura Cazés ist Leiterin der Abteilung für Kommunikation und Digitalisierung der Zentralwohlfahrtsstelle der Juden in&#8230;</p>
<p> <a class="continue-reading-link" href="https://www.haus-des-erinnerns-mainz.de/index.php/veranstaltung/von-der-bunten-vielfalt-juedischen-lebens-livestream-via-zoom/"><span>Weiterlesen</span><i class="crycon-right-dir"></i></a> </p>
