{"id":4635,"date":"2021-10-08T13:52:57","date_gmt":"2021-10-08T11:52:57","guid":{"rendered":"https:\/\/www.haus-des-erinnerns-mainz.de\/?post_type=tribe_events&#038;p=4635"},"modified":"2021-10-08T13:52:57","modified_gmt":"2021-10-08T11:52:57","slug":"vorstellung-der-neuen-mitte-studie","status":"publish","type":"tribe_events","link":"https:\/\/www.haus-des-erinnerns-mainz.de\/index.php\/veranstaltung\/vorstellung-der-neuen-mitte-studie\/","title":{"rendered":"Vorstellung der neuen Mitte-Studie"},"content":{"rendered":"<p>Am Montag, dem 25. Oktober 2021, um 18 Uhr, laden wir herzlich zur Vorstellung der neuen Mitte-Studie der Friedrich-Ebert-Stiftung in den Landtag Rheinland-Pfalz ein.<\/p>\n<p>Selten war die gesellschaftliche Mitte so \u201egefordert\u201c wie heute: Rechtsextremismus, Populismus und Rassismus fordern sie heraus. Verschw\u00f6rungstheorien sto\u00dfen ebenfalls vermehrt auf Anklang. Nun kommt die Corona-Pandemie mit globalen Unsicherheiten und unkalkulierbaren Folgekrisen dazu. Was hei\u00dft das f\u00fcr die demokratische Orientierung unserer Gesellschaft?<\/p>\n<p>Alle zwei Jahre untersucht die Mitte-Studie der Friedrich-Ebert-Stiftung rechtsextreme, menschenfeindliche und demokratiegef\u00e4hrdende Einstellungen in der deutschen Gesellschaft. Die Ende Juni ver\u00f6ffentlichten aktuellen Ergebnisse lassen Entwicklungen, die die Demokratie f\u00f6rdern als auch solche, die sie gef\u00e4hrden, erkennen: Die \u201eMitte\u201c ist gefordert, Haltung zu zeigen, Position zu beziehen und die Demokratie zu st\u00e4rken!<\/p>\n<p>Besonders vertiefen wollen wir den Blick auf das Propagandafeld Klima: Feststellbar ist eine grunds\u00e4tzliche Affinit\u00e4t von<br \/>\nRechtspopulismus zu Klimaskepsis und Klimaleugnertum \u2013 vor dem Hintergrund der Flutkatastrophe im Ahrtal von bitterer Aktualit\u00e4t in Rheinland-Pfalz.<\/p>\n<p>Wir laden Sie herzlich ein, die Ergebnisse der neuesten Studie und m\u00f6gliche Gegenstrategien in Rheinland-Pfalz mit unseren G\u00e4sten zu diskutieren. <a href=\"https:\/\/www.haus-des-erinnerns-mainz.de\/wp-content\/uploads\/2021\/10\/1_FES-E-Mitte-Studie_25.10.21_Web.pdf\">Hier<\/a> erhalten Sie Einblick in den Veranstaltungsflyer.&nbsp;<\/p>\n<p><em>Eine Kooperationsveranstaltung mit der Friedrich-Ebert-Stiftung und dem Haus des Erinnerns \u2013 f\u00fcr Demokratie und Akzeptanz Mainz.&nbsp;<\/em><\/p>\n","protected":false},"excerpt":{"rendered":"<p>Am Montag, dem 25. Oktober 2021, um 18 Uhr, laden wir herzlich zur Vorstellung der neuen Mitte-Studie der Friedrich-Ebert-Stiftung in den Landtag Rheinland-Pfalz ein. Selten war die gesellschaftliche Mitte so \u201egefordert\u201c wie heute: Rechtsextremismus, Populismus und Rassismus fordern sie heraus. Verschw\u00f6rungstheorien sto\u00dfen ebenfalls vermehrt auf Anklang. Nun kommt die Corona-Pandemie&#8230;<\/p>\n<p> <a class=\"continue-reading-link\" href=\"https:\/\/www.haus-des-erinnerns-mainz.de\/index.php\/veranstaltung\/vorstellung-der-neuen-mitte-studie\/\"><span>Weiterlesen<\/span><i class=\"crycon-right-dir\"><\/i><\/a> <\/p>\n","protected":false},"author":4,"featured_media":0,"template":"","meta":{"episode_type":"","audio_file":"","podmotor_file_id":"","podmotor_episode_id":"","cover_image":"","cover_image_id":"","duration":"","filesize":"","filesize_raw":"","date_recorded":"","explicit":"","block":"","ngg_post_thumbnail":0,"_price":"","_stock":"","_tribe_ticket_header":"","_tribe_default_ticket_provider":"","_tribe_ticket_capacity":"0","_ticket_start_date":"","_ticket_end_date":"","_tribe_ticket_show_description":"","_tribe_ticket_show_not_going":false,"_tribe_ticket_use_global_stock":"","_tribe_ticket_global_stock_level":"","_global_stock_mode":"","_global_stock_cap":"","_tribe_rsvp_for_event":"","_tribe_ticket_going_count":"","_tribe_ticket_not_going_count":"","_tribe_tickets_list":"[]","_tribe_ticket_has_attendee_info_fields":false,"_tribe_events_status":"","_tribe_events_status_reason":"","footnotes":"","_tec_slr_enabled":"","_tec_slr_layout":""},"tags":[318,317,10],"tribe_events_cat":[],"class_list":["post-4635","tribe_events","type-tribe_events","status-publish","hentry","tag-klima","tag-mitte-studie","tag-rechtsextremismus"],"ticketed":false,"_links":{"self":[{"href":"https:\/\/www.haus-des-erinnerns-mainz.de\/index.php\/wp-json\/wp\/v2\/tribe_events\/4635","targetHints":{"allow":["GET"]}}],"collection":[{"href":"https:\/\/www.haus-des-erinnerns-mainz.de\/index.php\/wp-json\/wp\/v2\/tribe_events"}],"about":[{"href":"https:\/\/www.haus-des-erinnerns-mainz.de\/index.php\/wp-json\/wp\/v2\/types\/tribe_events"}],"author":[{"embeddable":true,"href":"https:\/\/www.haus-des-erinnerns-mainz.de\/index.php\/wp-json\/wp\/v2\/users\/4"}],"version-history":[{"count":1,"href":"https:\/\/www.haus-des-erinnerns-mainz.de\/index.php\/wp-json\/wp\/v2\/tribe_events\/4635\/revisions"}],"predecessor-version":[{"id":4637,"href":"https:\/\/www.haus-des-erinnerns-mainz.de\/index.php\/wp-json\/wp\/v2\/tribe_events\/4635\/revisions\/4637"}],"wp:attachment":[{"href":"https:\/\/www.haus-des-erinnerns-mainz.de\/index.php\/wp-json\/wp\/v2\/media?parent=4635"}],"wp:term":[{"taxonomy":"post_tag","embeddable":true,"href":"https:\/\/www.haus-des-erinnerns-mainz.de\/index.php\/wp-json\/wp\/v2\/tags?post=4635"},{"taxonomy":"tribe_events_cat","embeddable":true,"href":"https:\/\/www.haus-des-erinnerns-mainz.de\/index.php\/wp-json\/wp\/v2\/tribe_events_cat?post=4635"}],"curies":[{"name":"wp","href":"https:\/\/api.w.org\/{rel}","templated":true}]}}

<p>Am Montag, dem 25. Oktober 2021, um 18 Uhr, laden wir herzlich zur Vorstellung der neuen Mitte-Studie der Friedrich-Ebert-Stiftung in den Landtag Rheinland-Pfalz ein.</p>
<p>Selten war die gesellschaftliche Mitte so „gefordert“ wie heute: Rechtsextremismus, Populismus und Rassismus fordern sie heraus. Verschwörungstheorien stoßen ebenfalls vermehrt auf Anklang. Nun kommt die Corona-Pandemie mit globalen Unsicherheiten und unkalkulierbaren Folgekrisen dazu. Was heißt das für die demokratische Orientierung unserer Gesellschaft?</p>
<p>Alle zwei Jahre untersucht die Mitte-Studie der Friedrich-Ebert-Stiftung rechtsextreme, menschenfeindliche und demokratiegefährdende Einstellungen in der deutschen Gesellschaft. Die Ende Juni veröffentlichten aktuellen Ergebnisse lassen Entwicklungen, die die Demokratie fördern als auch solche, die sie gefährden, erkennen: Die „Mitte“ ist gefordert, Haltung zu zeigen, Position zu beziehen und die Demokratie zu stärken!</p>
<p>Besonders vertiefen wollen wir den Blick auf das Propagandafeld Klima: Feststellbar ist eine grundsätzliche Affinität von<br />
Rechtspopulismus zu Klimaskepsis und Klimaleugnertum – vor dem Hintergrund der Flutkatastrophe im Ahrtal von bitterer Aktualität in Rheinland-Pfalz.</p>
<p>Wir laden Sie herzlich ein, die Ergebnisse der neuesten Studie und mögliche Gegenstrategien in Rheinland-Pfalz mit unseren Gästen zu diskutieren. <a href="https://www.haus-des-erinnerns-mainz.de/wp-content/uploads/2021/10/1_FES-E-Mitte-Studie_25.10.21_Web.pdf">Hier</a> erhalten Sie Einblick in den Veranstaltungsflyer.&nbsp;</p>
<p><em>Eine Kooperationsveranstaltung mit der Friedrich-Ebert-Stiftung und dem Haus des Erinnerns – für Demokratie und Akzeptanz Mainz.&nbsp;</em></p>

<p>Am Montag, dem 25. Oktober 2021, um 18 Uhr, laden wir herzlich zur Vorstellung der neuen Mitte-Studie der Friedrich-Ebert-Stiftung in den Landtag Rheinland-Pfalz ein. Selten war die gesellschaftliche Mitte so „gefordert“ wie heute: Rechtsextremismus, Populismus und Rassismus fordern sie heraus. Verschwörungstheorien stoßen ebenfalls vermehrt auf Anklang. Nun kommt die Corona-Pandemie&#8230;</p>
<p> <a class="continue-reading-link" href="https://www.haus-des-erinnerns-mainz.de/index.php/veranstaltung/vorstellung-der-neuen-mitte-studie/"><span>Weiterlesen</span><i class="crycon-right-dir"></i></a> </p>
