{"id":4217,"date":"2021-08-11T16:09:16","date_gmt":"2021-08-11T14:09:16","guid":{"rendered":"https:\/\/www.haus-des-erinnerns-mainz.de\/?post_type=tribe_events&#038;p=4217"},"modified":"2021-08-11T16:09:16","modified_gmt":"2021-08-11T14:09:16","slug":"nebenan-juedische-mainzerinnen-aus-sieben-jahrhunderten-ein-theaterspaziergang-5","status":"publish","type":"tribe_events","link":"https:\/\/www.haus-des-erinnerns-mainz.de\/index.php\/veranstaltung\/nebenan-juedische-mainzerinnen-aus-sieben-jahrhunderten-ein-theaterspaziergang-5\/","title":{"rendered":"\u201eNebenan. J\u00fcdische Mainzerinnen aus sieben Jahrhunderten\u201c \u2013 Ein Theaterspaziergang"},"content":{"rendered":"<p>An drei Sonntagen im September und Oktober auf den Spuren j\u00fcdischer Mainzerinnen vom 14. bis zum 20. Jahrhundert:<br \/>\nPassend zu 1700 Jahren j\u00fcdisches Leben in Deutschland, zu den J\u00fcdischen Kulturtagen 2021 und nicht zuletzt zur Aufnahme der SchUM-St\u00e4dte in die Welterbeliste f\u00fchrt ein 18-k\u00f6pfiges Ensemble unter der Regie von Claudia Wehner am 19. und 26. September sowie am 3. Oktober 2021 mit Szenen, Liedern und Texten an verschiedene Orte in und um das historische j\u00fcdische Viertel in Mainz.<\/p>\n<p>Veranstalterin des Theaterspaziergangs ist die <b><i>Projektgruppe Sommertheater <\/i><\/b>in Kooperation mit den Mainzer Kammerspielen, dem Frauenb\u00fcro der Landeshauptstadt Mainz, dem Haus des Erinnerns \u2013 f\u00fcr Demokratie und Akzeptanz Mainz, dem Verein f\u00fcr Sozialgeschichte Mainz e.V. und dem ZEITGEIST Revuetheater.<\/p>\n<p>Der Theaterspaziergang nach \u201eNEBENAN\u201c f\u00fchrt durch Stadt und Zeiten ohne Stadtf\u00fchrung zu sein. Erz\u00e4hlt wird mit allen Mitteln und Freiheiten des Theaters von bekannten, aber auch l\u00e4ngst vergessenen Frauen und M\u00e4dchen, ohne die es doch nie ein j\u00fcdisches Leben in dieser Stadt gegeben h\u00e4tte. Auch sie waren Gestalterinnen des allt\u00e4glichen und religi\u00f6sen Lebens, auch sie brachten Neuerungen und Entwicklungen auf den Weg. Und genau wie j\u00fcdische M\u00e4nner auch, wurden sie zu allen Zeiten diskriminiert, verfolgt, ermordet. Doch ihre Namen haben sich nur selten ins Ged\u00e4chtnis der Stadt eingeschrieben. Sie waren als j\u00fcdische Mainzerinnen <u>und<\/u> als Frauen gleich doppelt \u201edie anderen\u201c und damit f\u00fcr die Geschichtsschreibung nahezu unsichtbar.<br \/>\nEinige Namen aber stechen hervor \u2013 und ihnen ist der Theaterspaziergang gewidmet. Zu ihnen z\u00e4hlen Bruna aus dem 14. Jahrhundert, Goldchen von N\u00fcrnberg (15. Jahrhundert), Bl\u00fcmel Homburg (18. Jahrhundert), Edith Ringwald-Meyer (19.\/20. Jahrhundert), Karoline Stern und Franziska Ganz (19. Jahrhundert), Emmeline Lewino, Elise Bernays, Henriette Arendt, Sophie Cahn, Johanna Sichel (alle 19.\/20. Jahrhundert) und Anna Seghers. Auf Zwischenstationen gibt es Begegnungen mit Sophie Diamant, Elise Haas, Hella L\u00e4mmel, Emmy Straus, Anni Eisler-Lehmann, Lea Zitronenbaum und vielen mehr.<\/p>\n<p>Gef\u00f6rdert wird das Theaterprojekt durch das Programm Neustart Kultur der Beauftragten der Bundesregierung f\u00fcr Kultur und Medien und des Deutschen B\u00fchnenvereins, durch die Landeshauptstadt Mainz, das Haus des Erinnerns und die Mainzer Kammerspiele.<\/p>\n<p><b>Die Mitwirkenden<\/b><br \/>\nEs spielen (in der Reihenfolge des Auftretens): Volker Metzger + Nathalie Hack + Silke Vorrath + Sybille Schmid + Petra Steck + Johanna Kuhlmann + Michaela B\u00e4r + Marion Gutierrez + Achim Stellwagen\/Dennis Johnson + Alina Stemmerich + Uta Kr\u00fcger + Sina Peris + Martina G\u00f6hring + Franziska Fechtig + Mignon Mangel + Bodil Strutz + Liane Genenz.<br \/>\nBuch und Regie: Claudia Wehner + Buch und historische Grundlagen: Eva Weickart + Assistenz: Liane Genenz + Kost\u00fcme: Beate W\u00f6lfl + Maske: Jutta Braun + Musik: Thilo Zetzmann + Chorleitung: Martina G\u00f6hring + Technische Leitung: Bernhard Bamler + Technik: Mathias Fach, Colin Oelbracht + Stationenbetreuung: Susann Buchheim + Hospitanz: Elanur Kutlu + &nbsp;Fredi Buchheim.<\/p>\n<p><b>Die Vorstellungstermine<\/b><br \/>\nSonntag, 19. September 2021, Sonntag 26. September 2021, Sonntag, 3. Oktober 2021, jeweils 13 und 15 Uhr (weitere Uhrzeiten m\u00f6glich). Treffpunkt ist am Haus des Erinnerns, Flachsmarktstra\u00dfe 36, 55116 Mainz. Bei starkem Regen entf\u00e4llt der Theaterspaziergang.<\/p>\n<p>Karten gibt es zum Preis von 20 Euro\/erm\u00e4\u00dfigt 16 Euro ausschlie\u00dflich im Vorverkauf unter <a href=\"http:\/\/www.mainzer-kammerspiele.de\"><u>www.mainzer-kammerspiele.de<\/u><\/a>, Telefon 06131 \u2013 225002.<br \/>\nZu den aktuellen Hygiene- und Abstandsregelungen: <a href=\"http:\/\/www.mainzer-kammerspiele.de\"><u>www.mainzer-kammerspiele.de<\/u><\/a><\/p>\n<p><a href=\"https:\/\/www.haus-des-erinnerns-mainz.de\/wp-content\/uploads\/2021\/08\/web_Faltblatt_Nebenan_Theaterprojekt-1.pdf\"><strong>Hier<\/strong><\/a> geht es zum Veranstaltungsflyer.<\/p>\n","protected":false},"excerpt":{"rendered":"<p>An drei Sonntagen im September und Oktober auf den Spuren j\u00fcdischer Mainzerinnen vom 14. bis zum 20. Jahrhundert: Passend zu 1700 Jahren j\u00fcdisches Leben in Deutschland, zu den J\u00fcdischen Kulturtagen 2021 und nicht zuletzt zur Aufnahme der SchUM-St\u00e4dte in die Welterbeliste f\u00fchrt ein 18-k\u00f6pfiges Ensemble unter der Regie von Claudia&#8230;<\/p>\n<p> <a class=\"continue-reading-link\" href=\"https:\/\/www.haus-des-erinnerns-mainz.de\/index.php\/veranstaltung\/nebenan-juedische-mainzerinnen-aus-sieben-jahrhunderten-ein-theaterspaziergang-5\/\"><span>Weiterlesen<\/span><i class=\"crycon-right-dir\"><\/i><\/a> <\/p>\n","protected":false},"author":4,"featured_media":0,"template":"","meta":{"episode_type":"","audio_file":"","podmotor_file_id":"","podmotor_episode_id":"","cover_image":"","cover_image_id":"","duration":"","filesize":"","filesize_raw":"","date_recorded":"","explicit":"","block":"","ngg_post_thumbnail":0,"_price":"","_stock":"","_tribe_ticket_header":"","_tribe_default_ticket_provider":"","_tribe_ticket_capacity":"0","_ticket_start_date":"","_ticket_end_date":"","_tribe_ticket_show_description":"","_tribe_ticket_show_not_going":false,"_tribe_ticket_use_global_stock":"","_tribe_ticket_global_stock_level":"","_global_stock_mode":"","_global_stock_cap":"","_tribe_rsvp_for_event":"","_tribe_ticket_going_count":"","_tribe_ticket_not_going_count":"","_tribe_tickets_list":"[]","_tribe_ticket_has_attendee_info_fields":false,"_tribe_events_status":"","_tribe_events_status_reason":"","footnotes":"","_tec_slr_enabled":"","_tec_slr_layout":""},"tags":[],"tribe_events_cat":[235],"class_list":["post-4217","tribe_events","type-tribe_events","status-publish","hentry","tribe_events_cat-termin-2021","cat_termin-2021"],"ticketed":false,"_links":{"self":[{"href":"https:\/\/www.haus-des-erinnerns-mainz.de\/index.php\/wp-json\/wp\/v2\/tribe_events\/4217","targetHints":{"allow":["GET"]}}],"collection":[{"href":"https:\/\/www.haus-des-erinnerns-mainz.de\/index.php\/wp-json\/wp\/v2\/tribe_events"}],"about":[{"href":"https:\/\/www.haus-des-erinnerns-mainz.de\/index.php\/wp-json\/wp\/v2\/types\/tribe_events"}],"author":[{"embeddable":true,"href":"https:\/\/www.haus-des-erinnerns-mainz.de\/index.php\/wp-json\/wp\/v2\/users\/4"}],"version-history":[{"count":1,"href":"https:\/\/www.haus-des-erinnerns-mainz.de\/index.php\/wp-json\/wp\/v2\/tribe_events\/4217\/revisions"}],"predecessor-version":[{"id":4218,"href":"https:\/\/www.haus-des-erinnerns-mainz.de\/index.php\/wp-json\/wp\/v2\/tribe_events\/4217\/revisions\/4218"}],"wp:attachment":[{"href":"https:\/\/www.haus-des-erinnerns-mainz.de\/index.php\/wp-json\/wp\/v2\/media?parent=4217"}],"wp:term":[{"taxonomy":"post_tag","embeddable":true,"href":"https:\/\/www.haus-des-erinnerns-mainz.de\/index.php\/wp-json\/wp\/v2\/tags?post=4217"},{"taxonomy":"tribe_events_cat","embeddable":true,"href":"https:\/\/www.haus-des-erinnerns-mainz.de\/index.php\/wp-json\/wp\/v2\/tribe_events_cat?post=4217"}],"curies":[{"name":"wp","href":"https:\/\/api.w.org\/{rel}","templated":true}]}}

„Nebenan. Jüdische Mainzerinnen aus sieben Jahrhunderten“ – Ein Theaterspaziergang

<p>An drei Sonntagen im September und Oktober auf den Spuren jüdischer Mainzerinnen vom 14. bis zum 20. Jahrhundert:<br />
Passend zu 1700 Jahren jüdisches Leben in Deutschland, zu den Jüdischen Kulturtagen 2021 und nicht zuletzt zur Aufnahme der SchUM-Städte in die Welterbeliste führt ein 18-köpfiges Ensemble unter der Regie von Claudia Wehner am 19. und 26. September sowie am 3. Oktober 2021 mit Szenen, Liedern und Texten an verschiedene Orte in und um das historische jüdische Viertel in Mainz.</p>
<p>Veranstalterin des Theaterspaziergangs ist die <b><i>Projektgruppe Sommertheater </i></b>in Kooperation mit den Mainzer Kammerspielen, dem Frauenbüro der Landeshauptstadt Mainz, dem Haus des Erinnerns – für Demokratie und Akzeptanz Mainz, dem Verein für Sozialgeschichte Mainz e.V. und dem ZEITGEIST Revuetheater.</p>
<p>Der Theaterspaziergang nach „NEBENAN“ führt durch Stadt und Zeiten ohne Stadtführung zu sein. Erzählt wird mit allen Mitteln und Freiheiten des Theaters von bekannten, aber auch längst vergessenen Frauen und Mädchen, ohne die es doch nie ein jüdisches Leben in dieser Stadt gegeben hätte. Auch sie waren Gestalterinnen des alltäglichen und religiösen Lebens, auch sie brachten Neuerungen und Entwicklungen auf den Weg. Und genau wie jüdische Männer auch, wurden sie zu allen Zeiten diskriminiert, verfolgt, ermordet. Doch ihre Namen haben sich nur selten ins Gedächtnis der Stadt eingeschrieben. Sie waren als jüdische Mainzerinnen <u>und</u> als Frauen gleich doppelt „die anderen“ und damit für die Geschichtsschreibung nahezu unsichtbar.<br />
Einige Namen aber stechen hervor – und ihnen ist der Theaterspaziergang gewidmet. Zu ihnen zählen Bruna aus dem 14. Jahrhundert, Goldchen von Nürnberg (15. Jahrhundert), Blümel Homburg (18. Jahrhundert), Edith Ringwald-Meyer (19./20. Jahrhundert), Karoline Stern und Franziska Ganz (19. Jahrhundert), Emmeline Lewino, Elise Bernays, Henriette Arendt, Sophie Cahn, Johanna Sichel (alle 19./20. Jahrhundert) und Anna Seghers. Auf Zwischenstationen gibt es Begegnungen mit Sophie Diamant, Elise Haas, Hella Lämmel, Emmy Straus, Anni Eisler-Lehmann, Lea Zitronenbaum und vielen mehr.</p>
<p>Gefördert wird das Theaterprojekt durch das Programm Neustart Kultur der Beauftragten der Bundesregierung für Kultur und Medien und des Deutschen Bühnenvereins, durch die Landeshauptstadt Mainz, das Haus des Erinnerns und die Mainzer Kammerspiele.</p>
<p><b>Die Mitwirkenden</b><br />
Es spielen (in der Reihenfolge des Auftretens): Volker Metzger + Nathalie Hack + Silke Vorrath + Sybille Schmid + Petra Steck + Johanna Kuhlmann + Michaela Bär + Marion Gutierrez + Achim Stellwagen/Dennis Johnson + Alina Stemmerich + Uta Krüger + Sina Peris + Martina Göhring + Franziska Fechtig + Mignon Mangel + Bodil Strutz + Liane Genenz.<br />
Buch und Regie: Claudia Wehner + Buch und historische Grundlagen: Eva Weickart + Assistenz: Liane Genenz + Kostüme: Beate Wölfl + Maske: Jutta Braun + Musik: Thilo Zetzmann + Chorleitung: Martina Göhring + Technische Leitung: Bernhard Bamler + Technik: Mathias Fach, Colin Oelbracht + Stationenbetreuung: Susann Buchheim + Hospitanz: Elanur Kutlu + &nbsp;Fredi Buchheim.</p>
<p><b>Die Vorstellungstermine</b><br />
Sonntag, 19. September 2021, Sonntag 26. September 2021, Sonntag, 3. Oktober 2021, jeweils 13 und 15 Uhr (weitere Uhrzeiten möglich). Treffpunkt ist am Haus des Erinnerns, Flachsmarktstraße 36, 55116 Mainz. Bei starkem Regen entfällt der Theaterspaziergang.</p>
<p>Karten gibt es zum Preis von 20 Euro/ermäßigt 16 Euro ausschließlich im Vorverkauf unter <a href="http://www.mainzer-kammerspiele.de"><u>www.mainzer-kammerspiele.de</u></a>, Telefon 06131 – 225002.<br />
Zu den aktuellen Hygiene- und Abstandsregelungen: <a href="http://www.mainzer-kammerspiele.de"><u>www.mainzer-kammerspiele.de</u></a></p>
<p><a href="https://www.haus-des-erinnerns-mainz.de/wp-content/uploads/2021/08/web_Faltblatt_Nebenan_Theaterprojekt-1.pdf"><strong>Hier</strong></a> geht es zum Veranstaltungsflyer.</p>

<p>An drei Sonntagen im September und Oktober auf den Spuren jüdischer Mainzerinnen vom 14. bis zum 20. Jahrhundert: Passend zu 1700 Jahren jüdisches Leben in Deutschland, zu den Jüdischen Kulturtagen 2021 und nicht zuletzt zur Aufnahme der SchUM-Städte in die Welterbeliste führt ein 18-köpfiges Ensemble unter der Regie von Claudia&#8230;</p>
<p> <a class="continue-reading-link" href="https://www.haus-des-erinnerns-mainz.de/index.php/veranstaltung/nebenan-juedische-mainzerinnen-aus-sieben-jahrhunderten-ein-theaterspaziergang-5/"><span>Weiterlesen</span><i class="crycon-right-dir"></i></a> </p>
