{"id":2700,"date":"2020-09-03T08:44:32","date_gmt":"2020-09-03T06:44:32","guid":{"rendered":"https:\/\/www.haus-des-erinnerns-mainz.de\/?post_type=tribe_events&#038;p=2700"},"modified":"2020-09-03T09:19:43","modified_gmt":"2020-09-03T07:19:43","slug":"filmvorfuehrung-die-unsichtbaren-wir-wollen-leben","status":"publish","type":"tribe_events","link":"https:\/\/www.haus-des-erinnerns-mainz.de\/index.php\/veranstaltung\/filmvorfuehrung-die-unsichtbaren-wir-wollen-leben\/","title":{"rendered":"Filmvorf\u00fchrung \u201eDie Unsichtbaren \u2013 Wir wollen leben\u201c"},"content":{"rendered":"<p><strong>Filmvorf\u00fchrung mit anschlie\u00dfender Diskussion<\/strong><\/p>\n<p>&nbsp;<\/p>\n<p><img loading=\"lazy\" decoding=\"async\" class=\" wp-image-2701 alignleft\" src=\"https:\/\/www.haus-des-erinnerns-mainz.de\/wp-content\/uploads\/2020\/09\/Filmplakat-Die-Unsichtbaren_Wir-wollen-leben-212x300.jpg\" alt=\"\" width=\"160\" height=\"226\" srcset=\"https:\/\/www.haus-des-erinnerns-mainz.de\/wp-content\/uploads\/2020\/09\/Filmplakat-Die-Unsichtbaren_Wir-wollen-leben-212x300.jpg 212w, https:\/\/www.haus-des-erinnerns-mainz.de\/wp-content\/uploads\/2020\/09\/Filmplakat-Die-Unsichtbaren_Wir-wollen-leben-106x150.jpg 106w, https:\/\/www.haus-des-erinnerns-mainz.de\/wp-content\/uploads\/2020\/09\/Filmplakat-Die-Unsichtbaren_Wir-wollen-leben.jpg 250w\" sizes=\"auto, (max-width: 160px) 100vw, 160px\" \/>Der Film <em>\u201eDie Unsichtbaren \u2013 Wir wollen leben\u201c<\/em> erz\u00e4hlt die wahren Geschichten von vier jungen j\u00fcdischen Menschen in Berlin 1942, denen es gelingt, die nationalsozialistische Diktatur zu \u00fcberleben. Im Anschluss an die Filmvorf\u00fchrung kann gemeinsam mit dem <a href=\"http:\/\/www.film-kultur.de\/index.html\">Institut f\u00fcr Kino und Filmkultur<\/a>, das auch Unterrichtsmaterial dazu entwickelte, diskutiert werden. <strong>Am 27. Oktober 2020 wird der Film um 19.00 Uhr im <a href=\"https:\/\/www.programmkinos-mainz.de\">Capitol Mainz g<\/a>ezeigt.<\/strong><\/p>\n<p>Bis zum 24. Oktober k\u00f6nnen Sie sich f\u00fcr den Filmabend bei <a href=\"mailto:reservierung@programmkinos-mainz.de\">reservierung@programmkinos-mainz.de<\/a> per Mail anmelden. Der Eintritt ist frei. Unsere Veranstaltung findet im Rahmen der 3. J\u00fcdischen Kulturtage in der SchUM-Stadt Mainz statt, die zwischen dem 6. September und dem 25. November 2020 veranstaltet werden. Weitere Informationen zum Programm erhalten Sie <a href=\"https:\/\/www.haus-des-erinnerns-mainz.de\/wp-content\/uploads\/2020\/08\/3.Juedische-Kulturtage-Mainz-2020.pdf\">hier<\/a>.<\/p>\n<p>&nbsp;<\/p>\n<p>&nbsp;<\/p>\n<p>&nbsp;<\/p>\n<p><em>Eine gemeinsame Veranstaltung des Haus des Erinnerns, dem Institut f\u00fcr Kino und Filmkultur und dem Capitol Mainz.<\/em><\/p>\n","protected":false},"excerpt":{"rendered":"<p>Filmvorf\u00fchrung mit anschlie\u00dfender Diskussion &nbsp; Der Film \u201eDie Unsichtbaren \u2013 Wir wollen leben\u201c erz\u00e4hlt die wahren Geschichten von vier jungen j\u00fcdischen Menschen in Berlin 1942, denen es gelingt, die nationalsozialistische Diktatur zu \u00fcberleben. Im Anschluss an die Filmvorf\u00fchrung kann gemeinsam mit dem Institut f\u00fcr Kino und Filmkultur, das auch Unterrichtsmaterial&#8230;<\/p>\n<p> <a class=\"continue-reading-link\" href=\"https:\/\/www.haus-des-erinnerns-mainz.de\/index.php\/veranstaltung\/filmvorfuehrung-die-unsichtbaren-wir-wollen-leben\/\"><span>Weiterlesen<\/span><i class=\"crycon-right-dir\"><\/i><\/a> <\/p>\n","protected":false},"author":2,"featured_media":0,"template":"","meta":{"episode_type":"","audio_file":"","podmotor_file_id":"","podmotor_episode_id":"","cover_image":"","cover_image_id":"","duration":"","filesize":"","filesize_raw":"","date_recorded":"","explicit":"","block":"","ngg_post_thumbnail":0,"_price":"","_stock":"","_tribe_ticket_header":"","_tribe_default_ticket_provider":"","_tribe_ticket_capacity":"0","_ticket_start_date":"","_ticket_end_date":"","_tribe_ticket_show_description":"","_tribe_ticket_show_not_going":false,"_tribe_ticket_use_global_stock":"","_tribe_ticket_global_stock_level":"","_global_stock_mode":"","_global_stock_cap":"","_tribe_rsvp_for_event":"","_tribe_ticket_going_count":"","_tribe_ticket_not_going_count":"","_tribe_tickets_list":"[]","_tribe_ticket_has_attendee_info_fields":false,"_tribe_events_status":"","_tribe_events_status_reason":"","footnotes":"","_tec_slr_enabled":"","_tec_slr_layout":""},"tags":[49,6,122],"tribe_events_cat":[72,123],"class_list":["post-2700","tribe_events","type-tribe_events","status-publish","hentry","tag-diskussion","tag-filmvorfuehrung","tag-nationalsozialismus","tribe_events_cat-oktober","tribe_events_cat-termin-2020","cat_oktober","cat_termin-2020"],"ticketed":false,"_links":{"self":[{"href":"https:\/\/www.haus-des-erinnerns-mainz.de\/index.php\/wp-json\/wp\/v2\/tribe_events\/2700","targetHints":{"allow":["GET"]}}],"collection":[{"href":"https:\/\/www.haus-des-erinnerns-mainz.de\/index.php\/wp-json\/wp\/v2\/tribe_events"}],"about":[{"href":"https:\/\/www.haus-des-erinnerns-mainz.de\/index.php\/wp-json\/wp\/v2\/types\/tribe_events"}],"author":[{"embeddable":true,"href":"https:\/\/www.haus-des-erinnerns-mainz.de\/index.php\/wp-json\/wp\/v2\/users\/2"}],"version-history":[{"count":8,"href":"https:\/\/www.haus-des-erinnerns-mainz.de\/index.php\/wp-json\/wp\/v2\/tribe_events\/2700\/revisions"}],"predecessor-version":[{"id":2735,"href":"https:\/\/www.haus-des-erinnerns-mainz.de\/index.php\/wp-json\/wp\/v2\/tribe_events\/2700\/revisions\/2735"}],"wp:attachment":[{"href":"https:\/\/www.haus-des-erinnerns-mainz.de\/index.php\/wp-json\/wp\/v2\/media?parent=2700"}],"wp:term":[{"taxonomy":"post_tag","embeddable":true,"href":"https:\/\/www.haus-des-erinnerns-mainz.de\/index.php\/wp-json\/wp\/v2\/tags?post=2700"},{"taxonomy":"tribe_events_cat","embeddable":true,"href":"https:\/\/www.haus-des-erinnerns-mainz.de\/index.php\/wp-json\/wp\/v2\/tribe_events_cat?post=2700"}],"curies":[{"name":"wp","href":"https:\/\/api.w.org\/{rel}","templated":true}]}}

Filmvorführung „Die Unsichtbaren – Wir wollen leben“

<p><strong>Filmvorführung mit anschließender Diskussion</strong></p>
<p>&nbsp;</p>
<p><img loading="lazy" decoding="async" class=" wp-image-2701 alignleft" src="https://www.haus-des-erinnerns-mainz.de/wp-content/uploads/2020/09/Filmplakat-Die-Unsichtbaren_Wir-wollen-leben-212x300.jpg" alt="" width="160" height="226" srcset="https://www.haus-des-erinnerns-mainz.de/wp-content/uploads/2020/09/Filmplakat-Die-Unsichtbaren_Wir-wollen-leben-212x300.jpg 212w, https://www.haus-des-erinnerns-mainz.de/wp-content/uploads/2020/09/Filmplakat-Die-Unsichtbaren_Wir-wollen-leben-106x150.jpg 106w, https://www.haus-des-erinnerns-mainz.de/wp-content/uploads/2020/09/Filmplakat-Die-Unsichtbaren_Wir-wollen-leben.jpg 250w" sizes="auto, (max-width: 160px) 100vw, 160px" />Der Film <em>„Die Unsichtbaren – Wir wollen leben“</em> erzählt die wahren Geschichten von vier jungen jüdischen Menschen in Berlin 1942, denen es gelingt, die nationalsozialistische Diktatur zu überleben. Im Anschluss an die Filmvorführung kann gemeinsam mit dem <a href="http://www.film-kultur.de/index.html">Institut für Kino und Filmkultur</a>, das auch Unterrichtsmaterial dazu entwickelte, diskutiert werden. <strong>Am 27. Oktober 2020 wird der Film um 19.00 Uhr im <a href="https://www.programmkinos-mainz.de">Capitol Mainz g</a>ezeigt.</strong></p>
<p>Bis zum 24. Oktober können Sie sich für den Filmabend bei <a href="mailto:reservierung@programmkinos-mainz.de">reservierung@programmkinos-mainz.de</a> per Mail anmelden. Der Eintritt ist frei. Unsere Veranstaltung findet im Rahmen der 3. Jüdischen Kulturtage in der SchUM-Stadt Mainz statt, die zwischen dem 6. September und dem 25. November 2020 veranstaltet werden. Weitere Informationen zum Programm erhalten Sie <a href="https://www.haus-des-erinnerns-mainz.de/wp-content/uploads/2020/08/3.Juedische-Kulturtage-Mainz-2020.pdf">hier</a>.</p>
<p>&nbsp;</p>
<p>&nbsp;</p>
<p>&nbsp;</p>
<p><em>Eine gemeinsame Veranstaltung des Haus des Erinnerns, dem Institut für Kino und Filmkultur und dem Capitol Mainz.</em></p>

<p>Filmvorführung mit anschließender Diskussion &nbsp; Der Film „Die Unsichtbaren – Wir wollen leben“ erzählt die wahren Geschichten von vier jungen jüdischen Menschen in Berlin 1942, denen es gelingt, die nationalsozialistische Diktatur zu überleben. Im Anschluss an die Filmvorführung kann gemeinsam mit dem Institut für Kino und Filmkultur, das auch Unterrichtsmaterial&#8230;</p>
<p> <a class="continue-reading-link" href="https://www.haus-des-erinnerns-mainz.de/index.php/veranstaltung/filmvorfuehrung-die-unsichtbaren-wir-wollen-leben/"><span>Weiterlesen</span><i class="crycon-right-dir"></i></a> </p>
