{"id":1238,"date":"2019-12-13T12:24:01","date_gmt":"2019-12-13T11:24:01","guid":{"rendered":"https:\/\/www.haus-des-erinnerns-mainz.de\/?post_type=tribe_events&#038;p=1238"},"modified":"2019-12-28T12:18:01","modified_gmt":"2019-12-28T11:18:01","slug":"gespraech-mit-der-zeitzeugin-alodia-witaszek-napierala","status":"publish","type":"tribe_events","link":"https:\/\/www.haus-des-erinnerns-mainz.de\/index.php\/veranstaltung\/gespraech-mit-der-zeitzeugin-alodia-witaszek-napierala\/","title":{"rendered":"Gespr\u00e4ch mit der Zeitzeugin Alodia Witaszek-Napierala"},"content":{"rendered":"<p><strong>&#8222;Geraubte Kindheit im Nationalsozialismus&#8220;<\/strong><br \/>\nGespr\u00e4ch mit der Zeitzeugin Alodia Witaszek-Napierala<\/p>\n<p>W\u00e4hrend des Zweiten Weltkriegs raubten die Nationalsozialisten tausende polnische Kinder, die wegen ihres \u201earischen\u201c Aussehens zwangsweise \u201eeingedeutscht\u201c werden sollten. Die Kinder wurden ihren Familien entrissen, in Konzentrationslagern und Kinderheimen interniert und als Waisenkinder an deutsche Familien vermittelt.<\/p>\n<p><strong>Alodia Witaszek-Napiera\u0142a<\/strong>, geboren 1938, wuchs mit ihren f\u00fcnf Geschwistern in Pozna\u0144 in Polen auf. Sie war f\u00fcnf Jahre alt, als ihr Vater von den Nationalsozialisten hingerichtet und ihre Mutter nach Auschwitz deportiert wurde. Von der SS wurde Alodia zusammen mit ihrer Schwester in das ber\u00fcchtigte \u201eJugendverwahrlager Litzmannstadt\u201c verschleppt. Als vermeintliches Waisenkind wurde sie dann von einer deutschen Familie adoptiert. Nach Kriegsende suchte Alodias leibliche Mutter zwei Jahre lang nach ihrem verschleppten Kind. 1947 kehrte Alodia nach Polen zur\u00fcck. Es begann die schwierige Zeit des Wieder-Erlernens der Muttersprache und der R\u00fcckkehr in eine fast vergessene Familie.<\/p>\n<p>Die Stiftung Haus des Erinnerns \u2013 f\u00fcr Demokratie und Akzeptanz Mainz beteiligt sich seit ihrer Gr\u00fcndung (2015) \u00fcber ihre Stifter*innen und zun\u00e4chst ehrenamtlich engagierten Mitarbeiter*innen an den von Landtag Rheinland-Pfalz und Landeshauptstadt Mainz koordinierten <strong>Veranstaltungen im Programm des 27. Januar.<\/strong> Das Gespr\u00e4ch mit der Zeitzeugin findet im Rahmen dieses Programms statt.<\/p>\n<p><em>Weitere Informationen erhalten Sie <a href=\"https:\/\/www.haus-des-erinnerns-mainz.de\/wp-content\/uploads\/2019\/12\/HDE_27.JAN-2020_Bro_Online_2019.pdf\">hier.<\/a><br \/>\nDer Eintritt ist frei.<br \/>\nEine Kooperationsveranstaltung mit dem Bistum Mainz und dem Maximilian-Kolbe-Werk e.V.<br \/>\n<\/em><\/p>\n","protected":false},"excerpt":{"rendered":"<p>&#8222;Geraubte Kindheit im Nationalsozialismus&#8220; Gespr\u00e4ch mit der Zeitzeugin Alodia Witaszek-Napierala W\u00e4hrend des Zweiten Weltkriegs raubten die Nationalsozialisten tausende polnische Kinder, die wegen ihres \u201earischen\u201c Aussehens zwangsweise \u201eeingedeutscht\u201c werden sollten. Die Kinder wurden ihren Familien entrissen, in Konzentrationslagern und Kinderheimen interniert und als Waisenkinder an deutsche Familien vermittelt. Alodia Witaszek-Napiera\u0142a, geboren&#8230;<\/p>\n<p> <a class=\"continue-reading-link\" href=\"https:\/\/www.haus-des-erinnerns-mainz.de\/index.php\/veranstaltung\/gespraech-mit-der-zeitzeugin-alodia-witaszek-napierala\/\"><span>Weiterlesen<\/span><i class=\"crycon-right-dir\"><\/i><\/a> <\/p>\n","protected":false},"author":2,"featured_media":0,"template":"","meta":{"episode_type":"","audio_file":"","podmotor_file_id":"","podmotor_episode_id":"","cover_image":"","cover_image_id":"","duration":"","filesize":"","filesize_raw":"","date_recorded":"","explicit":"","block":"","ngg_post_thumbnail":0,"_price":"","_stock":"","_tribe_ticket_header":"","_tribe_default_ticket_provider":"","_tribe_ticket_capacity":"0","_ticket_start_date":"","_ticket_end_date":"","_tribe_ticket_show_description":"","_tribe_ticket_show_not_going":false,"_tribe_ticket_use_global_stock":"","_tribe_ticket_global_stock_level":"","_global_stock_mode":"","_global_stock_cap":"","_tribe_rsvp_for_event":"","_tribe_ticket_going_count":"","_tribe_ticket_not_going_count":"","_tribe_tickets_list":"[]","_tribe_ticket_has_attendee_info_fields":false,"_tribe_events_status":"","_tribe_events_status_reason":"","footnotes":"","_tec_slr_enabled":"","_tec_slr_layout":""},"tags":[122,92],"tribe_events_cat":[125,123],"class_list":["post-1238","tribe_events","type-tribe_events","status-publish","hentry","tag-nationalsozialismus","tag-zeitzeugengespraech","tribe_events_cat-januar-termin-2020","tribe_events_cat-termin-2020","cat_januar-termin-2020","cat_termin-2020"],"ticketed":false,"_links":{"self":[{"href":"https:\/\/www.haus-des-erinnerns-mainz.de\/index.php\/wp-json\/wp\/v2\/tribe_events\/1238","targetHints":{"allow":["GET"]}}],"collection":[{"href":"https:\/\/www.haus-des-erinnerns-mainz.de\/index.php\/wp-json\/wp\/v2\/tribe_events"}],"about":[{"href":"https:\/\/www.haus-des-erinnerns-mainz.de\/index.php\/wp-json\/wp\/v2\/types\/tribe_events"}],"author":[{"embeddable":true,"href":"https:\/\/www.haus-des-erinnerns-mainz.de\/index.php\/wp-json\/wp\/v2\/users\/2"}],"version-history":[{"count":2,"href":"https:\/\/www.haus-des-erinnerns-mainz.de\/index.php\/wp-json\/wp\/v2\/tribe_events\/1238\/revisions"}],"predecessor-version":[{"id":1268,"href":"https:\/\/www.haus-des-erinnerns-mainz.de\/index.php\/wp-json\/wp\/v2\/tribe_events\/1238\/revisions\/1268"}],"wp:attachment":[{"href":"https:\/\/www.haus-des-erinnerns-mainz.de\/index.php\/wp-json\/wp\/v2\/media?parent=1238"}],"wp:term":[{"taxonomy":"post_tag","embeddable":true,"href":"https:\/\/www.haus-des-erinnerns-mainz.de\/index.php\/wp-json\/wp\/v2\/tags?post=1238"},{"taxonomy":"tribe_events_cat","embeddable":true,"href":"https:\/\/www.haus-des-erinnerns-mainz.de\/index.php\/wp-json\/wp\/v2\/tribe_events_cat?post=1238"}],"curies":[{"name":"wp","href":"https:\/\/api.w.org\/{rel}","templated":true}]}}

Gespräch mit der Zeitzeugin Alodia Witaszek-Napierala

<p><strong>&#8222;Geraubte Kindheit im Nationalsozialismus&#8220;</strong><br />
Gespräch mit der Zeitzeugin Alodia Witaszek-Napierala</p>
<p>Während des Zweiten Weltkriegs raubten die Nationalsozialisten tausende polnische Kinder, die wegen ihres „arischen“ Aussehens zwangsweise „eingedeutscht“ werden sollten. Die Kinder wurden ihren Familien entrissen, in Konzentrationslagern und Kinderheimen interniert und als Waisenkinder an deutsche Familien vermittelt.</p>
<p><strong>Alodia Witaszek-Napierała</strong>, geboren 1938, wuchs mit ihren fünf Geschwistern in Poznań in Polen auf. Sie war fünf Jahre alt, als ihr Vater von den Nationalsozialisten hingerichtet und ihre Mutter nach Auschwitz deportiert wurde. Von der SS wurde Alodia zusammen mit ihrer Schwester in das berüchtigte „Jugendverwahrlager Litzmannstadt“ verschleppt. Als vermeintliches Waisenkind wurde sie dann von einer deutschen Familie adoptiert. Nach Kriegsende suchte Alodias leibliche Mutter zwei Jahre lang nach ihrem verschleppten Kind. 1947 kehrte Alodia nach Polen zurück. Es begann die schwierige Zeit des Wieder-Erlernens der Muttersprache und der Rückkehr in eine fast vergessene Familie.</p>
<p>Die Stiftung Haus des Erinnerns – für Demokratie und Akzeptanz Mainz beteiligt sich seit ihrer Gründung (2015) über ihre Stifter*innen und zunächst ehrenamtlich engagierten Mitarbeiter*innen an den von Landtag Rheinland-Pfalz und Landeshauptstadt Mainz koordinierten <strong>Veranstaltungen im Programm des 27. Januar.</strong> Das Gespräch mit der Zeitzeugin findet im Rahmen dieses Programms statt.</p>
<p><em>Weitere Informationen erhalten Sie <a href="https://www.haus-des-erinnerns-mainz.de/wp-content/uploads/2019/12/HDE_27.JAN-2020_Bro_Online_2019.pdf">hier.</a><br />
Der Eintritt ist frei.<br />
Eine Kooperationsveranstaltung mit dem Bistum Mainz und dem Maximilian-Kolbe-Werk e.V.<br />
</em></p>

<p>&#8222;Geraubte Kindheit im Nationalsozialismus&#8220; Gespräch mit der Zeitzeugin Alodia Witaszek-Napierala Während des Zweiten Weltkriegs raubten die Nationalsozialisten tausende polnische Kinder, die wegen ihres „arischen“ Aussehens zwangsweise „eingedeutscht“ werden sollten. Die Kinder wurden ihren Familien entrissen, in Konzentrationslagern und Kinderheimen interniert und als Waisenkinder an deutsche Familien vermittelt. Alodia Witaszek-Napierała, geboren&#8230;</p>
<p> <a class="continue-reading-link" href="https://www.haus-des-erinnerns-mainz.de/index.php/veranstaltung/gespraech-mit-der-zeitzeugin-alodia-witaszek-napierala/"><span>Weiterlesen</span><i class="crycon-right-dir"></i></a> </p>
