{"id":8388,"date":"2026-03-13T21:03:41","date_gmt":"2026-03-13T20:03:41","guid":{"rendered":"https:\/\/www.haus-des-erinnerns-mainz.de\/?page_id=8388"},"modified":"2026-03-13T21:27:48","modified_gmt":"2026-03-13T20:27:48","slug":"pfd-mainz","status":"publish","type":"page","link":"https:\/\/www.haus-des-erinnerns-mainz.de\/index.php\/pfd-mainz\/","title":{"rendered":"Partnerschaft f\u00fcr Demokratie"},"content":{"rendered":"\n<br>\n\n\n<div class=\"wp-block-image\">\n<figure class=\"aligncenter size-large is-resized\"><img loading=\"lazy\" decoding=\"async\" width=\"3293\" height=\"4024\" src=\"https:\/\/www.haus-des-erinnerns-mainz.de\/wp-content\/uploads\/2026\/03\/Gestaltungselement-Daumenabdruck-3293x4024.jpg\" alt=\"\" class=\"wp-image-8397\" style=\"width:500px\" srcset=\"https:\/\/www.haus-des-erinnerns-mainz.de\/wp-content\/uploads\/2026\/03\/Gestaltungselement-Daumenabdruck-3293x4024.jpg 3293w, https:\/\/www.haus-des-erinnerns-mainz.de\/wp-content\/uploads\/2026\/03\/Gestaltungselement-Daumenabdruck-246x300.jpg 246w, https:\/\/www.haus-des-erinnerns-mainz.de\/wp-content\/uploads\/2026\/03\/Gestaltungselement-Daumenabdruck-768x938.jpg 768w, https:\/\/www.haus-des-erinnerns-mainz.de\/wp-content\/uploads\/2026\/03\/Gestaltungselement-Daumenabdruck-1257x1536.jpg 1257w, https:\/\/www.haus-des-erinnerns-mainz.de\/wp-content\/uploads\/2026\/03\/Gestaltungselement-Daumenabdruck-1676x2048.jpg 1676w, https:\/\/www.haus-des-erinnerns-mainz.de\/wp-content\/uploads\/2026\/03\/Gestaltungselement-Daumenabdruck-123x150.jpg 123w\" sizes=\"auto, (max-width: 3293px) 100vw, 3293px\" \/><figcaption class=\"wp-element-caption\"><sup>\u00a9 Demokratie leben!<\/sup><\/figcaption><\/figure><\/div>\n\n\n<br>\n\n\n\n<p>Die Landeshauptstadt Mainz ist eine durch das Bundesprogramm \u201eDemokratie leben!\u201c gef\u00f6rderte Partnerschaft f\u00fcr Demokratie. In ganz Deutschland werden St\u00e4dte, Gemeinden und Landkreise dabei unterst\u00fctzt, im Rahmen von lokalen Partnerschaften f\u00fcr Demokratie Handlungskonzepte zur F\u00f6rderung von Demokratie und Vielfalt und gegen Extremismus zu entwickeln und umzusetzen.<\/p>\n\n\n\n<p>In seiner dritten F\u00f6rderperiode (2025 bis 2032) ist das Bundesprogramm Teil der Strategie <a href=\"https:\/\/www.bmi.bund.de\/SharedDocs\/downloads\/DE\/publikationen\/themen\/ministerium\/BMI24021.pdf?__blob=publicationFile&amp;v=8\">\u201eGemeinsam f\u00fcr Demokratie und gegen Extremismus &#8211; Strategie der Bundesregierung f\u00fcr eine starke, wehrhafte Demokratie und eine offene und vielf\u00e4ltige Gesellschaft\u201c<\/a>. \u00dcber die Partnerschaften f\u00fcr Demokratie werden in diesem Sinne zivilgesellschaftlich und demokratisch aktive Menschen und Organisationen gest\u00e4rkt, die sich in ihrem kommunalen Umfeld f\u00fcr die Demokratie engagieren. Gleichzeitig unterst\u00fctzt die Landeshauptstadt Mainz in dieser Struktur Projekte, die sich f\u00fcr ein respektvolles Zusammenleben, gegen Rechtsextremismus und f\u00fcr eine lebendige Demokratie einsetzen. Innerhalb der Partnerschaft f\u00fcr Demokratie Mainz stehen daher Mittel zur F\u00f6rderung von Projekten externer Dritter zur Verf\u00fcgung, die auf Antrag an externe Veranstalter*innen weitergeleitet werden.<\/p>\n\n\n\n<p>\u25ba <a href=\"https:\/\/www.haus-des-erinnerns-mainz.de\/index.php\/pfd-mainz\/projektforderung\/\">Hier<\/a> geht es zu <a href=\"https:\/\/www.haus-des-erinnerns-mainz.de\/index.php\/pfd-mainz\/projektforderung\/\">Informationen<\/a> zur <a href=\"https:\/\/www.haus-des-erinnerns-mainz.de\/index.php\/pfd-mainz\/projektforderung\/\">Projektf\u00f6rderung<\/a><\/p>\n\n\n\n<br>\n\n\n\n<div class=\"wp-block-columns is-layout-flex wp-container-core-columns-is-layout-9d6595d7 wp-block-columns-is-layout-flex\">\n<div class=\"wp-block-column is-layout-flow wp-block-column-is-layout-flow\">\n<h4 class=\"wp-block-heading\">Koordinierungs- und Fachstelle<\/h4>\n\n\n\n<br>\n\n\n\n<p>Haus des Erinnerns \u2013 f\u00fcr Demokratie und Akzeptanz<br>Mail: <a href=\"mailto:info@hde-mainz.de\">info@hde-mainz.de<\/a><br><\/p>\n<\/div>\n\n\n\n<div class=\"wp-block-column is-layout-flow wp-block-column-is-layout-flow\">\n<h4 class=\"wp-block-heading\">Federf\u00fchrendes Amt<\/h4>\n\n\n\n<br>\n\n\n\n<p>Landeshauptstadt Mainz | Amt f\u00fcr Kultur und Bibliotheken<br>Mail: <a href=\"mailto:kulturamt@stadt.mainz.de\">kulturamt@stadt.mainz.de<\/a><\/p>\n<\/div>\n<\/div>\n\n\n\n<p><\/p>\n\n\n\n<p><\/p>\n","protected":false},"excerpt":{"rendered":"<p>Die Landeshauptstadt Mainz ist eine durch das Bundesprogramm \u201eDemokratie leben!\u201c gef\u00f6rderte Partnerschaft f\u00fcr Demokratie. In ganz Deutschland werden St\u00e4dte, Gemeinden und Landkreise dabei unterst\u00fctzt, im Rahmen von lokalen Partnerschaften f\u00fcr Demokratie Handlungskonzepte zur F\u00f6rderung von Demokratie und Vielfalt und gegen Extremismus zu entwickeln und umzusetzen. In seiner dritten F\u00f6rderperiode (2025&#8230;<\/p>\n<p> <a class=\"continue-reading-link\" href=\"https:\/\/www.haus-des-erinnerns-mainz.de\/index.php\/pfd-mainz\/\"><span>Weiterlesen<\/span><i class=\"crycon-right-dir\"><\/i><\/a> <\/p>\n","protected":false},"author":4,"featured_media":0,"parent":0,"menu_order":0,"comment_status":"closed","ping_status":"closed","template":"","meta":{"episode_type":"","audio_file":"","podmotor_file_id":"","podmotor_episode_id":"","cover_image":"","cover_image_id":"","duration":"","filesize":"","filesize_raw":"","date_recorded":"","explicit":"","block":"","ngg_post_thumbnail":0,"_price":"","_stock":"","_tribe_ticket_header":"","_tribe_default_ticket_provider":"","_tribe_ticket_capacity":"0","_ticket_start_date":"","_ticket_end_date":"","_tribe_ticket_show_description":"","_tribe_ticket_show_not_going":false,"_tribe_ticket_use_global_stock":"","_tribe_ticket_global_stock_level":"","_global_stock_mode":"","_global_stock_cap":"","_tribe_rsvp_for_event":"","_tribe_ticket_going_count":"","_tribe_ticket_not_going_count":"","_tribe_tickets_list":"[]","_tribe_ticket_has_attendee_info_fields":false,"footnotes":"","_tec_slr_enabled":"","_tec_slr_layout":""},"class_list":["post-8388","page","type-page","status-publish","hentry"],"ticketed":false,"_links":{"self":[{"href":"https:\/\/www.haus-des-erinnerns-mainz.de\/index.php\/wp-json\/wp\/v2\/pages\/8388","targetHints":{"allow":["GET"]}}],"collection":[{"href":"https:\/\/www.haus-des-erinnerns-mainz.de\/index.php\/wp-json\/wp\/v2\/pages"}],"about":[{"href":"https:\/\/www.haus-des-erinnerns-mainz.de\/index.php\/wp-json\/wp\/v2\/types\/page"}],"author":[{"embeddable":true,"href":"https:\/\/www.haus-des-erinnerns-mainz.de\/index.php\/wp-json\/wp\/v2\/users\/4"}],"replies":[{"embeddable":true,"href":"https:\/\/www.haus-des-erinnerns-mainz.de\/index.php\/wp-json\/wp\/v2\/comments?post=8388"}],"version-history":[{"count":11,"href":"https:\/\/www.haus-des-erinnerns-mainz.de\/index.php\/wp-json\/wp\/v2\/pages\/8388\/revisions"}],"predecessor-version":[{"id":8409,"href":"https:\/\/www.haus-des-erinnerns-mainz.de\/index.php\/wp-json\/wp\/v2\/pages\/8388\/revisions\/8409"}],"wp:attachment":[{"href":"https:\/\/www.haus-des-erinnerns-mainz.de\/index.php\/wp-json\/wp\/v2\/media?parent=8388"}],"curies":[{"name":"wp","href":"https:\/\/api.w.org\/{rel}","templated":true}]}}