{"id":83,"date":"2019-06-06T20:50:46","date_gmt":"2019-06-06T18:50:46","guid":{"rendered":"https:\/\/hausdeserinnerns.wordpress.com\/?page_id=83"},"modified":"2022-12-01T16:41:33","modified_gmt":"2022-12-01T15:41:33","slug":"stolpersteine","status":"publish","type":"page","link":"https:\/\/www.haus-des-erinnerns-mainz.de\/index.php\/stolpersteine\/","title":{"rendered":"Stolpersteine"},"content":{"rendered":"\n<figure class=\"wp-block-image size-large\"><img loading=\"lazy\" decoding=\"async\" width=\"1024\" height=\"309\" src=\"https:\/\/www.haus-des-erinnerns-mainz.de\/wp-content\/uploads\/2019\/09\/stumbling-blocks-2524029_1920_weich12-e1567627238163-1024x309.jpg\" alt=\"\" class=\"wp-image-507\" srcset=\"https:\/\/www.haus-des-erinnerns-mainz.de\/wp-content\/uploads\/2019\/09\/stumbling-blocks-2524029_1920_weich12-e1567627238163-1024x309.jpg 1024w, https:\/\/www.haus-des-erinnerns-mainz.de\/wp-content\/uploads\/2019\/09\/stumbling-blocks-2524029_1920_weich12-e1567627238163-300x91.jpg 300w, https:\/\/www.haus-des-erinnerns-mainz.de\/wp-content\/uploads\/2019\/09\/stumbling-blocks-2524029_1920_weich12-e1567627238163-768x232.jpg 768w, https:\/\/www.haus-des-erinnerns-mainz.de\/wp-content\/uploads\/2019\/09\/stumbling-blocks-2524029_1920_weich12-e1567627238163-150x45.jpg 150w, https:\/\/www.haus-des-erinnerns-mainz.de\/wp-content\/uploads\/2019\/09\/stumbling-blocks-2524029_1920_weich12-e1567627238163.jpg 1920w\" sizes=\"auto, (max-width: 1024px) 100vw, 1024px\" \/><\/figure>\n\n\n\n<p><br>Zum Gedenken an einzelne Opfer der nationalsozialistischen Vernichtungspolitik wurden in den vergangenen Jahren auch in Mainz, wie bereits in vielen anderen St\u00e4dten, \u201eStolpersteine\u201c verlegt. Der K\u00f6lner K\u00fcnstler Gunter Demnig rief diese Aktion ins Leben. <\/p>\n\n\n\n<p>Weitere Informationen zu \u201eStolpersteine als Gendenksteine\u201c sowie eine \u00dcbersicht zu bisher gesetzten Stolpersteinen in Mainz finden Sie <a rel=\"noreferrer noopener\" aria-label=\" (\u00f6ffnet in neuem Tab)\" href=\"https:\/\/www.mainz1933-1945.de\/stolpersteine.html\" target=\"_blank\">hier<\/a> und auf der Seite der <a rel=\"noreferrer noopener\" aria-label=\" (\u00f6ffnet in neuem Tab)\" href=\"https:\/\/www.mainz.de\/kultur-und-wissenschaft\/stadtgeschichte\/magenza\/stolpersteine.php\" target=\"_blank\">Landeshauptstadt Mainz<\/a>.  <\/p>\n\n\n\n<p>F\u00fcr grunds\u00e4tzliche Informationen besuchen Sie auch die Themenseite des Vereins f\u00fcr Sozialgeschichte Mainz e. V. zu <a rel=\"noreferrer noopener\" aria-label=\"Mainz im Nationalsozialismus 1933-1945 (\u00f6ffnet in neuem Tab)\" href=\"https:\/\/www.mainz1933-1945.de\/startseite.html\" target=\"_blank\">Mainz im Nationalsozialismus 1933\u20131945<\/a>. <\/p>\n\n\n\n<p>Ein laufendes Projekt des Haus des Erinnerns \u2013 f\u00fcr Demokratie und Akzeptanz sowie dem Verein f\u00fcr Sozialgeschichte Mainz e. V. ist der Aufbau einer neuen Stolperstein-Homepage. \u00dcber diese sollen k\u00fcnftig die Biografien sowie historische Aufnahmen, Quellen und Dokumente abrufbar sein, die sich hinter den Mainzer Stolpersteinen verbergen. Dabei handelt es sich um ein fortlaufendes Projekt, das stets um neue Biografien erweitert wird. <\/p>\n\n\n\n<p><a href=\"http:\/\/www.stolpersteine-mainz.de\">Hier<\/a> gelangen Sie zur neuen Stolperstein-Homepage.<br><\/p>\n\n\n\n<p>Hier stellen wir in einem Video die neue <a href=\"http:\/\/www.stolpersteine-mainz.de\">Stolperstein-Homepage<\/a> vor, die auch auf s\u00e4mtlichen mobilen Endger\u00e4ten verf\u00fcgbar ist.<\/p>\n\n\n\n<figure class=\"wp-block-embed is-type-video is-provider-youtube wp-block-embed-youtube wp-embed-aspect-16-9 wp-has-aspect-ratio\"><div class=\"wp-block-embed__wrapper\">\n<iframe loading=\"lazy\" title=\"Mainzer Erinnerungskultur \u2013 Die neue Stolperstein-Homepage\" width=\"900\" height=\"506\" src=\"https:\/\/www.youtube.com\/embed\/FI6VleoELBM?feature=oembed\" frameborder=\"0\" allow=\"accelerometer; autoplay; clipboard-write; encrypted-media; gyroscope; picture-in-picture\" allowfullscreen><\/iframe>\n<\/div><\/figure>\n\n\n\n<p><a href=\"https:\/\/www.musicfox.com\/info\/kostenlose-gemafreie-musik.php\">Gemafreie Musik von musicfox<\/a>: Afternoon Highway<\/p>\n\n\n\n<p>Video und Ton: Dr. Cornelia Dold<\/p>\n","protected":false},"excerpt":{"rendered":"<p>Zum Gedenken an einzelne Opfer der nationalsozialistischen Vernichtungspolitik wurden in den vergangenen Jahren auch in Mainz, wie bereits in vielen anderen St\u00e4dten, \u201eStolpersteine\u201c verlegt. Der K\u00f6lner K\u00fcnstler Gunter Demnig rief diese Aktion ins Leben. Weitere Informationen zu \u201eStolpersteine als Gendenksteine\u201c sowie eine \u00dcbersicht zu bisher gesetzten Stolpersteinen in Mainz finden&#8230;<\/p>\n<p> <a class=\"continue-reading-link\" href=\"https:\/\/www.haus-des-erinnerns-mainz.de\/index.php\/stolpersteine\/\"><span>Weiterlesen<\/span><i class=\"crycon-right-dir\"><\/i><\/a> <\/p>\n","protected":false},"author":1,"featured_media":0,"parent":0,"menu_order":0,"comment_status":"closed","ping_status":"closed","template":"","meta":{"episode_type":"","audio_file":"","podmotor_file_id":"","podmotor_episode_id":"","cover_image":"","cover_image_id":"","duration":"","filesize":"","filesize_raw":"","date_recorded":"","explicit":"","block":"","ngg_post_thumbnail":0,"_price":"","_stock":"","_tribe_ticket_header":"","_tribe_default_ticket_provider":"","_tribe_ticket_capacity":"0","_ticket_start_date":"","_ticket_end_date":"","_tribe_ticket_show_description":"","_tribe_ticket_show_not_going":false,"_tribe_ticket_use_global_stock":"","_tribe_ticket_global_stock_level":"","_global_stock_mode":"","_global_stock_cap":"","_tribe_rsvp_for_event":"","_tribe_ticket_going_count":"","_tribe_ticket_not_going_count":"","_tribe_tickets_list":"[]","_tribe_ticket_has_attendee_info_fields":false,"footnotes":"","_tec_slr_enabled":"","_tec_slr_layout":""},"class_list":["post-83","page","type-page","status-publish","hentry"],"ticketed":false,"_links":{"self":[{"href":"https:\/\/www.haus-des-erinnerns-mainz.de\/index.php\/wp-json\/wp\/v2\/pages\/83","targetHints":{"allow":["GET"]}}],"collection":[{"href":"https:\/\/www.haus-des-erinnerns-mainz.de\/index.php\/wp-json\/wp\/v2\/pages"}],"about":[{"href":"https:\/\/www.haus-des-erinnerns-mainz.de\/index.php\/wp-json\/wp\/v2\/types\/page"}],"author":[{"embeddable":true,"href":"https:\/\/www.haus-des-erinnerns-mainz.de\/index.php\/wp-json\/wp\/v2\/users\/1"}],"replies":[{"embeddable":true,"href":"https:\/\/www.haus-des-erinnerns-mainz.de\/index.php\/wp-json\/wp\/v2\/comments?post=83"}],"version-history":[{"count":9,"href":"https:\/\/www.haus-des-erinnerns-mainz.de\/index.php\/wp-json\/wp\/v2\/pages\/83\/revisions"}],"predecessor-version":[{"id":5706,"href":"https:\/\/www.haus-des-erinnerns-mainz.de\/index.php\/wp-json\/wp\/v2\/pages\/83\/revisions\/5706"}],"wp:attachment":[{"href":"https:\/\/www.haus-des-erinnerns-mainz.de\/index.php\/wp-json\/wp\/v2\/media?parent=83"}],"curies":[{"name":"wp","href":"https:\/\/api.w.org\/{rel}","templated":true}]}}

<figure class="wp-block-image size-large"><img loading="lazy" decoding="async" width="1024" height="309" src="https://www.haus-des-erinnerns-mainz.de/wp-content/uploads/2019/09/stumbling-blocks-2524029_1920_weich12-e1567627238163-1024x309.jpg" alt="" class="wp-image-507" srcset="https://www.haus-des-erinnerns-mainz.de/wp-content/uploads/2019/09/stumbling-blocks-2524029_1920_weich12-e1567627238163-1024x309.jpg 1024w, https://www.haus-des-erinnerns-mainz.de/wp-content/uploads/2019/09/stumbling-blocks-2524029_1920_weich12-e1567627238163-300x91.jpg 300w, https://www.haus-des-erinnerns-mainz.de/wp-content/uploads/2019/09/stumbling-blocks-2524029_1920_weich12-e1567627238163-768x232.jpg 768w, https://www.haus-des-erinnerns-mainz.de/wp-content/uploads/2019/09/stumbling-blocks-2524029_1920_weich12-e1567627238163-150x45.jpg 150w, https://www.haus-des-erinnerns-mainz.de/wp-content/uploads/2019/09/stumbling-blocks-2524029_1920_weich12-e1567627238163.jpg 1920w" sizes="auto, (max-width: 1024px) 100vw, 1024px" /></figure>



<p><br>Zum Gedenken an einzelne Opfer der nationalsozialistischen Vernichtungspolitik wurden in den vergangenen Jahren auch in Mainz, wie bereits in vielen anderen Städten, „Stolpersteine“ verlegt. Der Kölner Künstler Gunter Demnig rief diese Aktion ins Leben. </p>



<p>Weitere Informationen zu „Stolpersteine als Gendenksteine“ sowie eine Übersicht zu bisher gesetzten Stolpersteinen in Mainz finden Sie <a rel="noreferrer noopener" aria-label=" (öffnet in neuem Tab)" href="https://www.mainz1933-1945.de/stolpersteine.html" target="_blank">hier</a> und auf der Seite der <a rel="noreferrer noopener" aria-label=" (öffnet in neuem Tab)" href="https://www.mainz.de/kultur-und-wissenschaft/stadtgeschichte/magenza/stolpersteine.php" target="_blank">Landeshauptstadt Mainz</a>.  </p>



<p>Für grundsätzliche Informationen besuchen Sie auch die Themenseite des Vereins für Sozialgeschichte Mainz e. V. zu <a rel="noreferrer noopener" aria-label="Mainz im Nationalsozialismus 1933-1945 (öffnet in neuem Tab)" href="https://www.mainz1933-1945.de/startseite.html" target="_blank">Mainz im Nationalsozialismus 1933–1945</a>. </p>



<p>Ein laufendes Projekt des Haus des Erinnerns – für Demokratie und Akzeptanz sowie dem Verein für Sozialgeschichte Mainz e. V. ist der Aufbau einer neuen Stolperstein-Homepage. Über diese sollen künftig die Biografien sowie historische Aufnahmen, Quellen und Dokumente abrufbar sein, die sich hinter den Mainzer Stolpersteinen verbergen. Dabei handelt es sich um ein fortlaufendes Projekt, das stets um neue Biografien erweitert wird. </p>



<p><a href="http://www.stolpersteine-mainz.de">Hier</a> gelangen Sie zur neuen Stolperstein-Homepage.<br></p>



<p>Hier stellen wir in einem Video die neue <a href="http://www.stolpersteine-mainz.de">Stolperstein-Homepage</a> vor, die auch auf sämtlichen mobilen Endgeräten verfügbar ist.</p>



<figure class="wp-block-embed is-type-video is-provider-youtube wp-block-embed-youtube wp-embed-aspect-16-9 wp-has-aspect-ratio"><div class="wp-block-embed__wrapper">
<iframe loading="lazy" title="Mainzer Erinnerungskultur – Die neue Stolperstein-Homepage" width="900" height="506" src="https://www.youtube.com/embed/FI6VleoELBM?feature=oembed" frameborder="0" allow="accelerometer; autoplay; clipboard-write; encrypted-media; gyroscope; picture-in-picture" allowfullscreen></iframe>
</div></figure>



<p><a href="https://www.musicfox.com/info/kostenlose-gemafreie-musik.php">Gemafreie Musik von musicfox</a>: Afternoon Highway</p>



<p>Video und Ton: Dr. Cornelia Dold</p>

<p>Zum Gedenken an einzelne Opfer der nationalsozialistischen Vernichtungspolitik wurden in den vergangenen Jahren auch in Mainz, wie bereits in vielen anderen Städten, „Stolpersteine“ verlegt. Der Kölner Künstler Gunter Demnig rief diese Aktion ins Leben. Weitere Informationen zu „Stolpersteine als Gendenksteine“ sowie eine Übersicht zu bisher gesetzten Stolpersteinen in Mainz finden&#8230;</p>
<p> <a class="continue-reading-link" href="https://www.haus-des-erinnerns-mainz.de/index.php/stolpersteine/"><span>Weiterlesen</span><i class="crycon-right-dir"></i></a> </p>
