{"id":7885,"date":"2025-05-11T15:39:22","date_gmt":"2025-05-11T13:39:22","guid":{"rendered":"https:\/\/www.haus-des-erinnerns-mainz.de\/?page_id=7885"},"modified":"2025-05-11T15:45:36","modified_gmt":"2025-05-11T13:45:36","slug":"ihr-engagement-fuer-demokratie","status":"publish","type":"page","link":"https:\/\/www.haus-des-erinnerns-mainz.de\/index.php\/unser-haus\/ihr-engagement-fuer-demokratie\/","title":{"rendered":"Ihr Engagement f\u00fcr Demokratie"},"content":{"rendered":"\n<br>\n\n\n\n<p class=\"has-black-color has-text-color has-background has-link-color has-medium-font-size wp-elements-d3a916eb183ade2f9c87e48fe6c0a426\" style=\"background-color:#aec2d4\">Um unser \u201eHaus des Erinnerns \u2013 f\u00fcr Demokratie und Akzeptanz\u201c zu einem lebendigen Zentrum des Erinnerns und Lernens zu machen, bedarf es des Engagements vieler B\u00fcrger*innen. Helfen auch Sie mit, den Lernort f\u00fcr Demokratie und Akzeptanz weiter auszubauen und unterst\u00fctzen unsere Arbeit! Engagieren Sie sich z. B. durch eine Zustiftung auf unser Stiftungskonto&nbsp;(IBAN DE98 5535 0010 0200 0975 33).<br>Jeder Betrag hilft uns und ist willkommen!<br>Kommen Sie zu unseren Veranstaltungen, berichten anderen Menschen von unserer Einrichtung oder machen sich f\u00fcr mehr Demokratiebildung stark \u2013 Sie ist notwendiger denn je!<br><br><strong><a href=\"https:\/\/www.haus-des-erinnerns-mainz.de\/wp-content\/uploads\/2024\/03\/Stiftungsflyer_neu_online_beschreibbar.pdf\">Hier<\/a><\/strong> gelangt man zu unserem Stiftungsflyer mit weiteren Informationen.<\/p>\n","protected":false},"excerpt":{"rendered":"<p>Um unser \u201eHaus des Erinnerns \u2013 f\u00fcr Demokratie und Akzeptanz\u201c zu einem lebendigen Zentrum des Erinnerns und Lernens zu machen, bedarf es des Engagements vieler B\u00fcrger*innen. Helfen auch Sie mit, den Lernort f\u00fcr Demokratie und Akzeptanz weiter auszubauen und unterst\u00fctzen unsere Arbeit! Engagieren Sie sich z. B. durch eine Zustiftung&#8230;<\/p>\n<p> <a class=\"continue-reading-link\" href=\"https:\/\/www.haus-des-erinnerns-mainz.de\/index.php\/unser-haus\/ihr-engagement-fuer-demokratie\/\"><span>Weiterlesen<\/span><i class=\"crycon-right-dir\"><\/i><\/a> <\/p>\n","protected":false},"author":4,"featured_media":0,"parent":1441,"menu_order":0,"comment_status":"closed","ping_status":"closed","template":"","meta":{"episode_type":"","audio_file":"","podmotor_file_id":"","podmotor_episode_id":"","cover_image":"","cover_image_id":"","duration":"","filesize":"","filesize_raw":"","date_recorded":"","explicit":"","block":"","ngg_post_thumbnail":0,"_price":"","_stock":"","_tribe_ticket_header":"","_tribe_default_ticket_provider":"","_tribe_ticket_capacity":"0","_ticket_start_date":"","_ticket_end_date":"","_tribe_ticket_show_description":"","_tribe_ticket_show_not_going":false,"_tribe_ticket_use_global_stock":"","_tribe_ticket_global_stock_level":"","_global_stock_mode":"","_global_stock_cap":"","_tribe_rsvp_for_event":"","_tribe_ticket_going_count":"","_tribe_ticket_not_going_count":"","_tribe_tickets_list":"[]","_tribe_ticket_has_attendee_info_fields":false,"footnotes":"","_tec_slr_enabled":"","_tec_slr_layout":""},"class_list":["post-7885","page","type-page","status-publish","hentry"],"ticketed":false,"_links":{"self":[{"href":"https:\/\/www.haus-des-erinnerns-mainz.de\/index.php\/wp-json\/wp\/v2\/pages\/7885","targetHints":{"allow":["GET"]}}],"collection":[{"href":"https:\/\/www.haus-des-erinnerns-mainz.de\/index.php\/wp-json\/wp\/v2\/pages"}],"about":[{"href":"https:\/\/www.haus-des-erinnerns-mainz.de\/index.php\/wp-json\/wp\/v2\/types\/page"}],"author":[{"embeddable":true,"href":"https:\/\/www.haus-des-erinnerns-mainz.de\/index.php\/wp-json\/wp\/v2\/users\/4"}],"replies":[{"embeddable":true,"href":"https:\/\/www.haus-des-erinnerns-mainz.de\/index.php\/wp-json\/wp\/v2\/comments?post=7885"}],"version-history":[{"count":3,"href":"https:\/\/www.haus-des-erinnerns-mainz.de\/index.php\/wp-json\/wp\/v2\/pages\/7885\/revisions"}],"predecessor-version":[{"id":7888,"href":"https:\/\/www.haus-des-erinnerns-mainz.de\/index.php\/wp-json\/wp\/v2\/pages\/7885\/revisions\/7888"}],"up":[{"embeddable":true,"href":"https:\/\/www.haus-des-erinnerns-mainz.de\/index.php\/wp-json\/wp\/v2\/pages\/1441"}],"wp:attachment":[{"href":"https:\/\/www.haus-des-erinnerns-mainz.de\/index.php\/wp-json\/wp\/v2\/media?parent=7885"}],"curies":[{"name":"wp","href":"https:\/\/api.w.org\/{rel}","templated":true}]}}

Ihr Engagement für Demokratie

<br>



<p class="has-black-color has-text-color has-background has-link-color has-medium-font-size wp-elements-d3a916eb183ade2f9c87e48fe6c0a426" style="background-color:#aec2d4">Um unser „Haus des Erinnerns – für Demokratie und Akzeptanz“ zu einem lebendigen Zentrum des Erinnerns und Lernens zu machen, bedarf es des Engagements vieler Bürger*innen. Helfen auch Sie mit, den Lernort für Demokratie und Akzeptanz weiter auszubauen und unterstützen unsere Arbeit! Engagieren Sie sich z. B. durch eine Zustiftung auf unser Stiftungskonto&nbsp;(IBAN DE98 5535 0010 0200 0975 33).<br>Jeder Betrag hilft uns und ist willkommen!<br>Kommen Sie zu unseren Veranstaltungen, berichten anderen Menschen von unserer Einrichtung oder machen sich für mehr Demokratiebildung stark – Sie ist notwendiger denn je!<br><br><strong><a href="https://www.haus-des-erinnerns-mainz.de/wp-content/uploads/2024/03/Stiftungsflyer_neu_online_beschreibbar.pdf">Hier</a></strong> gelangt man zu unserem Stiftungsflyer mit weiteren Informationen.</p>

<p>Um unser „Haus des Erinnerns – für Demokratie und Akzeptanz“ zu einem lebendigen Zentrum des Erinnerns und Lernens zu machen, bedarf es des Engagements vieler Bürger*innen. Helfen auch Sie mit, den Lernort für Demokratie und Akzeptanz weiter auszubauen und unterstützen unsere Arbeit! Engagieren Sie sich z. B. durch eine Zustiftung&#8230;</p>
<p> <a class="continue-reading-link" href="https://www.haus-des-erinnerns-mainz.de/index.php/unser-haus/ihr-engagement-fuer-demokratie/"><span>Weiterlesen</span><i class="crycon-right-dir"></i></a> </p>
