{"id":4280,"date":"2021-08-20T14:30:52","date_gmt":"2021-08-20T12:30:52","guid":{"rendered":"https:\/\/www.haus-des-erinnerns-mainz.de\/?page_id=4280"},"modified":"2024-01-05T14:24:25","modified_gmt":"2024-01-05T13:24:25","slug":"wir-und-die-anderen","status":"publish","type":"page","link":"https:\/\/www.haus-des-erinnerns-mainz.de\/index.php\/bildungsangebote\/fuer-schueler-jugendgruppen\/wir-und-die-anderen\/","title":{"rendered":""},"content":{"rendered":"\n<figure class=\"wp-block-image size-large\"><img loading=\"lazy\" decoding=\"async\" width=\"4024\" height=\"473\" src=\"https:\/\/www.haus-des-erinnerns-mainz.de\/wp-content\/uploads\/2024\/01\/Header_Ueberschriften_neu5-1-4024x473.jpg\" alt=\"\" class=\"wp-image-6693\" srcset=\"https:\/\/www.haus-des-erinnerns-mainz.de\/wp-content\/uploads\/2024\/01\/Header_Ueberschriften_neu5-1-4024x473.jpg 4024w, https:\/\/www.haus-des-erinnerns-mainz.de\/wp-content\/uploads\/2024\/01\/Header_Ueberschriften_neu5-1-300x35.jpg 300w, https:\/\/www.haus-des-erinnerns-mainz.de\/wp-content\/uploads\/2024\/01\/Header_Ueberschriften_neu5-1-768x90.jpg 768w, https:\/\/www.haus-des-erinnerns-mainz.de\/wp-content\/uploads\/2024\/01\/Header_Ueberschriften_neu5-1-1536x181.jpg 1536w, https:\/\/www.haus-des-erinnerns-mainz.de\/wp-content\/uploads\/2024\/01\/Header_Ueberschriften_neu5-1-2048x241.jpg 2048w, https:\/\/www.haus-des-erinnerns-mainz.de\/wp-content\/uploads\/2024\/01\/Header_Ueberschriften_neu5-1-150x18.jpg 150w\" sizes=\"auto, (max-width: 4024px) 100vw, 4024px\" \/><\/figure>\n\n\n\n<br>\n\n\n\n<h5 class=\"wp-block-heading\"><strong>Workshop: \u201eWir\u201c und \u201edie Anderen\u201c<\/strong><\/h5>\n\n\n\n<p><br><strong>Lerninhalt:<\/strong><br>Im Zentrum dieses Workshops stehen Erscheinungsformen der Ab- und Ausgrenzung mit Blick in die Geschichte, aber auch in die Gegenwart. In einer Aufw\u00e4rmrunde wird zun\u00e4chst der Frage nachgegangen, wie ein \u201eWir\u201c und ein \u201edie Anderen\u201c entsteht \u2013 obwohl die Unterschiede oft nur sehr klein sind. In verschiedenen Gruppen arbeiten die Jugendlichen die gezeichneten Bilder \u201eder Anderen\u201c heraus.<br>In diesem Workshop geht es darum, ein Bewusstsein f\u00fcr wiederkehrende Abgrenzungsprozesse von \u201eWir\u201c zu \u201eden Anderen\u201c zu schaffen, indem man erkennt, dass diese Prozesse immer wieder stattfinden. Gleichzeitig sollen M\u00f6glichkeiten und Wege diskutiert werden, damit angemessen umzugehen.<\/p>\n\n\n\n<p class=\"has-white-color has-text-color has-background\" style=\"background-color:#20303c\"><strong>Zielgruppe:<\/strong> ab 10. Klasse<br><strong>Dauer:<\/strong> 90 Minuten<br><strong>Gruppengr\u00f6\u00dfe:<\/strong> bis 35 Personen<br><strong>Gut kombinierbar mit:<\/strong> Workshop Menschenrechte<\/p>\n\n\n\n<br>\n\n\n\n<h5 class=\"wp-block-heading\"><strong>Workshop: \u201eOthering\u201c<\/strong><\/h5>\n\n\n\n<p><br><strong>Lerninhalt:<\/strong><br>Der Workshop \u201eOthering\u201c befasst sich mit derFrage nach Ausgrenzungsmechanismen unddem sogenannten \u201eOthering\u201c von Personengruppen.Diskutiert wird \u00fcber Gruppen, die esbetreffen kann und \u00fcber den Prozess an sich.Dazu wird die Lerngruppe nach einer kurzenEinf\u00fchrung in drei Kleingruppen aufgeteilt.<\/p>\n\n\n\n<ul class=\"wp-block-list\">\n<li>Gruppe 1: Was ist \u201eOthering\u201c?<\/li>\n\n\n\n<li>Gruppe 2: Was sind die Folgen von \u201eOthering\u201c?<\/li>\n\n\n\n<li>Gruppe 3: Was k\u00f6nnen wir dagegen tun?<\/li>\n<\/ul>\n\n\n\n<p>In diesem Workshop geht es darum, einBewusstsein f\u00fcr das Definieren der eigenenGruppenpers\u00f6nlichkeit in Abgrenzung zuanderen zu schaffen. Aufgezeigt werden die Gefahren, die dadurch entstehen k\u00f6nnenund wie vielschichtig Ausgrenzung sein kann. Jedoch auch, wie man dem entgegenwirkenkann.<\/p>\n\n\n\n<p class=\"has-white-color has-text-color has-background has-link-color wp-elements-d71f1882e891cf3bea65c1084e53544f\" style=\"background-color:#20303c\"><strong>Zielgruppe:<\/strong> ab 8. Klasse<br><strong>Dauer:<\/strong> 90 Minuten<br><strong>Gruppengr\u00f6\u00dfe:<\/strong> bis 35 Personen<br><strong>Gut kombinierbar mit:<\/strong> Workshop Menschenrechte<\/p>\n\n\n\n<br>\n\n\n\n<h5 class=\"wp-block-heading\"><strong>Workshop: Make Love Not Hate Speech<\/strong><\/h5>\n\n\n\n<p><br><strong>Lerninhalt:<\/strong><br>Auf Beleidigungen und Hass treffen wir nahezu allt\u00e4glich, sowohl analog wie auch digital. In sozialen Netzwerken findet man in vielen Kommentarspalten hetzerische und beleidigende Kommentare, so auch auf den g\u00e4ngigen Plattformen wie YouTube, Facebook, Instagram oder TikTok. Oftmals rechtfertigen Hater*innen ihre Hassrede mit der Meinungsfreiheit. Aber Vorsicht! Hass ist keine Meinung und kann sogar strafbar sein! Aber was genau versteht man unter Hate Speech, welche Personen und Gruppen sind besonders von Hate Speech betroffen und inwiefern h\u00e4ngen Meinungsfreiheit und Menschenrechte damit zusammen? Wie kann man Hassreden erkennen und welche Formen gibt es? Dazu wird sich die Lerngruppe in drei Kleingruppen aufteilen:<\/p>\n\n\n\n<ul class=\"wp-block-list\">\n<li>Gruppe 1: Was ist Hate Speech?<\/li>\n\n\n\n<li>Gruppe 2: Formen und Muster von Hate Speech<\/li>\n\n\n\n<li>Gruppe 3: Hate Speech erkennen und benennen<br><\/li>\n<\/ul>\n\n\n\n<p>In diesem Workshop geht es darum, ein Bewusstsein f\u00fcr das \u00dcberschreiten der Grenze zwischen Meinungsfreiheit und verletzenden oder gar strafbaren Aussagen zu schaffen. Oftmals ist Hate Speech direkt zu erkennen, aber es gibt auch schwierigere oder versteckte F\u00e4lle. Die Teilnehmer*innen sollen die Kompetenz erwerben, wie man mit solchen Aussagen umgehen und vor allem diese erkennen kann.<\/p>\n\n\n\n<p class=\"has-white-color has-text-color has-background has-link-color wp-elements-a7be09a91b0a1dc51f70b7cdaf2e223f\" style=\"background-color:#20303c\"><strong>Zielgruppe:<\/strong> ab 9. Klasse<br><strong>Dauer:<\/strong> 90 Minuten<br><strong>Gruppengr\u00f6\u00dfe:<\/strong> bis 35 Personen<\/p>\n","protected":false},"excerpt":{"rendered":"<p>Workshop: \u201eWir\u201c und \u201edie Anderen\u201c Lerninhalt:Im Zentrum dieses Workshops stehen Erscheinungsformen der Ab- und Ausgrenzung mit Blick in die Geschichte, aber auch in die Gegenwart. In einer Aufw\u00e4rmrunde wird zun\u00e4chst der Frage nachgegangen, wie ein \u201eWir\u201c und ein \u201edie Anderen\u201c entsteht \u2013 obwohl die Unterschiede oft nur sehr klein sind&#8230;.<\/p>\n<p> <a class=\"continue-reading-link\" href=\"https:\/\/www.haus-des-erinnerns-mainz.de\/index.php\/bildungsangebote\/fuer-schueler-jugendgruppen\/wir-und-die-anderen\/\"><span>Weiterlesen<\/span><i class=\"crycon-right-dir\"><\/i><\/a> <\/p>\n","protected":false},"author":4,"featured_media":0,"parent":712,"menu_order":0,"comment_status":"closed","ping_status":"closed","template":"","meta":{"episode_type":"","audio_file":"","podmotor_file_id":"","podmotor_episode_id":"","cover_image":"","cover_image_id":"","duration":"","filesize":"","filesize_raw":"","date_recorded":"","explicit":"","block":"","ngg_post_thumbnail":0,"_price":"","_stock":"","_tribe_ticket_header":"","_tribe_default_ticket_provider":"","_tribe_ticket_capacity":"0","_ticket_start_date":"","_ticket_end_date":"","_tribe_ticket_show_description":"","_tribe_ticket_show_not_going":false,"_tribe_ticket_use_global_stock":"","_tribe_ticket_global_stock_level":"","_global_stock_mode":"","_global_stock_cap":"","_tribe_rsvp_for_event":"","_tribe_ticket_going_count":"","_tribe_ticket_not_going_count":"","_tribe_tickets_list":"[]","_tribe_ticket_has_attendee_info_fields":false,"footnotes":"","_tec_slr_enabled":"","_tec_slr_layout":""},"class_list":["post-4280","page","type-page","status-publish","hentry"],"ticketed":false,"_links":{"self":[{"href":"https:\/\/www.haus-des-erinnerns-mainz.de\/index.php\/wp-json\/wp\/v2\/pages\/4280","targetHints":{"allow":["GET"]}}],"collection":[{"href":"https:\/\/www.haus-des-erinnerns-mainz.de\/index.php\/wp-json\/wp\/v2\/pages"}],"about":[{"href":"https:\/\/www.haus-des-erinnerns-mainz.de\/index.php\/wp-json\/wp\/v2\/types\/page"}],"author":[{"embeddable":true,"href":"https:\/\/www.haus-des-erinnerns-mainz.de\/index.php\/wp-json\/wp\/v2\/users\/4"}],"replies":[{"embeddable":true,"href":"https:\/\/www.haus-des-erinnerns-mainz.de\/index.php\/wp-json\/wp\/v2\/comments?post=4280"}],"version-history":[{"count":21,"href":"https:\/\/www.haus-des-erinnerns-mainz.de\/index.php\/wp-json\/wp\/v2\/pages\/4280\/revisions"}],"predecessor-version":[{"id":6710,"href":"https:\/\/www.haus-des-erinnerns-mainz.de\/index.php\/wp-json\/wp\/v2\/pages\/4280\/revisions\/6710"}],"up":[{"embeddable":true,"href":"https:\/\/www.haus-des-erinnerns-mainz.de\/index.php\/wp-json\/wp\/v2\/pages\/712"}],"wp:attachment":[{"href":"https:\/\/www.haus-des-erinnerns-mainz.de\/index.php\/wp-json\/wp\/v2\/media?parent=4280"}],"curies":[{"name":"wp","href":"https:\/\/api.w.org\/{rel}","templated":true}]}}

<figure class="wp-block-image size-large"><img loading="lazy" decoding="async" width="4024" height="473" src="https://www.haus-des-erinnerns-mainz.de/wp-content/uploads/2024/01/Header_Ueberschriften_neu5-1-4024x473.jpg" alt="" class="wp-image-6693" srcset="https://www.haus-des-erinnerns-mainz.de/wp-content/uploads/2024/01/Header_Ueberschriften_neu5-1-4024x473.jpg 4024w, https://www.haus-des-erinnerns-mainz.de/wp-content/uploads/2024/01/Header_Ueberschriften_neu5-1-300x35.jpg 300w, https://www.haus-des-erinnerns-mainz.de/wp-content/uploads/2024/01/Header_Ueberschriften_neu5-1-768x90.jpg 768w, https://www.haus-des-erinnerns-mainz.de/wp-content/uploads/2024/01/Header_Ueberschriften_neu5-1-1536x181.jpg 1536w, https://www.haus-des-erinnerns-mainz.de/wp-content/uploads/2024/01/Header_Ueberschriften_neu5-1-2048x241.jpg 2048w, https://www.haus-des-erinnerns-mainz.de/wp-content/uploads/2024/01/Header_Ueberschriften_neu5-1-150x18.jpg 150w" sizes="auto, (max-width: 4024px) 100vw, 4024px" /></figure>



<br>



<h5 class="wp-block-heading"><strong>Workshop: „Wir“ und „die Anderen“</strong></h5>



<p><br><strong>Lerninhalt:</strong><br>Im Zentrum dieses Workshops stehen Erscheinungsformen der Ab- und Ausgrenzung mit Blick in die Geschichte, aber auch in die Gegenwart. In einer Aufwärmrunde wird zunächst der Frage nachgegangen, wie ein „Wir“ und ein „die Anderen“ entsteht – obwohl die Unterschiede oft nur sehr klein sind. In verschiedenen Gruppen arbeiten die Jugendlichen die gezeichneten Bilder „der Anderen“ heraus.<br>In diesem Workshop geht es darum, ein Bewusstsein für wiederkehrende Abgrenzungsprozesse von „Wir“ zu „den Anderen“ zu schaffen, indem man erkennt, dass diese Prozesse immer wieder stattfinden. Gleichzeitig sollen Möglichkeiten und Wege diskutiert werden, damit angemessen umzugehen.</p>



<p class="has-white-color has-text-color has-background" style="background-color:#20303c"><strong>Zielgruppe:</strong> ab 10. Klasse<br><strong>Dauer:</strong> 90 Minuten<br><strong>Gruppengröße:</strong> bis 35 Personen<br><strong>Gut kombinierbar mit:</strong> Workshop Menschenrechte</p>



<br>



<h5 class="wp-block-heading"><strong>Workshop: „Othering“</strong></h5>



<p><br><strong>Lerninhalt:</strong><br>Der Workshop „Othering“ befasst sich mit derFrage nach Ausgrenzungsmechanismen unddem sogenannten „Othering“ von Personengruppen.Diskutiert wird über Gruppen, die esbetreffen kann und über den Prozess an sich.Dazu wird die Lerngruppe nach einer kurzenEinführung in drei Kleingruppen aufgeteilt.</p>



<ul class="wp-block-list">
<li>Gruppe 1: Was ist „Othering“?</li>



<li>Gruppe 2: Was sind die Folgen von „Othering“?</li>



<li>Gruppe 3: Was können wir dagegen tun?</li>
</ul>



<p>In diesem Workshop geht es darum, einBewusstsein für das Definieren der eigenenGruppenpersönlichkeit in Abgrenzung zuanderen zu schaffen. Aufgezeigt werden die Gefahren, die dadurch entstehen könnenund wie vielschichtig Ausgrenzung sein kann. Jedoch auch, wie man dem entgegenwirkenkann.</p>



<p class="has-white-color has-text-color has-background has-link-color wp-elements-d71f1882e891cf3bea65c1084e53544f" style="background-color:#20303c"><strong>Zielgruppe:</strong> ab 8. Klasse<br><strong>Dauer:</strong> 90 Minuten<br><strong>Gruppengröße:</strong> bis 35 Personen<br><strong>Gut kombinierbar mit:</strong> Workshop Menschenrechte</p>



<br>



<h5 class="wp-block-heading"><strong>Workshop: Make Love Not Hate Speech</strong></h5>



<p><br><strong>Lerninhalt:</strong><br>Auf Beleidigungen und Hass treffen wir nahezu alltäglich, sowohl analog wie auch digital. In sozialen Netzwerken findet man in vielen Kommentarspalten hetzerische und beleidigende Kommentare, so auch auf den gängigen Plattformen wie YouTube, Facebook, Instagram oder TikTok. Oftmals rechtfertigen Hater*innen ihre Hassrede mit der Meinungsfreiheit. Aber Vorsicht! Hass ist keine Meinung und kann sogar strafbar sein! Aber was genau versteht man unter Hate Speech, welche Personen und Gruppen sind besonders von Hate Speech betroffen und inwiefern hängen Meinungsfreiheit und Menschenrechte damit zusammen? Wie kann man Hassreden erkennen und welche Formen gibt es? Dazu wird sich die Lerngruppe in drei Kleingruppen aufteilen:</p>



<ul class="wp-block-list">
<li>Gruppe 1: Was ist Hate Speech?</li>



<li>Gruppe 2: Formen und Muster von Hate Speech</li>



<li>Gruppe 3: Hate Speech erkennen und benennen<br></li>
</ul>



<p>In diesem Workshop geht es darum, ein Bewusstsein für das Überschreiten der Grenze zwischen Meinungsfreiheit und verletzenden oder gar strafbaren Aussagen zu schaffen. Oftmals ist Hate Speech direkt zu erkennen, aber es gibt auch schwierigere oder versteckte Fälle. Die Teilnehmer*innen sollen die Kompetenz erwerben, wie man mit solchen Aussagen umgehen und vor allem diese erkennen kann.</p>



<p class="has-white-color has-text-color has-background has-link-color wp-elements-a7be09a91b0a1dc51f70b7cdaf2e223f" style="background-color:#20303c"><strong>Zielgruppe:</strong> ab 9. Klasse<br><strong>Dauer:</strong> 90 Minuten<br><strong>Gruppengröße:</strong> bis 35 Personen</p>

<p>Workshop: „Wir“ und „die Anderen“ Lerninhalt:Im Zentrum dieses Workshops stehen Erscheinungsformen der Ab- und Ausgrenzung mit Blick in die Geschichte, aber auch in die Gegenwart. In einer Aufwärmrunde wird zunächst der Frage nachgegangen, wie ein „Wir“ und ein „die Anderen“ entsteht – obwohl die Unterschiede oft nur sehr klein sind&#8230;.</p>
<p> <a class="continue-reading-link" href="https://www.haus-des-erinnerns-mainz.de/index.php/bildungsangebote/fuer-schueler-jugendgruppen/wir-und-die-anderen/"><span>Weiterlesen</span><i class="crycon-right-dir"></i></a> </p>
