{"id":3219,"date":"2021-01-29T10:59:58","date_gmt":"2021-01-29T09:59:58","guid":{"rendered":"https:\/\/www.haus-des-erinnerns-mainz.de\/?page_id=3219"},"modified":"2024-01-11T15:26:42","modified_gmt":"2024-01-11T14:26:42","slug":"audioguide-2","status":"publish","type":"page","link":"https:\/\/www.haus-des-erinnerns-mainz.de\/index.php\/projekte-ausstellungen\/projekte\/audioguides\/audioguide-2\/","title":{"rendered":"Auf den Spuren des Nationalsozialismus durch Mainz"},"content":{"rendered":"\n<figure class=\"wp-block-image size-full\"><img loading=\"lazy\" decoding=\"async\" width=\"2560\" height=\"2560\" src=\"https:\/\/www.haus-des-erinnerns-mainz.de\/wp-content\/uploads\/2024\/01\/Cover_Stadtrundgang_neu_NS_2-scaled.jpg\" alt=\"\" class=\"wp-image-6808\" srcset=\"https:\/\/www.haus-des-erinnerns-mainz.de\/wp-content\/uploads\/2024\/01\/Cover_Stadtrundgang_neu_NS_2-scaled.jpg 2560w, https:\/\/www.haus-des-erinnerns-mainz.de\/wp-content\/uploads\/2024\/01\/Cover_Stadtrundgang_neu_NS_2-300x300.jpg 300w, https:\/\/www.haus-des-erinnerns-mainz.de\/wp-content\/uploads\/2024\/01\/Cover_Stadtrundgang_neu_NS_2-150x150.jpg 150w, https:\/\/www.haus-des-erinnerns-mainz.de\/wp-content\/uploads\/2024\/01\/Cover_Stadtrundgang_neu_NS_2-768x768.jpg 768w, https:\/\/www.haus-des-erinnerns-mainz.de\/wp-content\/uploads\/2024\/01\/Cover_Stadtrundgang_neu_NS_2-1536x1536.jpg 1536w, https:\/\/www.haus-des-erinnerns-mainz.de\/wp-content\/uploads\/2024\/01\/Cover_Stadtrundgang_neu_NS_2-2048x2048.jpg 2048w\" sizes=\"auto, (max-width: 2560px) 100vw, 2560px\" \/><\/figure>\n\n\n\n<p><\/p>\n\n\n\n<p> <\/p>\n\n\n\n<p class=\"has-medium-font-size\"><br><strong>Allgemeine Informationen zum Rundgang<\/strong><\/p>\n\n\n\n<p>Liebe Besucher*innen,<br><br>unser Audioguide&nbsp;<strong>\u201eAusgegrenzt, verfolgt, ermordet \u2013 Auf den Spuren des Nationalsozialismus\u201d<\/strong>&nbsp;f\u00fchrt Sie an sechs Stationen durch die Mainzer Neustadt. Darin erfahren Sie mehr zur Geschichte des Nationalsozialismus und insbesondere zur Verfolgungsgeschichte j\u00fcdischer Menschen in Mainz. Besonderes Augenmerk liegt hierbei auf den Lebenserinnerungen Gertrude Meyer-J\u00f8rgensens, die Sie auf dem Rundgang begleiten werden. <\/p>\n\n\n\n<ul class=\"wp-block-list\">\n<li>Dauer des Rundgangs (H\u00f6rzeit): 52 Minuten<\/li>\n\n\n\n<li>L\u00e4nge des Gehwegs: 1,6 Kilometer<\/li>\n\n\n\n<li>\u00dcbersichtskarte mit den verschiedenen Stationen zur Orientierung<\/li>\n\n\n\n<li>Bildmaterial zu den jeweiligen Stationen<\/li>\n\n\n\n<li>Stadtf\u00fchrer mit zus\u00e4tzlichem Material kann <a href=\"https:\/\/www.mainz.de\/kultur-und-wissenschaft\/stadtgeschichte\/pfad-der-erinnerung.php\">hier<\/a> heruntergeladen werden<\/li>\n\n\n\n<li>Sprecher*innen: Cornelia Dold, Marius G\u00f6ddert und Janika Schiffel<\/li>\n<\/ul>\n\n\n\n<p class=\"has-medium-font-size\"><br><strong>\u00dcbersichtskarte<\/strong><\/p>\n\n\n\n<iframe loading=\"lazy\" src=\"https:\/\/www.google.com\/maps\/embed?pb=!1m58!1m12!1m3!1d2467.386942344212!2d8.261078848751422!3d50.00658132311778!2m3!1f0!2f0!3f0!3m2!1i1024!2i768!4f13.1!4m43!3e2!4m5!1s0x47bd9703027717d7%3A0x4e6126be89113af3!2sHaus%20Des%20Erinnerns%20F%C3%BCr%20Demokratie%2C%20Mainz!3m2!1d50.003859999999996!2d8.2693969!4m5!1s0x47bd96fdafdf15ed%3A0x30431caf09bfb0a5!2sKaiserstra%C3%9Fe%2037%2C%20Mainz!3m2!1d50.0057098!2d8.2643874!4m5!1s0x47bd96fdaa24f949%3A0x96493578be4ccb8c!2sKaiserstra%C3%9Fe%2031%2C%20Mainz!3m2!1d50.0051011!2d8.2637073!4m5!1s0x47bd96fc362fd61b%3A0xda84111363fc4c69!2sAdam-Karrillon-Stra%C3%9Fe%2013%2C%2055118%20Mainz!3m2!1d50.006345599999996!2d8.2631157!4m5!1s0x47bd96f9684a4353%3A0xfcd75afcb54bd5dc!2sNeue%20Synagoge%20Mainz%2C%20Hindenburgstra%C3%9Fe%2C%20Mainz!3m2!1d50.0086873!2d8.2593537!4m5!1s0x47bd96f99dbb9a61%3A0xd45921a4d3408ee5!2sHindenburgstra%C3%9Fe%2053%2C%20Mainz!3m2!1d50.00886!2d8.25776!4m5!1s0x47bd96f9f92c7799%3A0x1f18573e07a40a85!2sColmarstra%C3%9Fe%2C%2055118%20Mainz!3m2!1d50.0083747!2d8.2548864!5e0!3m2!1sde!2sde!4v1611824470364!5m2!1sde!2sde\" width=\"600\" height=\"450\" frameborder=\"0\" style=\"border:0;\" allowfullscreen=\"\" aria-hidden=\"false\" tabindex=\"0\"><\/iframe>\n\n\n\n<p class=\"has-medium-font-size\"><br><br><strong>Station1: Begr\u00fc\u00dfung und Einf\u00fchrung<\/strong><\/p>\n\n\n\nngg_shortcode_0_placeholder\n\n\n\n<figure class=\"wp-block-audio\"><audio controls src=\"https:\/\/www.haus-des-erinnerns-mainz.de\/wp-content\/uploads\/2021\/01\/Station_1.mp3\"><\/audio><\/figure>\n\n\n\n<p class=\"has-medium-font-size\"><br><br><strong>Station 2: Kaiserstra\u00dfe 37 \u2013 Das ehemalige Wohnhaus der Familie Salomon<\/strong><\/p>\n\n\n\nngg_shortcode_1_placeholder\n\n\n\n<figure class=\"wp-block-audio\"><audio controls src=\"https:\/\/www.haus-des-erinnerns-mainz.de\/wp-content\/uploads\/2021\/01\/Station_2.mp3\"><\/audio><\/figure>\n\n\n\n<p class=\"has-medium-font-size\"><br><br><strong>Station 3: Kaiserstra\u00dfe 31 \u2013 Die Mainzer Au\u00dfenstelle der Geheimen Staatspolizei<\/strong><\/p>\n\n\n\nngg_shortcode_2_placeholder\n\n\n\n<figure class=\"wp-block-audio\"><audio controls src=\"https:\/\/www.haus-des-erinnerns-mainz.de\/wp-content\/uploads\/2021\/01\/Station_3.mp3\"><\/audio><\/figure>\n\n\n\n<p class=\"has-medium-font-size\"><br><br><strong>Station 4: Adam-Karrillon-Stra\u00dfe 13 \u2013 versch\u00e4rfte \u00dcberwachung und zwangsweise Einquartierung<\/strong><\/p>\n\n\n\nngg_shortcode_3_placeholder\n\n\n\n<figure class=\"wp-block-audio\"><audio controls src=\"https:\/\/www.haus-des-erinnerns-mainz.de\/wp-content\/uploads\/2021\/01\/Station_4.mp3\"><\/audio><\/figure>\n\n\n\n<p class=\"has-medium-font-size\"><br><br><strong>Station 5: Synagogenplatz \u2013 Die Zerst\u00f6rung der Mainzer Hauptsynagoge<\/strong><\/p>\n\n\n\nngg_shortcode_4_placeholder\n\n\n\n<figure class=\"wp-block-audio\"><audio controls src=\"https:\/\/www.haus-des-erinnerns-mainz.de\/wp-content\/uploads\/2021\/01\/Station_5.mp3\"><\/audio><\/figure>\n\n\n\n<p class=\"has-medium-font-size\"><br><br><strong>Station 6: Hindenburgstra\u00dfe 53 \u2013 Stolpersteine zur Erinnerung<\/strong><\/p>\n\n\n\nngg_shortcode_5_placeholder\n\n\n\n<figure class=\"wp-block-audio\"><audio controls src=\"https:\/\/www.haus-des-erinnerns-mainz.de\/wp-content\/uploads\/2021\/01\/Station_6.mp3\"><\/audio><\/figure>\n\n\n\n<p class=\"has-medium-font-size\"><br><br><strong>Station 7: Die Goetheschule \u2013 Sammelstelle f\u00fcr die Deportationen<\/strong><\/p>\n\n\n\nngg_shortcode_6_placeholder\n\n\n\n<figure class=\"wp-block-audio\"><audio controls src=\"https:\/\/www.haus-des-erinnerns-mainz.de\/wp-content\/uploads\/2021\/01\/Station_7.mp3\"><\/audio><\/figure>\n\n\n\n<p class=\"has-small-font-size\"><br><a href=\"https:\/\/www.musicfox.com\/info\/kostenlose-gemafreie-musik.php\">Gemafreie Musik von musicfox<\/a>: Afternoon Highway<\/p>\n\n\n\n<p><\/p>\n","protected":false},"excerpt":{"rendered":"<p>Allgemeine Informationen zum Rundgang Liebe Besucher*innen, unser Audioguide&nbsp;\u201eAusgegrenzt, verfolgt, ermordet \u2013 Auf den Spuren des Nationalsozialismus\u201d&nbsp;f\u00fchrt Sie an sechs Stationen durch die Mainzer Neustadt. Darin erfahren Sie mehr zur Geschichte des Nationalsozialismus und insbesondere zur Verfolgungsgeschichte j\u00fcdischer Menschen in Mainz. Besonderes Augenmerk liegt hierbei auf den Lebenserinnerungen Gertrude Meyer-J\u00f8rgensens, die&#8230;<\/p>\n<p> <a class=\"continue-reading-link\" href=\"https:\/\/www.haus-des-erinnerns-mainz.de\/index.php\/projekte-ausstellungen\/projekte\/audioguides\/audioguide-2\/\"><span>Weiterlesen<\/span><i class=\"crycon-right-dir\"><\/i><\/a> <\/p>\n","protected":false},"author":4,"featured_media":0,"parent":1869,"menu_order":0,"comment_status":"open","ping_status":"closed","template":"","meta":{"episode_type":"","audio_file":"","podmotor_file_id":"","podmotor_episode_id":"","cover_image":"","cover_image_id":"","duration":"","filesize":"","filesize_raw":"","date_recorded":"","explicit":"","block":"","ngg_post_thumbnail":0,"_price":"","_stock":"","_tribe_ticket_header":"","_tribe_default_ticket_provider":"","_tribe_ticket_capacity":"0","_ticket_start_date":"","_ticket_end_date":"","_tribe_ticket_show_description":"","_tribe_ticket_show_not_going":false,"_tribe_ticket_use_global_stock":"","_tribe_ticket_global_stock_level":"","_global_stock_mode":"","_global_stock_cap":"","_tribe_rsvp_for_event":"","_tribe_ticket_going_count":"","_tribe_ticket_not_going_count":"","_tribe_tickets_list":"[]","_tribe_ticket_has_attendee_info_fields":false,"footnotes":"","_tec_slr_enabled":"","_tec_slr_layout":""},"class_list":["post-3219","page","type-page","status-publish","hentry"],"ticketed":false,"_links":{"self":[{"href":"https:\/\/www.haus-des-erinnerns-mainz.de\/index.php\/wp-json\/wp\/v2\/pages\/3219","targetHints":{"allow":["GET"]}}],"collection":[{"href":"https:\/\/www.haus-des-erinnerns-mainz.de\/index.php\/wp-json\/wp\/v2\/pages"}],"about":[{"href":"https:\/\/www.haus-des-erinnerns-mainz.de\/index.php\/wp-json\/wp\/v2\/types\/page"}],"author":[{"embeddable":true,"href":"https:\/\/www.haus-des-erinnerns-mainz.de\/index.php\/wp-json\/wp\/v2\/users\/4"}],"replies":[{"embeddable":true,"href":"https:\/\/www.haus-des-erinnerns-mainz.de\/index.php\/wp-json\/wp\/v2\/comments?post=3219"}],"version-history":[{"count":23,"href":"https:\/\/www.haus-des-erinnerns-mainz.de\/index.php\/wp-json\/wp\/v2\/pages\/3219\/revisions"}],"predecessor-version":[{"id":6809,"href":"https:\/\/www.haus-des-erinnerns-mainz.de\/index.php\/wp-json\/wp\/v2\/pages\/3219\/revisions\/6809"}],"up":[{"embeddable":true,"href":"https:\/\/www.haus-des-erinnerns-mainz.de\/index.php\/wp-json\/wp\/v2\/pages\/1869"}],"wp:attachment":[{"href":"https:\/\/www.haus-des-erinnerns-mainz.de\/index.php\/wp-json\/wp\/v2\/media?parent=3219"}],"curies":[{"name":"wp","href":"https:\/\/api.w.org\/{rel}","templated":true}]}}