{"id":2741,"date":"2020-09-07T15:04:30","date_gmt":"2020-09-07T13:04:30","guid":{"rendered":"https:\/\/www.haus-des-erinnerns-mainz.de\/?page_id=2741"},"modified":"2024-01-05T11:22:13","modified_gmt":"2024-01-05T10:22:13","slug":"freiheit-und-demokratisches-zusammenleben","status":"publish","type":"page","link":"https:\/\/www.haus-des-erinnerns-mainz.de\/index.php\/unser-haus\/themenschwerpunkte\/freiheit-und-demokratisches-zusammenleben\/","title":{"rendered":"Freiheit und demokratisches Zusammenleben"},"content":{"rendered":"\n<br>\n\n\n\n<figure class=\"wp-block-image size-full\"><img loading=\"lazy\" decoding=\"async\" width=\"1291\" height=\"757\" src=\"https:\/\/www.haus-des-erinnerns-mainz.de\/wp-content\/uploads\/2024\/01\/Themenschwerpunkt_Demokratisches_Zusammenleben.png\" alt=\"\" class=\"wp-image-6612\" srcset=\"https:\/\/www.haus-des-erinnerns-mainz.de\/wp-content\/uploads\/2024\/01\/Themenschwerpunkt_Demokratisches_Zusammenleben.png 1291w, https:\/\/www.haus-des-erinnerns-mainz.de\/wp-content\/uploads\/2024\/01\/Themenschwerpunkt_Demokratisches_Zusammenleben-300x176.png 300w, https:\/\/www.haus-des-erinnerns-mainz.de\/wp-content\/uploads\/2024\/01\/Themenschwerpunkt_Demokratisches_Zusammenleben-768x450.png 768w, https:\/\/www.haus-des-erinnerns-mainz.de\/wp-content\/uploads\/2024\/01\/Themenschwerpunkt_Demokratisches_Zusammenleben-150x88.png 150w\" sizes=\"auto, (max-width: 1291px) 100vw, 1291px\" \/><figcaption class=\"wp-element-caption\"><sup>Malala Yousafzai ist Kinderrechtsaktivisten und j\u00fcngste Tr\u00e4gerin des Friedensnobelpreises.<\/sup><\/figcaption><\/figure>\n\n\n\n<br>\n\n\n\n<p>Damit ein demokratisches Zusammenleben in Freiheit und Gerechtigkeit gelingen kann, braucht es allgemein anerkannte Regeln. Nur so k\u00f6nnen Konflikte friedlich geregelt und Kompromisse gefunden werden. Demokratie ist dabei die Form des Zusammenlebens, bei der die gr\u00f6\u00dftm\u00f6gliche Teilhabe und Verantwortung von B\u00fcrger*innen angestrebt und m\u00f6glich wird.<\/p>\n\n\n\n<p>In Deutschland wird diese Teilhabe den B\u00fcrger*innen durch das Grundgesetz garantiert. Damit diese Beteiligung auch tats\u00e4chlich wahrgenommen wird, sind in der Verfassung zentrale Rechte wie die Informations- und Meinungsfreiheit, die Versammlungs- und Koalitionsfreiheit festgeschrieben.<\/p>\n\n\n\n<p><strong>Wie aber gelingt es, dass B\u00fcrger*innen ihre Beteiligungsm\u00f6glichkeiten nicht nur bei Wahlen wahrnehmen, sondern auch in ihrem Alltag?<\/strong> Im Haus des Erinnerns \u2013 f\u00fcr Demokratie und Akzeptanz leisten wir proaktive Demokratiebildung. Denn Demokratie ist keine Selbstverst\u00e4ndlichkeit, sie muss erlernt und dann gelebt werden. Demokratie ist nicht nur ein Verfassungsanspruch, sondern Gesellschafts- und Lebensform zugleich. So sollten ihre Prinzipien, ihre Regeln und M\u00f6glichkeiten in das menschliche Handeln, also in den Alltag der B\u00fcrger*innen integriert werden, indem sie als Grundlage des menschlichen Umgangs dienen. Gegenseitige Achtung, Respekt, Toleranz und Solidarit\u00e4t zwischen den Menschen \u2013 und vor allem unabh\u00e4ngig von Herkunft, Geschlecht, Religion, Alter, gesellschaftlichem Status\u2026 \u2013 sind dabei die zentralen Grunds\u00e4tze des Zusammenlebens. <strong>Im Glaspavillon vor unserm Haus des Erinnerns \u2013 f\u00fcr Demokratie und Akzeptanz zeigen wir Pers\u00f6nlichkeiten, die sich im Laufe der Geschichte f\u00fcr Demokratie und gesellschaftliche Akzeptanz eingesetzt haben bzw. heute noch einsetzen.<\/strong> Mit dieser Installation und mit unserem Stadtrundgang \u201eAuf den Spuren der Demokratie durch Mainz\u201c machen wir deutlich, dass jede Zeit ihre K\u00e4mpfer*innen f\u00fcr Demokratie braucht.<\/p>\n","protected":false},"excerpt":{"rendered":"<p>Damit ein demokratisches Zusammenleben in Freiheit und Gerechtigkeit gelingen kann, braucht es allgemein anerkannte Regeln. Nur so k\u00f6nnen Konflikte friedlich geregelt und Kompromisse gefunden werden. Demokratie ist dabei die Form des Zusammenlebens, bei der die gr\u00f6\u00dftm\u00f6gliche Teilhabe und Verantwortung von B\u00fcrger*innen angestrebt und m\u00f6glich wird. In Deutschland wird diese Teilhabe&#8230;<\/p>\n<p> <a class=\"continue-reading-link\" href=\"https:\/\/www.haus-des-erinnerns-mainz.de\/index.php\/unser-haus\/themenschwerpunkte\/freiheit-und-demokratisches-zusammenleben\/\"><span>Weiterlesen<\/span><i class=\"crycon-right-dir\"><\/i><\/a> <\/p>\n","protected":false},"author":4,"featured_media":0,"parent":1462,"menu_order":0,"comment_status":"closed","ping_status":"closed","template":"","meta":{"episode_type":"","audio_file":"","podmotor_file_id":"","podmotor_episode_id":"","cover_image":"","cover_image_id":"","duration":"","filesize":"","filesize_raw":"","date_recorded":"","explicit":"","block":"","ngg_post_thumbnail":0,"_price":"","_stock":"","_tribe_ticket_header":"","_tribe_default_ticket_provider":"","_tribe_ticket_capacity":"0","_ticket_start_date":"","_ticket_end_date":"","_tribe_ticket_show_description":"","_tribe_ticket_show_not_going":false,"_tribe_ticket_use_global_stock":"","_tribe_ticket_global_stock_level":"","_global_stock_mode":"","_global_stock_cap":"","_tribe_rsvp_for_event":"","_tribe_ticket_going_count":"","_tribe_ticket_not_going_count":"","_tribe_tickets_list":"[]","_tribe_ticket_has_attendee_info_fields":false,"footnotes":"","_tec_slr_enabled":"","_tec_slr_layout":""},"class_list":["post-2741","page","type-page","status-publish","hentry"],"ticketed":false,"_links":{"self":[{"href":"https:\/\/www.haus-des-erinnerns-mainz.de\/index.php\/wp-json\/wp\/v2\/pages\/2741","targetHints":{"allow":["GET"]}}],"collection":[{"href":"https:\/\/www.haus-des-erinnerns-mainz.de\/index.php\/wp-json\/wp\/v2\/pages"}],"about":[{"href":"https:\/\/www.haus-des-erinnerns-mainz.de\/index.php\/wp-json\/wp\/v2\/types\/page"}],"author":[{"embeddable":true,"href":"https:\/\/www.haus-des-erinnerns-mainz.de\/index.php\/wp-json\/wp\/v2\/users\/4"}],"replies":[{"embeddable":true,"href":"https:\/\/www.haus-des-erinnerns-mainz.de\/index.php\/wp-json\/wp\/v2\/comments?post=2741"}],"version-history":[{"count":4,"href":"https:\/\/www.haus-des-erinnerns-mainz.de\/index.php\/wp-json\/wp\/v2\/pages\/2741\/revisions"}],"predecessor-version":[{"id":6614,"href":"https:\/\/www.haus-des-erinnerns-mainz.de\/index.php\/wp-json\/wp\/v2\/pages\/2741\/revisions\/6614"}],"up":[{"embeddable":true,"href":"https:\/\/www.haus-des-erinnerns-mainz.de\/index.php\/wp-json\/wp\/v2\/pages\/1462"}],"wp:attachment":[{"href":"https:\/\/www.haus-des-erinnerns-mainz.de\/index.php\/wp-json\/wp\/v2\/media?parent=2741"}],"curies":[{"name":"wp","href":"https:\/\/api.w.org\/{rel}","templated":true}]}}

<br>



<figure class="wp-block-image size-full"><img loading="lazy" decoding="async" width="1291" height="757" src="https://www.haus-des-erinnerns-mainz.de/wp-content/uploads/2024/01/Themenschwerpunkt_Demokratisches_Zusammenleben.png" alt="" class="wp-image-6612" srcset="https://www.haus-des-erinnerns-mainz.de/wp-content/uploads/2024/01/Themenschwerpunkt_Demokratisches_Zusammenleben.png 1291w, https://www.haus-des-erinnerns-mainz.de/wp-content/uploads/2024/01/Themenschwerpunkt_Demokratisches_Zusammenleben-300x176.png 300w, https://www.haus-des-erinnerns-mainz.de/wp-content/uploads/2024/01/Themenschwerpunkt_Demokratisches_Zusammenleben-768x450.png 768w, https://www.haus-des-erinnerns-mainz.de/wp-content/uploads/2024/01/Themenschwerpunkt_Demokratisches_Zusammenleben-150x88.png 150w" sizes="auto, (max-width: 1291px) 100vw, 1291px" /><figcaption class="wp-element-caption"><sup>Malala Yousafzai ist Kinderrechtsaktivisten und jüngste Trägerin des Friedensnobelpreises.</sup></figcaption></figure>



<br>



<p>Damit ein demokratisches Zusammenleben in Freiheit und Gerechtigkeit gelingen kann, braucht es allgemein anerkannte Regeln. Nur so können Konflikte friedlich geregelt und Kompromisse gefunden werden. Demokratie ist dabei die Form des Zusammenlebens, bei der die größtmögliche Teilhabe und Verantwortung von Bürger*innen angestrebt und möglich wird.</p>



<p>In Deutschland wird diese Teilhabe den Bürger*innen durch das Grundgesetz garantiert. Damit diese Beteiligung auch tatsächlich wahrgenommen wird, sind in der Verfassung zentrale Rechte wie die Informations- und Meinungsfreiheit, die Versammlungs- und Koalitionsfreiheit festgeschrieben.</p>



<p><strong>Wie aber gelingt es, dass Bürger*innen ihre Beteiligungsmöglichkeiten nicht nur bei Wahlen wahrnehmen, sondern auch in ihrem Alltag?</strong> Im Haus des Erinnerns – für Demokratie und Akzeptanz leisten wir proaktive Demokratiebildung. Denn Demokratie ist keine Selbstverständlichkeit, sie muss erlernt und dann gelebt werden. Demokratie ist nicht nur ein Verfassungsanspruch, sondern Gesellschafts- und Lebensform zugleich. So sollten ihre Prinzipien, ihre Regeln und Möglichkeiten in das menschliche Handeln, also in den Alltag der Bürger*innen integriert werden, indem sie als Grundlage des menschlichen Umgangs dienen. Gegenseitige Achtung, Respekt, Toleranz und Solidarität zwischen den Menschen – und vor allem unabhängig von Herkunft, Geschlecht, Religion, Alter, gesellschaftlichem Status… – sind dabei die zentralen Grundsätze des Zusammenlebens. <strong>Im Glaspavillon vor unserm Haus des Erinnerns – für Demokratie und Akzeptanz zeigen wir Persönlichkeiten, die sich im Laufe der Geschichte für Demokratie und gesellschaftliche Akzeptanz eingesetzt haben bzw. heute noch einsetzen.</strong> Mit dieser Installation und mit unserem Stadtrundgang „Auf den Spuren der Demokratie durch Mainz“ machen wir deutlich, dass jede Zeit ihre Kämpfer*innen für Demokratie braucht.</p>

<p>Damit ein demokratisches Zusammenleben in Freiheit und Gerechtigkeit gelingen kann, braucht es allgemein anerkannte Regeln. Nur so können Konflikte friedlich geregelt und Kompromisse gefunden werden. Demokratie ist dabei die Form des Zusammenlebens, bei der die größtmögliche Teilhabe und Verantwortung von Bürger*innen angestrebt und möglich wird. In Deutschland wird diese Teilhabe&#8230;</p>
<p> <a class="continue-reading-link" href="https://www.haus-des-erinnerns-mainz.de/index.php/unser-haus/themenschwerpunkte/freiheit-und-demokratisches-zusammenleben/"><span>Weiterlesen</span><i class="crycon-right-dir"></i></a> </p>
