{"id":2477,"date":"2020-08-04T13:56:41","date_gmt":"2020-08-04T11:56:41","guid":{"rendered":"https:\/\/www.haus-des-erinnerns-mainz.de\/?page_id=2477"},"modified":"2026-02-20T15:39:06","modified_gmt":"2026-02-20T14:39:06","slug":"jugendforum","status":"publish","type":"page","link":"https:\/\/www.haus-des-erinnerns-mainz.de\/index.php\/projekte-ausstellungen\/projekte\/jugendforum\/","title":{"rendered":"Jugendforum"},"content":{"rendered":"\n<p>&nbsp;<\/p>\n\n\n\n<p>Ob in Berlin, Darmstadt, K\u00f6ln, M\u00fcnchen oder G\u00f6ttingen: Es gibt viele Jugendforen in Deutschland \u2013 jetzt auch in Mainz! <strong>Seit dem 8. Oktober 2020 gibt es auch in Mainz ein eigenes Jugendforum.<\/strong> Im Jugendforum Mainz habt ihr die M\u00f6glichkeit, euch zu beteiligen, eigene Projekte umzusetzen und zu finanzieren und eure Meinung zu vertreten. <\/p>\n\n\n\n<p>Es ist eure Stadt, also mischt euch ein! <strong>Ihr wollt eure Stadt mitgestalten? Ihr wollt, dass eure Meinung geh\u00f6rt wird? Ihr habt Ideen, wie man Mainz verbessern kann?<\/strong> Dann seid ihr im Jugendforum richtig. <\/p>\n\n\n\n<p>&nbsp;<\/p>\n\n\n\n<p class=\"has-luminous-vivid-amber-color has-text-color has-medium-font-size\"><strong>Was ist das Jufo?<\/strong><\/p>\n\n\n\n<p>Das Jugendforum Mainz (JuFo) vertritt die Interessen von allen Kindern und Jugendlichen aus Mainz. Ziel ist es, dass ihr euch im JuFo mit anderen austauschen k\u00f6nnt und die M\u00f6glichkeit erhaltet, eigene Projekte umzusetzen. Wir helfen euch bei der Umsetzung und der Finanzierung.  <strong>Alle aktuellen Veranstaltungen und Termine findet ihr <a href=\"https:\/\/www.haus-des-erinnerns-mainz.de\/index.php\/projekte-ausstellungen\/projekte\/jugendforum\/termine\/\">hier<\/a>.<\/strong><\/p>\n\n\n\n<p><strong>Das JuFo wird von euch f\u00fcr euch gestaltet<\/strong>: Das hei\u00dft, wir bieten euch einen Raum und finanzielle und organisatorische Unters\u00fctzung. Alles andere bestimmt ihr. Gemeinsam mit den anderen entscheidet ihr, \u00fcber welche Themen ihr sprechen wollt, welche Projekte umgesetzt werden sollen, wann ihr euch treffen m\u00f6chtet, &#8230; <\/p>\n\n\n\n<p class=\"has-text-color has-medium-font-size\" style=\"color:#00d6e6\"><strong>Welche Aufgaben hat das JuFo?<\/strong><\/p>\n\n\n\n<p>Das JuFo hat drei Hauptaufgaben:<\/p>\n\n\n\n<p>&#8230; Im JuFo habt ihr einen <strong>Raum<\/strong>, in dem ihr euch mit anderen Kindern und Jugendlichen \u00fcber Themen, die euch interessieren, austauschen k\u00f6nnt.<\/p>\n\n\n\n<p>&#8230; \u00dcber das JuFo setzt ihr euch \u00f6ffentlich f\u00fcr eure <strong>Meinungen <\/strong>und <strong>W\u00fcnsche <\/strong>ein.<\/p>\n\n\n\n<p>&#8230; Mithilfe des JuFos setzt ihr <strong>Projekte <\/strong>um.<\/p>\n\n\n\n<p class=\"has-text-color has-medium-font-size\" style=\"color:#da0573\"><strong>Wie kann ich mitmachen?<\/strong><\/p>\n\n\n\n<p>Mitmachen k\u00f6nnen alle, die &#8230;<\/p>\n\n\n\n<p>&#8230; in Mainz wohnen,<\/p>\n\n\n\n<p>&#8230; zwischen 4 und 27 Jahre alt sind,<\/p>\n\n\n\n<p>&#8230; in ihrer Stadt mitreden wollen.<\/p>\n\n\n\n<p>Das Jugendforum steht allen offen, die Interesse haben, mitzumachen. Ihr d\u00fcrft selbst entscheiden, wann, wie oft und durch was ihr euch beteiligen wollt. <strong>Ihr habt Interesse am Jugendforum?<\/strong> Meldet euch bei uns per Mail an jufo[at]haus-des-erinnerns-mainz.de oder <strong><a href=\"https:\/\/www.instagram.com\/hde_jufo_mainz\/\">Instagram<\/a> <\/strong>oder kommt einfach zum n\u00e4chsten Treffen. Unsere Kontaktdaten findet ihr <a href=\"https:\/\/www.haus-des-erinnerns-mainz.de\/?page_id=2620&amp;preview=true\">hier<\/a>.<\/p>\n\n\n\n<figure class=\"wp-block-image size-large\"><img loading=\"lazy\" decoding=\"async\" width=\"1024\" height=\"154\" src=\"https:\/\/www.haus-des-erinnerns-mainz.de\/wp-content\/uploads\/2021\/09\/JuFo_LOGO_schwarz_Stand_8_2021_vektor-1024x154.png\" alt=\"\" class=\"wp-image-4622\" srcset=\"https:\/\/www.haus-des-erinnerns-mainz.de\/wp-content\/uploads\/2021\/09\/JuFo_LOGO_schwarz_Stand_8_2021_vektor-1024x154.png 1024w, https:\/\/www.haus-des-erinnerns-mainz.de\/wp-content\/uploads\/2021\/09\/JuFo_LOGO_schwarz_Stand_8_2021_vektor-300x45.png 300w, https:\/\/www.haus-des-erinnerns-mainz.de\/wp-content\/uploads\/2021\/09\/JuFo_LOGO_schwarz_Stand_8_2021_vektor-768x115.png 768w, https:\/\/www.haus-des-erinnerns-mainz.de\/wp-content\/uploads\/2021\/09\/JuFo_LOGO_schwarz_Stand_8_2021_vektor-1536x230.png 1536w, https:\/\/www.haus-des-erinnerns-mainz.de\/wp-content\/uploads\/2021\/09\/JuFo_LOGO_schwarz_Stand_8_2021_vektor-2048x307.png 2048w, https:\/\/www.haus-des-erinnerns-mainz.de\/wp-content\/uploads\/2021\/09\/JuFo_LOGO_schwarz_Stand_8_2021_vektor-150x23.png 150w, https:\/\/www.haus-des-erinnerns-mainz.de\/wp-content\/uploads\/2021\/09\/JuFo_LOGO_schwarz_Stand_8_2021_vektor-1200x180.png 1200w\" sizes=\"auto, (max-width: 1024px) 100vw, 1024px\" \/><\/figure>\n\n\n\n<p> &nbsp;<\/p>\n\n\n\n<p><strong>Ansprechpartnerin<\/strong><\/p>\n\n\n\n<p>Lea G\u00f6ddel<\/p>\n\n\n\n<p>Kontakt: jufo@hde-mainz.de<\/p>\n\n\n\n<p><\/p>\n","protected":false},"excerpt":{"rendered":"<p>&nbsp; Ob in Berlin, Darmstadt, K\u00f6ln, M\u00fcnchen oder G\u00f6ttingen: Es gibt viele Jugendforen in Deutschland \u2013 jetzt auch in Mainz! Seit dem 8. Oktober 2020 gibt es auch in Mainz ein eigenes Jugendforum. Im Jugendforum Mainz habt ihr die M\u00f6glichkeit, euch zu beteiligen, eigene Projekte umzusetzen und zu finanzieren und&#8230;<\/p>\n<p> <a class=\"continue-reading-link\" href=\"https:\/\/www.haus-des-erinnerns-mainz.de\/index.php\/projekte-ausstellungen\/projekte\/jugendforum\/\"><span>Weiterlesen<\/span><i class=\"crycon-right-dir\"><\/i><\/a> <\/p>\n","protected":false},"author":4,"featured_media":0,"parent":1829,"menu_order":0,"comment_status":"closed","ping_status":"closed","template":"","meta":{"episode_type":"","audio_file":"","podmotor_file_id":"","podmotor_episode_id":"","cover_image":"","cover_image_id":"","duration":"","filesize":"","filesize_raw":"","date_recorded":"","explicit":"","block":"","ngg_post_thumbnail":0,"_price":"","_stock":"","_tribe_ticket_header":"","_tribe_default_ticket_provider":"","_tribe_ticket_capacity":"0","_ticket_start_date":"","_ticket_end_date":"","_tribe_ticket_show_description":"","_tribe_ticket_show_not_going":false,"_tribe_ticket_use_global_stock":"","_tribe_ticket_global_stock_level":"","_global_stock_mode":"","_global_stock_cap":"","_tribe_rsvp_for_event":"","_tribe_ticket_going_count":"","_tribe_ticket_not_going_count":"","_tribe_tickets_list":"[]","_tribe_ticket_has_attendee_info_fields":false,"footnotes":"","_tec_slr_enabled":"","_tec_slr_layout":""},"class_list":["post-2477","page","type-page","status-publish","hentry"],"ticketed":false,"_links":{"self":[{"href":"https:\/\/www.haus-des-erinnerns-mainz.de\/index.php\/wp-json\/wp\/v2\/pages\/2477","targetHints":{"allow":["GET"]}}],"collection":[{"href":"https:\/\/www.haus-des-erinnerns-mainz.de\/index.php\/wp-json\/wp\/v2\/pages"}],"about":[{"href":"https:\/\/www.haus-des-erinnerns-mainz.de\/index.php\/wp-json\/wp\/v2\/types\/page"}],"author":[{"embeddable":true,"href":"https:\/\/www.haus-des-erinnerns-mainz.de\/index.php\/wp-json\/wp\/v2\/users\/4"}],"replies":[{"embeddable":true,"href":"https:\/\/www.haus-des-erinnerns-mainz.de\/index.php\/wp-json\/wp\/v2\/comments?post=2477"}],"version-history":[{"count":60,"href":"https:\/\/www.haus-des-erinnerns-mainz.de\/index.php\/wp-json\/wp\/v2\/pages\/2477\/revisions"}],"predecessor-version":[{"id":8332,"href":"https:\/\/www.haus-des-erinnerns-mainz.de\/index.php\/wp-json\/wp\/v2\/pages\/2477\/revisions\/8332"}],"up":[{"embeddable":true,"href":"https:\/\/www.haus-des-erinnerns-mainz.de\/index.php\/wp-json\/wp\/v2\/pages\/1829"}],"wp:attachment":[{"href":"https:\/\/www.haus-des-erinnerns-mainz.de\/index.php\/wp-json\/wp\/v2\/media?parent=2477"}],"curies":[{"name":"wp","href":"https:\/\/api.w.org\/{rel}","templated":true}]}}

<p>&nbsp;</p>



<p>Ob in Berlin, Darmstadt, Köln, München oder Göttingen: Es gibt viele Jugendforen in Deutschland – jetzt auch in Mainz! <strong>Seit dem 8. Oktober 2020 gibt es auch in Mainz ein eigenes Jugendforum.</strong> Im Jugendforum Mainz habt ihr die Möglichkeit, euch zu beteiligen, eigene Projekte umzusetzen und zu finanzieren und eure Meinung zu vertreten. </p>



<p>Es ist eure Stadt, also mischt euch ein! <strong>Ihr wollt eure Stadt mitgestalten? Ihr wollt, dass eure Meinung gehört wird? Ihr habt Ideen, wie man Mainz verbessern kann?</strong> Dann seid ihr im Jugendforum richtig. </p>



<p>&nbsp;</p>



<p class="has-luminous-vivid-amber-color has-text-color has-medium-font-size"><strong>Was ist das Jufo?</strong></p>



<p>Das Jugendforum Mainz (JuFo) vertritt die Interessen von allen Kindern und Jugendlichen aus Mainz. Ziel ist es, dass ihr euch im JuFo mit anderen austauschen könnt und die Möglichkeit erhaltet, eigene Projekte umzusetzen. Wir helfen euch bei der Umsetzung und der Finanzierung.  <strong>Alle aktuellen Veranstaltungen und Termine findet ihr <a href="https://www.haus-des-erinnerns-mainz.de/index.php/projekte-ausstellungen/projekte/jugendforum/termine/">hier</a>.</strong></p>



<p><strong>Das JuFo wird von euch für euch gestaltet</strong>: Das heißt, wir bieten euch einen Raum und finanzielle und organisatorische Untersützung. Alles andere bestimmt ihr. Gemeinsam mit den anderen entscheidet ihr, über welche Themen ihr sprechen wollt, welche Projekte umgesetzt werden sollen, wann ihr euch treffen möchtet, &#8230; </p>



<p class="has-text-color has-medium-font-size" style="color:#00d6e6"><strong>Welche Aufgaben hat das JuFo?</strong></p>



<p>Das JuFo hat drei Hauptaufgaben:</p>



<p>&#8230; Im JuFo habt ihr einen <strong>Raum</strong>, in dem ihr euch mit anderen Kindern und Jugendlichen über Themen, die euch interessieren, austauschen könnt.</p>



<p>&#8230; Über das JuFo setzt ihr euch öffentlich für eure <strong>Meinungen </strong>und <strong>Wünsche </strong>ein.</p>



<p>&#8230; Mithilfe des JuFos setzt ihr <strong>Projekte </strong>um.</p>



<p class="has-text-color has-medium-font-size" style="color:#da0573"><strong>Wie kann ich mitmachen?</strong></p>



<p>Mitmachen können alle, die &#8230;</p>



<p>&#8230; in Mainz wohnen,</p>



<p>&#8230; zwischen 4 und 27 Jahre alt sind,</p>



<p>&#8230; in ihrer Stadt mitreden wollen.</p>



<p>Das Jugendforum steht allen offen, die Interesse haben, mitzumachen. Ihr dürft selbst entscheiden, wann, wie oft und durch was ihr euch beteiligen wollt. <strong>Ihr habt Interesse am Jugendforum?</strong> Meldet euch bei uns per Mail an jufo[at]haus-des-erinnerns-mainz.de oder <strong><a href="https://www.instagram.com/hde_jufo_mainz/">Instagram</a> </strong>oder kommt einfach zum nächsten Treffen. Unsere Kontaktdaten findet ihr <a href="https://www.haus-des-erinnerns-mainz.de/?page_id=2620&amp;preview=true">hier</a>.</p>



<figure class="wp-block-image size-large"><img loading="lazy" decoding="async" width="1024" height="154" src="https://www.haus-des-erinnerns-mainz.de/wp-content/uploads/2021/09/JuFo_LOGO_schwarz_Stand_8_2021_vektor-1024x154.png" alt="" class="wp-image-4622" srcset="https://www.haus-des-erinnerns-mainz.de/wp-content/uploads/2021/09/JuFo_LOGO_schwarz_Stand_8_2021_vektor-1024x154.png 1024w, https://www.haus-des-erinnerns-mainz.de/wp-content/uploads/2021/09/JuFo_LOGO_schwarz_Stand_8_2021_vektor-300x45.png 300w, https://www.haus-des-erinnerns-mainz.de/wp-content/uploads/2021/09/JuFo_LOGO_schwarz_Stand_8_2021_vektor-768x115.png 768w, https://www.haus-des-erinnerns-mainz.de/wp-content/uploads/2021/09/JuFo_LOGO_schwarz_Stand_8_2021_vektor-1536x230.png 1536w, https://www.haus-des-erinnerns-mainz.de/wp-content/uploads/2021/09/JuFo_LOGO_schwarz_Stand_8_2021_vektor-2048x307.png 2048w, https://www.haus-des-erinnerns-mainz.de/wp-content/uploads/2021/09/JuFo_LOGO_schwarz_Stand_8_2021_vektor-150x23.png 150w, https://www.haus-des-erinnerns-mainz.de/wp-content/uploads/2021/09/JuFo_LOGO_schwarz_Stand_8_2021_vektor-1200x180.png 1200w" sizes="auto, (max-width: 1024px) 100vw, 1024px" /></figure>



<p> &nbsp;</p>



<p><strong>Ansprechpartnerin</strong></p>



<p>Lea Göddel</p>



<p>Kontakt: jufo@hde-mainz.de</p>



<p></p>

<p>&nbsp; Ob in Berlin, Darmstadt, Köln, München oder Göttingen: Es gibt viele Jugendforen in Deutschland – jetzt auch in Mainz! Seit dem 8. Oktober 2020 gibt es auch in Mainz ein eigenes Jugendforum. Im Jugendforum Mainz habt ihr die Möglichkeit, euch zu beteiligen, eigene Projekte umzusetzen und zu finanzieren und&#8230;</p>
<p> <a class="continue-reading-link" href="https://www.haus-des-erinnerns-mainz.de/index.php/projekte-ausstellungen/projekte/jugendforum/"><span>Weiterlesen</span><i class="crycon-right-dir"></i></a> </p>
