{"id":1840,"date":"2020-04-30T16:36:03","date_gmt":"2020-04-30T14:36:03","guid":{"rendered":"https:\/\/www.haus-des-erinnerns-mainz.de\/?page_id=1840"},"modified":"2023-02-06T16:46:03","modified_gmt":"2023-02-06T15:46:03","slug":"das-hde-im-gespraech-mit","status":"publish","type":"page","link":"https:\/\/www.haus-des-erinnerns-mainz.de\/index.php\/projekte-ausstellungen\/projekte\/das-hde-im-gespraech-mit\/","title":{"rendered":"Das HdE im Gespr\u00e4ch mit&#8230;"},"content":{"rendered":"\n<figure class=\"wp-block-image size-large\"><img loading=\"lazy\" decoding=\"async\" width=\"1024\" height=\"683\" src=\"https:\/\/www.haus-des-erinnerns-mainz.de\/wp-content\/uploads\/2020\/04\/startup-594090_1920-1024x683.jpg\" alt=\"\" class=\"wp-image-1849\" srcset=\"https:\/\/www.haus-des-erinnerns-mainz.de\/wp-content\/uploads\/2020\/04\/startup-594090_1920-1024x683.jpg 1024w, https:\/\/www.haus-des-erinnerns-mainz.de\/wp-content\/uploads\/2020\/04\/startup-594090_1920-300x200.jpg 300w, https:\/\/www.haus-des-erinnerns-mainz.de\/wp-content\/uploads\/2020\/04\/startup-594090_1920-768x512.jpg 768w, https:\/\/www.haus-des-erinnerns-mainz.de\/wp-content\/uploads\/2020\/04\/startup-594090_1920-1536x1024.jpg 1536w, https:\/\/www.haus-des-erinnerns-mainz.de\/wp-content\/uploads\/2020\/04\/startup-594090_1920-150x100.jpg 150w, https:\/\/www.haus-des-erinnerns-mainz.de\/wp-content\/uploads\/2020\/04\/startup-594090_1920.jpg 1920w\" sizes=\"auto, (max-width: 1024px) 100vw, 1024px\" \/><\/figure>\n\n\n\n<p><br>Hier finden Sie unsere laufende schriftliche Interviewreihe mit regionalen Gespr\u00e4chspartner*innen zu Demokratie, Gesellschaft und Erinnerungskultur. <\/p>\n\n\n\n<p>Im Januar 2023 konnten wir in einem Videointerview mit dem Beauftragten der Bundesregierung f\u00fcr j\u00fcdisches Leben in Deutschland und den Kampf gegen Antisemitismus <a href=\"https:\/\/www.haus-des-erinnerns-mainz.de\/index.php\/projekte-ausstellungen\/projekte\/das-hde-im-gespraech-mit\/im-gespraech-mit-dr-felix-klein\/\"><strong>Dr. Felix Klein<\/strong><\/a> \u00fcber den Kampf gegen Antisemitismus, aber auch \u00fcber die Bedeutung des UNESCO-Weltkulturerbes f\u00fcr die SchUM-St\u00e4dte sprechen. Nun liegt die gedruckte Fassung dieses Gespr\u00e4chs vor. <\/p>\n\n\n\n<p>Im April 2021 sprachen wir mit <a href=\"https:\/\/www.haus-des-erinnerns-mainz.de\/index.php\/projekte-ausstellungen\/projekte\/das-hde-im-gespraech-mit\/prof-dr-roland-imhoff\/\"><strong>Prof. Dr. Roland Imhoff<\/strong><\/a>, der seit 2015 an der Johannes Gutenberg-Universit\u00e4t Mainz Professor f\u00fcr Rechts- und Sozialpsychologie ist, \u00fcber einen seiner Forschungsschwerpunkte \u2013 das Ph\u00e4nomen der Verschw\u00f6rungserz\u00e4hlungen. <\/p>\n\n\n\n<p>Im Juni 2020 f\u00fchrten wir ein Interview mit <a href=\"https:\/\/www.haus-des-erinnerns-mainz.de\/index.php\/projekte-ausstellungen\/projekte\/das-hde-im-gespraech-mit\/im-gespraech-mit-mirko-drotschmann\/\"><strong>Mirko Drotschmann<\/strong><\/a>. Mit seinen historisch-politischen Bildungskan\u00e4len MrWissen2go und MrWissen2go Geschichte geh\u00f6rt er zu den erfolgreichsten YouTubern in diesem Bereich. Wir sprachen mit ihm \u00fcber die Chancen und Herausforderungen in der Wissensvermittlung \u00fcber Online-Kan\u00e4le. <\/p>\n\n\n\n<p>Im Februar 2021 sprachen wir mit der rheinland-pf\u00e4lzischen Bildungsministerin <a href=\"https:\/\/www.haus-des-erinnerns-mainz.de\/index.php\/projekte-ausstellungen\/projekte\/das-hde-im-gespraech-mit\/bm-dr-stefanie-hubig\/\"><strong>Dr. Stefanie Hubig<\/strong><\/a>, die im Jahr 2020 auch die Pr\u00e4sidentschaft der Kultusministerkonferenz inne hatte, unter anderem \u00fcber aktuelle Herausforderungen f\u00fcr unser Bildungssystem. <\/p>\n\n\n\n<p>Im April 2020 f\u00fchrten wir ein Interview mit<strong> <a href=\"https:\/\/www.haus-des-erinnerns-mainz.de\/index.php\/projekte-ausstellungen\/projekte\/das-hde-im-gespraech-mit\/im-gespraech-mit-regine-gabriel\/\">Regine Gabriel<\/a><\/strong>. Als ehemalige langj\u00e4hrige p\u00e4dagogische Mitarbeiterin in der Gedenkst\u00e4tte Hadamar unterhielten wir uns mit ihr \u00fcber politische Bildungsarbeit und Gedenkst\u00e4ttenbesuche mit Kindern und Jugendlichen. <\/p>\n\n\n\n<p>Fortgesetzt haben wir diese Interviewreihe im Mai 2020 mit <strong><a href=\"https:\/\/www.haus-des-erinnerns-mainz.de\/index.php\/projekte-ausstellungen\/projekte\/das-hde-im-gespraech-mit\/im-gespraech-mit-martina-ruppert-kelly\/\">Martina Ruppert-Kelly<\/a><\/strong>. Mit der Leiterin des p\u00e4dagogischen Dienstes der Gedenkst\u00e4tte KZ Osthofen sprachen wir \u00fcber Gedenkst\u00e4tten w\u00e4hrend der Coronakrise. <\/p>\n\n\n\n<p>Ebenfalls im Juni 2020 hatten wir die Gelegenheit, den Mainzer Oberb\u00fcrgermeister <a href=\"https:\/\/www.haus-des-erinnerns-mainz.de\/index.php\/projekte-ausstellungen\/projekte\/das-hde-im-gespraech-mit\/michael-ebling\/\"><strong>Michael Ebling<\/strong><\/a> zu interviewen. Mit ihm unterhielten wir uns \u00fcber gesellschaftliche wie politische Herausforderungen f\u00fcr unser demokratisches Zusammenleben \u2013 gerade in Krisenzeiten wie der Corona-Pandemie. <\/p>\n\n\n\n<p>Mit <a href=\"https:\/\/www.haus-des-erinnerns-mainz.de\/index.php\/projekte-ausstellungen\/projekte\/das-hde-im-gespraech-mit\/andreas-kreiner-wolf\/\"><strong>Andreas Kreiner-Wolf<\/strong><\/a>, dem Leiter der Gesch\u00e4ftsstelle des landesweiten B\u00fcndnisses \u201eDemokratie gewinnt!\u201d der Fridtjof-Nansen-Akademie f\u00fcr politische Bildung im Weiterbildungszentrum Ingelheim, konnten wir im Juni 2020 \u00fcber den Demokratie-Tag Rheinland-Pfalz sprechen. <\/p>\n\n\n\n<p><strong><a href=\"https:\/\/www.haus-des-erinnerns-mainz.de\/index.php\/projekte-ausstellungen\/projekte\/das-hde-im-gespraech-mit\/miriam-bress\/\">Miriam Bre\u00df<\/a><\/strong> erforscht im Rahmen ihrer Promotion die Schutzhaftpraxis in der Pfalz zu Beginn der nationalsozialistischen Diktatur. Mit ihr sprachen wir im Dezember 2020 \u00fcber ihr Promotionsthema und die Vermittlung von Forschungsergebnissen \u00fcber Social Media Kan\u00e4le wie Twitter.<\/p>\n\n\n\n<p>Mit unserem Stiftungsvorsitzenden <a href=\"https:\/\/www.haus-des-erinnerns-mainz.de\/index.php\/projekte-ausstellungen\/projekte\/das-hde-im-gespraech-mit\/hans-berkessel\/\"><strong>Hans Berkessel<\/strong><\/a>, der \u00fcber 20 Jahre lang als Lehrer und Fachberater Geschichte Rheinhessen t\u00e4tig war, sprachen wir \u00fcber die Herausforderungen, Chancen und Risiken der Corona-Pandemie f\u00fcr unser Bildungssystem. <\/p>\n\n\n\n<p>Im Juli 2020 sprachen wir mit dem Sozialp\u00e4dagogen und Lehrer <strong><a href=\"https:\/\/www.haus-des-erinnerns-mainz.de\/index.php\/projekte-ausstellungen\/projekte\/das-hde-im-gespraech-mit\/reiner-engelmann\/\">Reiner Engelmann<\/a><\/strong>, der seit vielen Jahren auch als Autor t\u00e4tig ist und unter anderem \u201eDer Fotograf von Auschwitz \u2013 Das Leben des Wilhelm Brasse\u201c verfasste. Er gab uns einen Einblick in seine Werke und die Bedeutung von Zeitzeug*innen f\u00fcr diese.<\/p>\n\n\n\n<p>2020 wurde der Antrag um Aufnahme der einzigartigen mittelalterlichen j\u00fcdischen SchUM-St\u00e4tten in das UNESCO-Weltkulturerbe auf den Weg gebracht. Mit der Gesch\u00e4ftsf\u00fchrerin des Vereins, Frau <a href=\"https:\/\/www.haus-des-erinnerns-mainz.de\/index.php\/projekte-ausstellungen\/projekte\/das-hde-im-gespraech-mit\/dr-susanne-urban\/\"><strong>Dr. Susanne Urban<\/strong><\/a>, haben wir dar\u00fcber gesprochen.<\/p>\n\n\n\n<p>Auch im Haus des Erinnerns zeigte die Filmemacherin <strong><a href=\"https:\/\/www.haus-des-erinnerns-mainz.de\/index.php\/projekte-ausstellungen\/projekte\/das-hde-im-gespraech-mit\/barbara-trottnow\/\">Barbara Trottnow<\/a><\/strong> bereits ihre Werke. Wir sprachen mit ihr im September 2020 \u00fcber ihre Werke und die Notwendigkeit, besonders Frauen und deren Geschichten in den Fokus zu stellen.<\/p>\n\n\n\n<p>Der Bremer Erziehungswissenschaftler und Reformp\u00e4dagoge <a href=\"https:\/\/www.haus-des-erinnerns-mainz.de\/index.php\/projekte-ausstellungen\/projekte\/das-hde-im-gespraech-mit\/prof-dr-hans-brugelmann\/\"><strong>Prof. Dr. Hans Br\u00fcgelmann<\/strong><\/a> besch\u00e4ftigt sich seit \u00fcber 30 Jahren mit Fragen der Grundschulp\u00e4dagogik und -didaktik. Mit ihm sprachen wir im Januar 2021 \u00fcber Bildungsgerechtigkeit, die Demokratisierung von Schule und Unterricht sowie Ver\u00e4nderungen in Zeiten der Corona-Pandemie.<\/p>\n\n\n\n<p><strong><a href=\"https:\/\/www.haus-des-erinnerns-mainz.de\/index.php\/projekte-ausstellungen\/projekte\/das-hde-im-gespraech-mit\/birger-hartnuss\/\">Birger Hartnu\u00df<\/a><\/strong> ist seit 2007 in der Staatskanzlei Rheinland-Pfalz t\u00e4tig. Durch seine Arbeitsschwerpunkte sowie seine wissenschaftlichen Arbeiten besch\u00e4ftigt er sich mit der gesellschaftlichen Debatte \u00fcber b\u00fcrgerschaftliches Engagement.  Ebenfalls im Januar 2021 sprach der Vorsitzende unseres Stiftungsvorstandes, Hans Berkessel, mit ihm unter anderem \u00fcber das B\u00fcndnis \u201eDemokratie gewinnt!\u201c<\/p>\n\n\n\n<p>Seit 16. Januar 2013 ist <strong><a href=\"https:\/\/www.haus-des-erinnerns-mainz.de\/index.php\/projekte-ausstellungen\/projekte\/das-hde-im-gespraech-mit\/mp-malu-dreyer\/\">Malu Dreyer<\/a><\/strong> Ministerpr\u00e4sidentin des Landes Rheinland-Pfalz. Im Februar 2021 sprachen wir mit ihr \u00fcber die Bedeutung einer aktiven Gedenkkultur, das Engagement junger Menschen sowie \u00fcber die Herausforderungen durch die Corona-Pandemie. <\/p>\n\n\n\n<p><\/p>\n","protected":false},"excerpt":{"rendered":"<p>Hier finden Sie unsere laufende schriftliche Interviewreihe mit regionalen Gespr\u00e4chspartner*innen zu Demokratie, Gesellschaft und Erinnerungskultur. Im Januar 2023 konnten wir in einem Videointerview mit dem Beauftragten der Bundesregierung f\u00fcr j\u00fcdisches Leben in Deutschland und den Kampf gegen Antisemitismus Dr. Felix Klein \u00fcber den Kampf gegen Antisemitismus, aber auch \u00fcber die&#8230;<\/p>\n<p> <a class=\"continue-reading-link\" href=\"https:\/\/www.haus-des-erinnerns-mainz.de\/index.php\/projekte-ausstellungen\/projekte\/das-hde-im-gespraech-mit\/\"><span>Weiterlesen<\/span><i class=\"crycon-right-dir\"><\/i><\/a> <\/p>\n","protected":false},"author":4,"featured_media":0,"parent":1829,"menu_order":0,"comment_status":"closed","ping_status":"closed","template":"","meta":{"episode_type":"","audio_file":"","podmotor_file_id":"","podmotor_episode_id":"","cover_image":"","cover_image_id":"","duration":"","filesize":"","filesize_raw":"","date_recorded":"","explicit":"","block":"","ngg_post_thumbnail":0,"_price":"","_stock":"","_tribe_ticket_header":"","_tribe_default_ticket_provider":"","_tribe_ticket_capacity":"0","_ticket_start_date":"","_ticket_end_date":"","_tribe_ticket_show_description":"","_tribe_ticket_show_not_going":false,"_tribe_ticket_use_global_stock":"","_tribe_ticket_global_stock_level":"","_global_stock_mode":"","_global_stock_cap":"","_tribe_rsvp_for_event":"","_tribe_ticket_going_count":"","_tribe_ticket_not_going_count":"","_tribe_tickets_list":"[]","_tribe_ticket_has_attendee_info_fields":false,"footnotes":"","_tec_slr_enabled":"","_tec_slr_layout":""},"class_list":["post-1840","page","type-page","status-publish","hentry"],"ticketed":false,"_links":{"self":[{"href":"https:\/\/www.haus-des-erinnerns-mainz.de\/index.php\/wp-json\/wp\/v2\/pages\/1840","targetHints":{"allow":["GET"]}}],"collection":[{"href":"https:\/\/www.haus-des-erinnerns-mainz.de\/index.php\/wp-json\/wp\/v2\/pages"}],"about":[{"href":"https:\/\/www.haus-des-erinnerns-mainz.de\/index.php\/wp-json\/wp\/v2\/types\/page"}],"author":[{"embeddable":true,"href":"https:\/\/www.haus-des-erinnerns-mainz.de\/index.php\/wp-json\/wp\/v2\/users\/4"}],"replies":[{"embeddable":true,"href":"https:\/\/www.haus-des-erinnerns-mainz.de\/index.php\/wp-json\/wp\/v2\/comments?post=1840"}],"version-history":[{"count":28,"href":"https:\/\/www.haus-des-erinnerns-mainz.de\/index.php\/wp-json\/wp\/v2\/pages\/1840\/revisions"}],"predecessor-version":[{"id":5833,"href":"https:\/\/www.haus-des-erinnerns-mainz.de\/index.php\/wp-json\/wp\/v2\/pages\/1840\/revisions\/5833"}],"up":[{"embeddable":true,"href":"https:\/\/www.haus-des-erinnerns-mainz.de\/index.php\/wp-json\/wp\/v2\/pages\/1829"}],"wp:attachment":[{"href":"https:\/\/www.haus-des-erinnerns-mainz.de\/index.php\/wp-json\/wp\/v2\/media?parent=1840"}],"curies":[{"name":"wp","href":"https:\/\/api.w.org\/{rel}","templated":true}]}}

Das HdE im Gespräch mit&#8230;

<figure class="wp-block-image size-large"><img loading="lazy" decoding="async" width="1024" height="683" src="https://www.haus-des-erinnerns-mainz.de/wp-content/uploads/2020/04/startup-594090_1920-1024x683.jpg" alt="" class="wp-image-1849" srcset="https://www.haus-des-erinnerns-mainz.de/wp-content/uploads/2020/04/startup-594090_1920-1024x683.jpg 1024w, https://www.haus-des-erinnerns-mainz.de/wp-content/uploads/2020/04/startup-594090_1920-300x200.jpg 300w, https://www.haus-des-erinnerns-mainz.de/wp-content/uploads/2020/04/startup-594090_1920-768x512.jpg 768w, https://www.haus-des-erinnerns-mainz.de/wp-content/uploads/2020/04/startup-594090_1920-1536x1024.jpg 1536w, https://www.haus-des-erinnerns-mainz.de/wp-content/uploads/2020/04/startup-594090_1920-150x100.jpg 150w, https://www.haus-des-erinnerns-mainz.de/wp-content/uploads/2020/04/startup-594090_1920.jpg 1920w" sizes="auto, (max-width: 1024px) 100vw, 1024px" /></figure>



<p><br>Hier finden Sie unsere laufende schriftliche Interviewreihe mit regionalen Gesprächspartner*innen zu Demokratie, Gesellschaft und Erinnerungskultur. </p>



<p>Im Januar 2023 konnten wir in einem Videointerview mit dem Beauftragten der Bundesregierung für jüdisches Leben in Deutschland und den Kampf gegen Antisemitismus <a href="https://www.haus-des-erinnerns-mainz.de/index.php/projekte-ausstellungen/projekte/das-hde-im-gespraech-mit/im-gespraech-mit-dr-felix-klein/"><strong>Dr. Felix Klein</strong></a> über den Kampf gegen Antisemitismus, aber auch über die Bedeutung des UNESCO-Weltkulturerbes für die SchUM-Städte sprechen. Nun liegt die gedruckte Fassung dieses Gesprächs vor. </p>



<p>Im April 2021 sprachen wir mit <a href="https://www.haus-des-erinnerns-mainz.de/index.php/projekte-ausstellungen/projekte/das-hde-im-gespraech-mit/prof-dr-roland-imhoff/"><strong>Prof. Dr. Roland Imhoff</strong></a>, der seit 2015 an der Johannes Gutenberg-Universität Mainz Professor für Rechts- und Sozialpsychologie ist, über einen seiner Forschungsschwerpunkte – das Phänomen der Verschwörungserzählungen. </p>



<p>Im Juni 2020 führten wir ein Interview mit <a href="https://www.haus-des-erinnerns-mainz.de/index.php/projekte-ausstellungen/projekte/das-hde-im-gespraech-mit/im-gespraech-mit-mirko-drotschmann/"><strong>Mirko Drotschmann</strong></a>. Mit seinen historisch-politischen Bildungskanälen MrWissen2go und MrWissen2go Geschichte gehört er zu den erfolgreichsten YouTubern in diesem Bereich. Wir sprachen mit ihm über die Chancen und Herausforderungen in der Wissensvermittlung über Online-Kanäle. </p>



<p>Im Februar 2021 sprachen wir mit der rheinland-pfälzischen Bildungsministerin <a href="https://www.haus-des-erinnerns-mainz.de/index.php/projekte-ausstellungen/projekte/das-hde-im-gespraech-mit/bm-dr-stefanie-hubig/"><strong>Dr. Stefanie Hubig</strong></a>, die im Jahr 2020 auch die Präsidentschaft der Kultusministerkonferenz inne hatte, unter anderem über aktuelle Herausforderungen für unser Bildungssystem. </p>



<p>Im April 2020 führten wir ein Interview mit<strong> <a href="https://www.haus-des-erinnerns-mainz.de/index.php/projekte-ausstellungen/projekte/das-hde-im-gespraech-mit/im-gespraech-mit-regine-gabriel/">Regine Gabriel</a></strong>. Als ehemalige langjährige pädagogische Mitarbeiterin in der Gedenkstätte Hadamar unterhielten wir uns mit ihr über politische Bildungsarbeit und Gedenkstättenbesuche mit Kindern und Jugendlichen. </p>



<p>Fortgesetzt haben wir diese Interviewreihe im Mai 2020 mit <strong><a href="https://www.haus-des-erinnerns-mainz.de/index.php/projekte-ausstellungen/projekte/das-hde-im-gespraech-mit/im-gespraech-mit-martina-ruppert-kelly/">Martina Ruppert-Kelly</a></strong>. Mit der Leiterin des pädagogischen Dienstes der Gedenkstätte KZ Osthofen sprachen wir über Gedenkstätten während der Coronakrise. </p>



<p>Ebenfalls im Juni 2020 hatten wir die Gelegenheit, den Mainzer Oberbürgermeister <a href="https://www.haus-des-erinnerns-mainz.de/index.php/projekte-ausstellungen/projekte/das-hde-im-gespraech-mit/michael-ebling/"><strong>Michael Ebling</strong></a> zu interviewen. Mit ihm unterhielten wir uns über gesellschaftliche wie politische Herausforderungen für unser demokratisches Zusammenleben – gerade in Krisenzeiten wie der Corona-Pandemie. </p>



<p>Mit <a href="https://www.haus-des-erinnerns-mainz.de/index.php/projekte-ausstellungen/projekte/das-hde-im-gespraech-mit/andreas-kreiner-wolf/"><strong>Andreas Kreiner-Wolf</strong></a>, dem Leiter der Geschäftsstelle des landesweiten Bündnisses „Demokratie gewinnt!” der Fridtjof-Nansen-Akademie für politische Bildung im Weiterbildungszentrum Ingelheim, konnten wir im Juni 2020 über den Demokratie-Tag Rheinland-Pfalz sprechen. </p>



<p><strong><a href="https://www.haus-des-erinnerns-mainz.de/index.php/projekte-ausstellungen/projekte/das-hde-im-gespraech-mit/miriam-bress/">Miriam Breß</a></strong> erforscht im Rahmen ihrer Promotion die Schutzhaftpraxis in der Pfalz zu Beginn der nationalsozialistischen Diktatur. Mit ihr sprachen wir im Dezember 2020 über ihr Promotionsthema und die Vermittlung von Forschungsergebnissen über Social Media Kanäle wie Twitter.</p>



<p>Mit unserem Stiftungsvorsitzenden <a href="https://www.haus-des-erinnerns-mainz.de/index.php/projekte-ausstellungen/projekte/das-hde-im-gespraech-mit/hans-berkessel/"><strong>Hans Berkessel</strong></a>, der über 20 Jahre lang als Lehrer und Fachberater Geschichte Rheinhessen tätig war, sprachen wir über die Herausforderungen, Chancen und Risiken der Corona-Pandemie für unser Bildungssystem. </p>



<p>Im Juli 2020 sprachen wir mit dem Sozialpädagogen und Lehrer <strong><a href="https://www.haus-des-erinnerns-mainz.de/index.php/projekte-ausstellungen/projekte/das-hde-im-gespraech-mit/reiner-engelmann/">Reiner Engelmann</a></strong>, der seit vielen Jahren auch als Autor tätig ist und unter anderem „Der Fotograf von Auschwitz – Das Leben des Wilhelm Brasse“ verfasste. Er gab uns einen Einblick in seine Werke und die Bedeutung von Zeitzeug*innen für diese.</p>



<p>2020 wurde der Antrag um Aufnahme der einzigartigen mittelalterlichen jüdischen SchUM-Stätten in das UNESCO-Weltkulturerbe auf den Weg gebracht. Mit der Geschäftsführerin des Vereins, Frau <a href="https://www.haus-des-erinnerns-mainz.de/index.php/projekte-ausstellungen/projekte/das-hde-im-gespraech-mit/dr-susanne-urban/"><strong>Dr. Susanne Urban</strong></a>, haben wir darüber gesprochen.</p>



<p>Auch im Haus des Erinnerns zeigte die Filmemacherin <strong><a href="https://www.haus-des-erinnerns-mainz.de/index.php/projekte-ausstellungen/projekte/das-hde-im-gespraech-mit/barbara-trottnow/">Barbara Trottnow</a></strong> bereits ihre Werke. Wir sprachen mit ihr im September 2020 über ihre Werke und die Notwendigkeit, besonders Frauen und deren Geschichten in den Fokus zu stellen.</p>



<p>Der Bremer Erziehungswissenschaftler und Reformpädagoge <a href="https://www.haus-des-erinnerns-mainz.de/index.php/projekte-ausstellungen/projekte/das-hde-im-gespraech-mit/prof-dr-hans-brugelmann/"><strong>Prof. Dr. Hans Brügelmann</strong></a> beschäftigt sich seit über 30 Jahren mit Fragen der Grundschulpädagogik und -didaktik. Mit ihm sprachen wir im Januar 2021 über Bildungsgerechtigkeit, die Demokratisierung von Schule und Unterricht sowie Veränderungen in Zeiten der Corona-Pandemie.</p>



<p><strong><a href="https://www.haus-des-erinnerns-mainz.de/index.php/projekte-ausstellungen/projekte/das-hde-im-gespraech-mit/birger-hartnuss/">Birger Hartnuß</a></strong> ist seit 2007 in der Staatskanzlei Rheinland-Pfalz tätig. Durch seine Arbeitsschwerpunkte sowie seine wissenschaftlichen Arbeiten beschäftigt er sich mit der gesellschaftlichen Debatte über bürgerschaftliches Engagement.  Ebenfalls im Januar 2021 sprach der Vorsitzende unseres Stiftungsvorstandes, Hans Berkessel, mit ihm unter anderem über das Bündnis „Demokratie gewinnt!“</p>



<p>Seit 16. Januar 2013 ist <strong><a href="https://www.haus-des-erinnerns-mainz.de/index.php/projekte-ausstellungen/projekte/das-hde-im-gespraech-mit/mp-malu-dreyer/">Malu Dreyer</a></strong> Ministerpräsidentin des Landes Rheinland-Pfalz. Im Februar 2021 sprachen wir mit ihr über die Bedeutung einer aktiven Gedenkkultur, das Engagement junger Menschen sowie über die Herausforderungen durch die Corona-Pandemie. </p>



<p></p>

<p>Hier finden Sie unsere laufende schriftliche Interviewreihe mit regionalen Gesprächspartner*innen zu Demokratie, Gesellschaft und Erinnerungskultur. Im Januar 2023 konnten wir in einem Videointerview mit dem Beauftragten der Bundesregierung für jüdisches Leben in Deutschland und den Kampf gegen Antisemitismus Dr. Felix Klein über den Kampf gegen Antisemitismus, aber auch über die&#8230;</p>
<p> <a class="continue-reading-link" href="https://www.haus-des-erinnerns-mainz.de/index.php/projekte-ausstellungen/projekte/das-hde-im-gespraech-mit/"><span>Weiterlesen</span><i class="crycon-right-dir"></i></a> </p>
