{"id":1829,"date":"2020-04-30T16:34:10","date_gmt":"2020-04-30T14:34:10","guid":{"rendered":"https:\/\/www.haus-des-erinnerns-mainz.de\/?page_id=1829"},"modified":"2021-01-18T10:21:14","modified_gmt":"2021-01-18T09:21:14","slug":"projekte","status":"publish","type":"page","link":"https:\/\/www.haus-des-erinnerns-mainz.de\/index.php\/projekte-ausstellungen\/projekte\/","title":{"rendered":"Projekte"},"content":{"rendered":"\n<figure class=\"wp-block-image size-large\"><img loading=\"lazy\" decoding=\"async\" width=\"1024\" height=\"446\" src=\"https:\/\/www.haus-des-erinnerns-mainz.de\/wp-content\/uploads\/2020\/04\/Paedagogisches_Angebot_Flyer-1024x807_Projekte.png\" alt=\"\" class=\"wp-image-1830\" srcset=\"https:\/\/www.haus-des-erinnerns-mainz.de\/wp-content\/uploads\/2020\/04\/Paedagogisches_Angebot_Flyer-1024x807_Projekte.png 1024w, https:\/\/www.haus-des-erinnerns-mainz.de\/wp-content\/uploads\/2020\/04\/Paedagogisches_Angebot_Flyer-1024x807_Projekte-300x131.png 300w, https:\/\/www.haus-des-erinnerns-mainz.de\/wp-content\/uploads\/2020\/04\/Paedagogisches_Angebot_Flyer-1024x807_Projekte-768x335.png 768w, https:\/\/www.haus-des-erinnerns-mainz.de\/wp-content\/uploads\/2020\/04\/Paedagogisches_Angebot_Flyer-1024x807_Projekte-150x65.png 150w\" sizes=\"auto, (max-width: 1024px) 100vw, 1024px\" \/><\/figure>\n\n\n\n<p class=\"has-small-font-size\">Grafik: Petra Louis<\/p>\n\n\n\n<p><br><br>Derzeit arbeiten wir an folgenden Projekten:<\/p>\n\n\n\n<ol class=\"wp-block-list\"><li><a href=\"https:\/\/www.haus-des-erinnerns-mainz.de\/index.php\/projekte-ausstellungen\/projekte\/jugendforum\/\"><strong>Jugendforum<\/strong><\/a>: Ab sofort k\u00f6nnen sich alle Mainzer*innen unter 27 im Jugendforum Mainz engagieren. Hier haben sie die M\u00f6glichkeit, Ihre Meinung zu \u00e4u\u00dfern, zu diskutieren und \u2013 vor allem \u2013 eigene Projektideen zu verwirklichen.<\/li><li><a href=\"https:\/\/www.haus-des-erinnerns-mainz.de\/index.php\/projekte-ausstellungen\/projekte\/audioguides\/\"><strong>Audioguides<\/strong><\/a>: Die auditive Alternative zu unseren Rundg\u00e4ngen durch die Stadt Mainz <\/li><li><strong><a href=\"https:\/\/www.haus-des-erinnerns-mainz.de\/index.php\/projekte\/das-hde-im-gespraech-mit\/\">Das HdE im Gespr\u00e4ch mit&#8230;<\/a><\/strong> : Schriftliche Interviewreihe mit regionalen Gespr\u00e4chspartner*innen zu Demokratie, Gesellschaft und Erinnerungskultur<\/li><li><strong><a href=\"http:\/\/www.stolpersteine-mainz.de\">Stolpersteinprojekt<\/a><\/strong>: Gemeinsam mit dem Verein f\u00fcr Sozialgeschichte Mainz e.V. haben wir eine Homepage zu allen in der Stadt Mainz verlegten Stolpersteinen gebaut. In diesem fortlaufenden Projekt sollen nicht nur die Orte, sondern auch die Biografien der Menschen, f\u00fcr die diese Steine verlegt wurden, abgerufen werden k\u00f6nnen. <\/li><li><strong>Forschungsprojekte<\/strong>: Regionale Forschungsarbeiten zu historischen und gesellschaftlich relevanten Fragestellungen <\/li><\/ol>\n\n\n\n<p><\/p>\n","protected":false},"excerpt":{"rendered":"<p>Grafik: Petra Louis Derzeit arbeiten wir an folgenden Projekten: Jugendforum: Ab sofort k\u00f6nnen sich alle Mainzer*innen unter 27 im Jugendforum Mainz engagieren. Hier haben sie die M\u00f6glichkeit, Ihre Meinung zu \u00e4u\u00dfern, zu diskutieren und \u2013 vor allem \u2013 eigene Projektideen zu verwirklichen. Audioguides: Die auditive Alternative zu unseren Rundg\u00e4ngen durch&#8230;<\/p>\n<p> <a class=\"continue-reading-link\" href=\"https:\/\/www.haus-des-erinnerns-mainz.de\/index.php\/projekte-ausstellungen\/projekte\/\"><span>Weiterlesen<\/span><i class=\"crycon-right-dir\"><\/i><\/a> <\/p>\n","protected":false},"author":4,"featured_media":0,"parent":1824,"menu_order":0,"comment_status":"closed","ping_status":"closed","template":"","meta":{"episode_type":"","audio_file":"","podmotor_file_id":"","podmotor_episode_id":"","cover_image":"","cover_image_id":"","duration":"","filesize":"","filesize_raw":"","date_recorded":"","explicit":"","block":"","ngg_post_thumbnail":0,"_price":"","_stock":"","_tribe_ticket_header":"","_tribe_default_ticket_provider":"","_tribe_ticket_capacity":"0","_ticket_start_date":"","_ticket_end_date":"","_tribe_ticket_show_description":"","_tribe_ticket_show_not_going":false,"_tribe_ticket_use_global_stock":"","_tribe_ticket_global_stock_level":"","_global_stock_mode":"","_global_stock_cap":"","_tribe_rsvp_for_event":"","_tribe_ticket_going_count":"","_tribe_ticket_not_going_count":"","_tribe_tickets_list":"[]","_tribe_ticket_has_attendee_info_fields":false,"footnotes":"","_tec_slr_enabled":"","_tec_slr_layout":""},"class_list":["post-1829","page","type-page","status-publish","hentry"],"ticketed":false,"_links":{"self":[{"href":"https:\/\/www.haus-des-erinnerns-mainz.de\/index.php\/wp-json\/wp\/v2\/pages\/1829","targetHints":{"allow":["GET"]}}],"collection":[{"href":"https:\/\/www.haus-des-erinnerns-mainz.de\/index.php\/wp-json\/wp\/v2\/pages"}],"about":[{"href":"https:\/\/www.haus-des-erinnerns-mainz.de\/index.php\/wp-json\/wp\/v2\/types\/page"}],"author":[{"embeddable":true,"href":"https:\/\/www.haus-des-erinnerns-mainz.de\/index.php\/wp-json\/wp\/v2\/users\/4"}],"replies":[{"embeddable":true,"href":"https:\/\/www.haus-des-erinnerns-mainz.de\/index.php\/wp-json\/wp\/v2\/comments?post=1829"}],"version-history":[{"count":12,"href":"https:\/\/www.haus-des-erinnerns-mainz.de\/index.php\/wp-json\/wp\/v2\/pages\/1829\/revisions"}],"predecessor-version":[{"id":3197,"href":"https:\/\/www.haus-des-erinnerns-mainz.de\/index.php\/wp-json\/wp\/v2\/pages\/1829\/revisions\/3197"}],"up":[{"embeddable":true,"href":"https:\/\/www.haus-des-erinnerns-mainz.de\/index.php\/wp-json\/wp\/v2\/pages\/1824"}],"wp:attachment":[{"href":"https:\/\/www.haus-des-erinnerns-mainz.de\/index.php\/wp-json\/wp\/v2\/media?parent=1829"}],"curies":[{"name":"wp","href":"https:\/\/api.w.org\/{rel}","templated":true}]}}

<figure class="wp-block-image size-large"><img loading="lazy" decoding="async" width="1024" height="446" src="https://www.haus-des-erinnerns-mainz.de/wp-content/uploads/2020/04/Paedagogisches_Angebot_Flyer-1024x807_Projekte.png" alt="" class="wp-image-1830" srcset="https://www.haus-des-erinnerns-mainz.de/wp-content/uploads/2020/04/Paedagogisches_Angebot_Flyer-1024x807_Projekte.png 1024w, https://www.haus-des-erinnerns-mainz.de/wp-content/uploads/2020/04/Paedagogisches_Angebot_Flyer-1024x807_Projekte-300x131.png 300w, https://www.haus-des-erinnerns-mainz.de/wp-content/uploads/2020/04/Paedagogisches_Angebot_Flyer-1024x807_Projekte-768x335.png 768w, https://www.haus-des-erinnerns-mainz.de/wp-content/uploads/2020/04/Paedagogisches_Angebot_Flyer-1024x807_Projekte-150x65.png 150w" sizes="auto, (max-width: 1024px) 100vw, 1024px" /></figure>



<p class="has-small-font-size">Grafik: Petra Louis</p>



<p><br><br>Derzeit arbeiten wir an folgenden Projekten:</p>



<ol class="wp-block-list"><li><a href="https://www.haus-des-erinnerns-mainz.de/index.php/projekte-ausstellungen/projekte/jugendforum/"><strong>Jugendforum</strong></a>: Ab sofort können sich alle Mainzer*innen unter 27 im Jugendforum Mainz engagieren. Hier haben sie die Möglichkeit, Ihre Meinung zu äußern, zu diskutieren und – vor allem – eigene Projektideen zu verwirklichen.</li><li><a href="https://www.haus-des-erinnerns-mainz.de/index.php/projekte-ausstellungen/projekte/audioguides/"><strong>Audioguides</strong></a>: Die auditive Alternative zu unseren Rundgängen durch die Stadt Mainz </li><li><strong><a href="https://www.haus-des-erinnerns-mainz.de/index.php/projekte/das-hde-im-gespraech-mit/">Das HdE im Gespräch mit&#8230;</a></strong> : Schriftliche Interviewreihe mit regionalen Gesprächspartner*innen zu Demokratie, Gesellschaft und Erinnerungskultur</li><li><strong><a href="http://www.stolpersteine-mainz.de">Stolpersteinprojekt</a></strong>: Gemeinsam mit dem Verein für Sozialgeschichte Mainz e.V. haben wir eine Homepage zu allen in der Stadt Mainz verlegten Stolpersteinen gebaut. In diesem fortlaufenden Projekt sollen nicht nur die Orte, sondern auch die Biografien der Menschen, für die diese Steine verlegt wurden, abgerufen werden können. </li><li><strong>Forschungsprojekte</strong>: Regionale Forschungsarbeiten zu historischen und gesellschaftlich relevanten Fragestellungen </li></ol>



<p></p>

<p>Grafik: Petra Louis Derzeit arbeiten wir an folgenden Projekten: Jugendforum: Ab sofort können sich alle Mainzer*innen unter 27 im Jugendforum Mainz engagieren. Hier haben sie die Möglichkeit, Ihre Meinung zu äußern, zu diskutieren und – vor allem – eigene Projektideen zu verwirklichen. Audioguides: Die auditive Alternative zu unseren Rundgängen durch&#8230;</p>
<p> <a class="continue-reading-link" href="https://www.haus-des-erinnerns-mainz.de/index.php/projekte-ausstellungen/projekte/"><span>Weiterlesen</span><i class="crycon-right-dir"></i></a> </p>
