{"id":1481,"date":"2020-04-09T15:58:48","date_gmt":"2020-04-09T13:58:48","guid":{"rendered":"https:\/\/www.haus-des-erinnerns-mainz.de\/?page_id=1481"},"modified":"2024-11-19T15:44:05","modified_gmt":"2024-11-19T14:44:05","slug":"stiftungsvorstand","status":"publish","type":"page","link":"https:\/\/www.haus-des-erinnerns-mainz.de\/index.php\/unser-haus\/stiftung\/stiftungsvorstand\/","title":{"rendered":"Stiftungsvorstand"},"content":{"rendered":"\n<p><\/p>\n\n\n\n<p><br><strong>Hans Berkessel (Vorsitzender)<\/strong><\/p>\n\n\n\n<figure class=\"wp-block-image size-large is-resized\"><img loading=\"lazy\" decoding=\"async\" width=\"1017\" height=\"1024\" src=\"https:\/\/www.haus-des-erinnerns-mainz.de\/wp-content\/uploads\/2020\/06\/Hans-Berkessel-1017x1024.jpg\" alt=\"\" class=\"wp-image-2324\" style=\"width:226px;height:226px\" srcset=\"https:\/\/www.haus-des-erinnerns-mainz.de\/wp-content\/uploads\/2020\/06\/Hans-Berkessel-1017x1024.jpg 1017w, https:\/\/www.haus-des-erinnerns-mainz.de\/wp-content\/uploads\/2020\/06\/Hans-Berkessel-298x300.jpg 298w, https:\/\/www.haus-des-erinnerns-mainz.de\/wp-content\/uploads\/2020\/06\/Hans-Berkessel-150x150.jpg 150w, https:\/\/www.haus-des-erinnerns-mainz.de\/wp-content\/uploads\/2020\/06\/Hans-Berkessel-768x773.jpg 768w, https:\/\/www.haus-des-erinnerns-mainz.de\/wp-content\/uploads\/2020\/06\/Hans-Berkessel-1526x1536.jpg 1526w, https:\/\/www.haus-des-erinnerns-mainz.de\/wp-content\/uploads\/2020\/06\/Hans-Berkessel-2034x2048.jpg 2034w\" sizes=\"auto, (max-width: 1017px) 100vw, 1017px\" \/><\/figure>\n\n\n\n<p>Jahrgang 1955; P\u00e4dagoge und Historiker, bis 2015 Lehrer und Regionaler Fachberater Geschichte Rheinhessen; freier Mitarbeiter am Institut f\u00fcr Geschichtliche Landeskunde an der Universit\u00e4t Mainz mit den Arbeitsschwerpunkten Demokratiegeschichte und j\u00fcdische Geschichte; Herausgeber und Autor zahlreicher Aufs\u00e4tze und didaktischer Beitr\u00e4ge zur Zeitgeschichte, zur politischen Bildung und zur Schulentwicklung (Demokratiep\u00e4dagogik). Mitherausgeber, Autor und Redakteur der IGL-Reihen <em>Beitr\u00e4ge zur Geschichte der Juden in Rheinland-Pfalz<\/em>und <em>Mainzer Beitr\u00e4ge zur Demokratiegeschichte, <\/em>der <em>Mainzer Geschichtsbl\u00e4tter <\/em>und des <em>Jahrbuchs f\u00fcr Demokratiep\u00e4dagogik<\/em> (im Wochenschau-Verlag); langj\u00e4hriges Mitglied im Bundesvorstand und Vorsitzender des Landesverbandes der Deutschen Vereinigung f\u00fcr politische Bildung (DVPB); Gr\u00fcndungsmitglied und Landesvorsitzender Rheinland-Pfalz der Deutschen Vereinigung f\u00fcr Demokratiep\u00e4dagogik (DeGeDe); Leiter des BLK-Programms \u201eDemokratie lernen &amp; leben\u201c f\u00fcr Rheinland-Pfalz, Mitbegr\u00fcnder und langj\u00e4hriger Koordinator des Demokratie-Tags und des B\u00fcndnisses \u201eDemokratie gewinnt!\u201c Rheinland-Pfalz, Mitbegr\u00fcnder und Vorsitzender der Stiftung Haus des Erinnerns \u2013 f\u00fcr Demokratie und Akzeptanz Mainz<em>; <\/em>2016 mit dem Bundesverdienstkreuz ausgezeichnet. <\/p>\n\n\n\n<p><br><br><strong>Angelika Arenz-Morch (stellvertretende Vorsitzende)<\/strong><\/p>\n\n\n\n<figure class=\"wp-block-image size-large is-resized\"><img loading=\"lazy\" decoding=\"async\" width=\"683\" height=\"1024\" src=\"https:\/\/www.haus-des-erinnerns-mainz.de\/wp-content\/uploads\/2020\/06\/Arenz_Morch-683x1024.jpg\" alt=\"\" class=\"wp-image-2325\" style=\"width:217px;height:326px\" srcset=\"https:\/\/www.haus-des-erinnerns-mainz.de\/wp-content\/uploads\/2020\/06\/Arenz_Morch-683x1024.jpg 683w, https:\/\/www.haus-des-erinnerns-mainz.de\/wp-content\/uploads\/2020\/06\/Arenz_Morch-200x300.jpg 200w, https:\/\/www.haus-des-erinnerns-mainz.de\/wp-content\/uploads\/2020\/06\/Arenz_Morch-768x1152.jpg 768w, https:\/\/www.haus-des-erinnerns-mainz.de\/wp-content\/uploads\/2020\/06\/Arenz_Morch-1024x1536.jpg 1024w, https:\/\/www.haus-des-erinnerns-mainz.de\/wp-content\/uploads\/2020\/06\/Arenz_Morch-1365x2048.jpg 1365w, https:\/\/www.haus-des-erinnerns-mainz.de\/wp-content\/uploads\/2020\/06\/Arenz_Morch-100x150.jpg 100w, https:\/\/www.haus-des-erinnerns-mainz.de\/wp-content\/uploads\/2020\/06\/Arenz_Morch-scaled.jpg 1707w\" sizes=\"auto, (max-width: 683px) 100vw, 683px\" \/><\/figure>\n\n\n\n<p>Jahrgang 1953; Diplom-Soziologin; Leiterin des Archivs im NS-Dokumentationszentrums Rheinland-Pfalz; Autorin mehrerer Publikationen zur Geschichte des Konzentrationslagers Osthofen 1933\/34 und zum Widerstand gegen den Nationalsozialismus; Mitarbeit bei der Erarbeitung mehrerer Ausstellungen zum Nationalsozialismus<\/p>\n\n\n\n<p><strong><br><\/strong><br><strong>Dr. Ralph Erbar&nbsp;<\/strong><\/p>\n\n\n\n<figure class=\"wp-block-image size-large is-resized\"><img loading=\"lazy\" decoding=\"async\" width=\"480\" height=\"640\" src=\"https:\/\/www.haus-des-erinnerns-mainz.de\/wp-content\/uploads\/2020\/06\/BildErbar-1.jpg\" alt=\"\" class=\"wp-image-2327\" style=\"width:227px;height:303px\" srcset=\"https:\/\/www.haus-des-erinnerns-mainz.de\/wp-content\/uploads\/2020\/06\/BildErbar-1.jpg 480w, https:\/\/www.haus-des-erinnerns-mainz.de\/wp-content\/uploads\/2020\/06\/BildErbar-1-225x300.jpg 225w, https:\/\/www.haus-des-erinnerns-mainz.de\/wp-content\/uploads\/2020\/06\/BildErbar-1-113x150.jpg 113w\" sizes=\"auto, (max-width: 480px) 100vw, 480px\" \/><\/figure>\n\n\n\n<p>Jahrgang 1960; Studium der Geschichte, Germanistik und Philosophie an der Universit\u00e4t Mainz; 1990 Promotion; seit 2001 Landesvorsitzender des rheinland-pf\u00e4lzischen Geschichtslehrerverbandes; Mitbegr\u00fcnder und Chefredakteur der vom Verband der Geschichtslehrer Deutschlands herausgegebenen Zeitschrift \u201eGeschichte f\u00fcr heute\u201c; 2015 Mitbegr\u00fcnder der Stiftung \u201eHaus des Erinnerns \u2013 f\u00fcr Demokratie und Akzeptanz Mainz\u201c; 2017 mit dem Bundesverdienstkreuz ausgezeichnet; Fachleiter f\u00fcr Geschichte am Staatlichen Studienseminar f\u00fcr das Lehramt an Gymnasien in Bad Kreuznach; Lehrer an der Privaten Hildegardisschule in Bingen und Dozent f\u00fcr Fachdidaktik Geschichte im Arbeitsbereich Geschichtsdidaktik des Historischen Seminars der Universit\u00e4t Mainz<\/p>\n\n\n\n<p><br><strong><br>Marianne Grosse<\/strong><\/p>\n\n\n\n<figure class=\"wp-block-image size-large is-resized\"><img loading=\"lazy\" decoding=\"async\" width=\"1024\" height=\"768\" src=\"https:\/\/www.haus-des-erinnerns-mainz.de\/wp-content\/uploads\/2020\/06\/Grosse-1024x768.jpg\" alt=\"\" class=\"wp-image-2328\" style=\"width:268px;height:202px\" srcset=\"https:\/\/www.haus-des-erinnerns-mainz.de\/wp-content\/uploads\/2020\/06\/Grosse-1024x768.jpg 1024w, https:\/\/www.haus-des-erinnerns-mainz.de\/wp-content\/uploads\/2020\/06\/Grosse-300x225.jpg 300w, https:\/\/www.haus-des-erinnerns-mainz.de\/wp-content\/uploads\/2020\/06\/Grosse-768x576.jpg 768w, https:\/\/www.haus-des-erinnerns-mainz.de\/wp-content\/uploads\/2020\/06\/Grosse-1536x1152.jpg 1536w, https:\/\/www.haus-des-erinnerns-mainz.de\/wp-content\/uploads\/2020\/06\/Grosse-150x113.jpg 150w, https:\/\/www.haus-des-erinnerns-mainz.de\/wp-content\/uploads\/2020\/06\/Grosse.jpg 1600w\" sizes=\"auto, (max-width: 1024px) 100vw, 1024px\" \/><\/figure>\n\n\n\n<p>Jahrgang 1962; seit Februar 2010 Dezernentin f\u00fcr Bauen, Denkmalpflege und Kultur der Landeshauptstadt Mainz; verantwortet als einen wichtigen Schwerpunkt der kommunalen Kultur- und Bildungsarbeit den Bereich \u201eMahnen und Gedenken\u201c; von 2001 bis 2010 war sie direkt gew\u00e4hlte Abgeordnete des rheinland-pf\u00e4lzischen Landtages; zuvor arbeitete sie als wissenschaftliche Mitarbeiterin des Bundestagsabgeordneten Eckhart Pick und als Referatsleiterin f\u00fcr Reden und \u00d6ffentlichkeitsarbeit im Ministerb\u00fcro des Ministeriums f\u00fcr Arbeit, Soziales und Gesundheit; ihr Studium und Examen der Politikwissenschaften, Anglistik und Neueren Geschichte absolvierte sie an der Christian-Albrechts-Universit\u00e4t zu Kiel<\/p>\n\n\n\n<p><br><strong><br>Gerhard Kopf <\/strong><\/p>\n\n\n\n<figure class=\"wp-block-image size-large is-resized\"><img loading=\"lazy\" decoding=\"async\" width=\"1000\" height=\"1000\" src=\"https:\/\/www.haus-des-erinnerns-mainz.de\/wp-content\/uploads\/2020\/06\/Gerhard-Kopf.png\" alt=\"\" class=\"wp-image-2329\" style=\"width:249px;height:249px\" srcset=\"https:\/\/www.haus-des-erinnerns-mainz.de\/wp-content\/uploads\/2020\/06\/Gerhard-Kopf.png 1000w, https:\/\/www.haus-des-erinnerns-mainz.de\/wp-content\/uploads\/2020\/06\/Gerhard-Kopf-300x300.png 300w, https:\/\/www.haus-des-erinnerns-mainz.de\/wp-content\/uploads\/2020\/06\/Gerhard-Kopf-150x150.png 150w, https:\/\/www.haus-des-erinnerns-mainz.de\/wp-content\/uploads\/2020\/06\/Gerhard-Kopf-768x768.png 768w\" sizes=\"auto, (max-width: 1000px) 100vw, 1000px\" \/><\/figure>\n\n\n\n<p>Studium der Volkswirtschaftslehre an der Johannes Gutenberg-Universit\u00e4t Mainz; 1986 trat er als Pr\u00fcfungsassistent in die Dienste der Dr. Krein und Partner, Wirtschaftspr\u00fcfungsgesellschaft, Steuerberatungsgesellschaft, Mainz ein; 1997 wurde er hier zum Gesch\u00e4ftsf\u00fchrenden Gesellschafter; seit 1986 ber\u00e4t er Privatpersonen, Einzelunternehmen, Personengesellschaften und Angeh\u00f6rige freier Berufe in steuerlichen und betriebswirtschaftlichen Fragen; 2003 \u00fcbernahm er die Gesch\u00e4ftsf\u00fchrung der Dornbach GmbH mit Sitz in Mainz und wurde in den Gesellschafterkreis der Dornbach Gruppe aufgenommen; seit vielen Jahren leitet er die Abteilung Public Service und non Profit und betreut eine Vielzahl \u00f6ffentlicher und gemeinn\u00fctziger Mandant*innen<\/p>\n\n\n\n<p><\/p>\n","protected":false},"excerpt":{"rendered":"<p>Hans Berkessel (Vorsitzender) Jahrgang 1955; P\u00e4dagoge und Historiker, bis 2015 Lehrer und Regionaler Fachberater Geschichte Rheinhessen; freier Mitarbeiter am Institut f\u00fcr Geschichtliche Landeskunde an der Universit\u00e4t Mainz mit den Arbeitsschwerpunkten Demokratiegeschichte und j\u00fcdische Geschichte; Herausgeber und Autor zahlreicher Aufs\u00e4tze und didaktischer Beitr\u00e4ge zur Zeitgeschichte, zur politischen Bildung und zur Schulentwicklung&#8230;<\/p>\n<p> <a class=\"continue-reading-link\" href=\"https:\/\/www.haus-des-erinnerns-mainz.de\/index.php\/unser-haus\/stiftung\/stiftungsvorstand\/\"><span>Weiterlesen<\/span><i class=\"crycon-right-dir\"><\/i><\/a> <\/p>\n","protected":false},"author":4,"featured_media":0,"parent":11,"menu_order":0,"comment_status":"closed","ping_status":"closed","template":"","meta":{"episode_type":"","audio_file":"","podmotor_file_id":"","podmotor_episode_id":"","cover_image":"","cover_image_id":"","duration":"","filesize":"","filesize_raw":"","date_recorded":"","explicit":"","block":"","ngg_post_thumbnail":0,"_price":"","_stock":"","_tribe_ticket_header":"","_tribe_default_ticket_provider":"","_tribe_ticket_capacity":"0","_ticket_start_date":"","_ticket_end_date":"","_tribe_ticket_show_description":"","_tribe_ticket_show_not_going":false,"_tribe_ticket_use_global_stock":"","_tribe_ticket_global_stock_level":"","_global_stock_mode":"","_global_stock_cap":"","_tribe_rsvp_for_event":"","_tribe_ticket_going_count":"","_tribe_ticket_not_going_count":"","_tribe_tickets_list":"[]","_tribe_ticket_has_attendee_info_fields":false,"footnotes":"","_tec_slr_enabled":"","_tec_slr_layout":""},"class_list":["post-1481","page","type-page","status-publish","hentry"],"ticketed":false,"_links":{"self":[{"href":"https:\/\/www.haus-des-erinnerns-mainz.de\/index.php\/wp-json\/wp\/v2\/pages\/1481","targetHints":{"allow":["GET"]}}],"collection":[{"href":"https:\/\/www.haus-des-erinnerns-mainz.de\/index.php\/wp-json\/wp\/v2\/pages"}],"about":[{"href":"https:\/\/www.haus-des-erinnerns-mainz.de\/index.php\/wp-json\/wp\/v2\/types\/page"}],"author":[{"embeddable":true,"href":"https:\/\/www.haus-des-erinnerns-mainz.de\/index.php\/wp-json\/wp\/v2\/users\/4"}],"replies":[{"embeddable":true,"href":"https:\/\/www.haus-des-erinnerns-mainz.de\/index.php\/wp-json\/wp\/v2\/comments?post=1481"}],"version-history":[{"count":13,"href":"https:\/\/www.haus-des-erinnerns-mainz.de\/index.php\/wp-json\/wp\/v2\/pages\/1481\/revisions"}],"predecessor-version":[{"id":7628,"href":"https:\/\/www.haus-des-erinnerns-mainz.de\/index.php\/wp-json\/wp\/v2\/pages\/1481\/revisions\/7628"}],"up":[{"embeddable":true,"href":"https:\/\/www.haus-des-erinnerns-mainz.de\/index.php\/wp-json\/wp\/v2\/pages\/11"}],"wp:attachment":[{"href":"https:\/\/www.haus-des-erinnerns-mainz.de\/index.php\/wp-json\/wp\/v2\/media?parent=1481"}],"curies":[{"name":"wp","href":"https:\/\/api.w.org\/{rel}","templated":true}]}}