{"id":13,"date":"2019-06-04T22:31:50","date_gmt":"2019-06-04T20:31:50","guid":{"rendered":"https:\/\/hausdeserinnerns.wordpress.com\/?page_id=13"},"modified":"2026-02-27T18:35:22","modified_gmt":"2026-02-27T17:35:22","slug":"kontakte","status":"publish","type":"page","link":"https:\/\/www.haus-des-erinnerns-mainz.de\/index.php\/kontakte\/","title":{"rendered":"Kontakt"},"content":{"rendered":"\n<div class=\"wp-block-media-text alignwide is-stacked-on-mobile\" style=\"grid-template-columns:36% auto\"><figure class=\"wp-block-media-text__media\"><img loading=\"lazy\" decoding=\"async\" width=\"1024\" height=\"768\" src=\"https:\/\/www.haus-des-erinnerns-mainz.de\/wp-content\/uploads\/2019\/09\/IMG_3313-2-1024x768.jpg\" alt=\"\" class=\"wp-image-546 size-full\" srcset=\"https:\/\/www.haus-des-erinnerns-mainz.de\/wp-content\/uploads\/2019\/09\/IMG_3313-2-1024x768.jpg 1024w, https:\/\/www.haus-des-erinnerns-mainz.de\/wp-content\/uploads\/2019\/09\/IMG_3313-2-300x225.jpg 300w, https:\/\/www.haus-des-erinnerns-mainz.de\/wp-content\/uploads\/2019\/09\/IMG_3313-2-768x576.jpg 768w, https:\/\/www.haus-des-erinnerns-mainz.de\/wp-content\/uploads\/2019\/09\/IMG_3313-2-150x113.jpg 150w\" sizes=\"auto, (max-width: 1024px) 100vw, 1024px\" \/><\/figure><div class=\"wp-block-media-text__content\">\n<p><strong>Haus des Erinnerns \u2013 f\u00fcr Demokratie und Akzeptanz<\/strong><br>Flachsmarktstr. 36<br>55116 Mainz<br>Tel.\u2009: 0\u200961\u200931\u2009\/\u20096\u200917\u200974\u200947   <br>Mail: <a href=\"mailto: info@hde-mainz.de\">info[at]hde-mainz.de<\/a><\/p>\n<\/div><\/div>\n\n\n\n<\/br>\n\n\n\n<p><strong>\u00d6ffnungszeiten<\/strong><br>Mo bis Mi: 10\u201313 und 14\u201316 Uhr<br>Do: 10\u201313 und 14\u201318 Uhr<br>Fr: geschlossen<br>Sowie nach&nbsp;Vereinbarung  <\/p>\n\n\n\n<\/br>\n\n\n\n<h3 class=\"wp-block-heading\">Leiterin des Haus des Erinnerns<\/h3>\n\n\n\n<p>Dr. Cornelia Dold<br>Mail: <a href=\"mailto: cornelia.dold@hde-mainz.de\">cornelia.dold[at]hde-mainz.de<\/a><br>Tel.: 06131 \/ 617 7447<br>Mobil: 0160 \/ 3823436<\/p>\n\n\n\n<br>\n\n\n\n<h3 class=\"wp-block-heading\">Stiftungsvorstand<\/h3>\n\n\n\n<p>Hans Berkessel (Vorsitzender)<br>Angelika Arenz-Morch (stellvertr. Vorsitzende)<br>Dr. Ralph Erbar\u00a0<br>Gerhard Kopf<\/p>\n\n\n\n<h3 class=\"wp-block-heading\"><br>Stiftungsrat<\/h3>\n\n\n\n<p>Dr. Hedwig Br\u00fcchert (Vorsitzende)<br>Dr. Frank Teske (stellvertretender Vorsitzender)<br>Dieter Burgard<br>Dr. Franziska Conrad<br>Prof. Wolf Gutjahr<br>Anna Kischner<br>Dekan Andreas Klodt<br>Pfarrer Markus K\u00f6lzer<br>Prof. Dr. Hans-Christian Maner<br>Martina Ruppert-Kelly<br>Michael Weil<\/p>\n\n\n\n<p><\/p>\n\n\n\n<p>Sitz: Mainz, anerkannt durch die Aufsichts- und Dienstleistungsdirektion Rheinland-Pfalz als rechtsf\u00e4hige \u00f6ffentliche Stiftung des b\u00fcrgerlichen Rechts am 22.10.2015 (Nr. 15.678-1357\/23)<\/p>\n\n\n\n<hr class=\"wp-block-separator has-css-opacity\"\/>\n\n\n\n<p><strong>So finden Sie zu uns:<\/strong><\/p>\n\n\n\n<iframe loading=\"lazy\" src=\"https:\/\/www.google.com\/maps\/embed?pb=!1m18!1m12!1m3!1d2564.399869188039!2d8.267208215258995!3d50.00385997941622!2m3!1f0!2f0!3f0!3m2!1i1024!2i768!4f13.1!3m3!1m2!1s0x47bd9703027717d7%3A0x4e6126be89113af3!2sHaus%20Des%20Erinnerns%20F%C3%BCr%20Demokratie!5e0!3m2!1sde!2sde!4v1567448237574!5m2!1sde!2sde\" style=\"border:0;\" allowfullscreen=\"\" width=\"800\" height=\"450\" frameborder=\"0\"><\/iframe>\n\n\n\n<br>\n\n\n\n<hr class=\"wp-block-separator has-alpha-channel-opacity\"\/>\n\n\n\n<br>\n\n\n\n<h4 class=\"wp-block-heading\">Partnerschaft f\u00fcr Demokratie Mainz<\/h4>\n\n\n\n<p>Mit der F\u00f6rderung durch das Bundesprogramm \u201eDemokratie leben!\u201c konnte auch in der Landeshauptstadt Mainz eine Partnerschaft f\u00fcr Demokratie geschaffen werden. Innerhalb dieser ist die Koordinierungs- und Fachstelle im Haus des Erinnerns \u2013 f\u00fcr Demokratie und Akzeptanz angesiedelt. Das federf\u00fchrende Amt \u00fcbernimmt das Amt f\u00fcr Kultur und Bibliotheken.<\/p>\n\n\n\n<p><strong>Federf\u00fchrendes Amt:<\/strong><br>Amt f\u00fcr Kultur und Bibliotheken<br>Rheinallee 3b<br>55116 Mainz<br>Mail: kulturamt[at]stadt.mainz.de<\/p>\n","protected":false},"excerpt":{"rendered":"<p>Haus des Erinnerns \u2013 f\u00fcr Demokratie und AkzeptanzFlachsmarktstr. 3655116 MainzTel.\u2009: 0\u200961\u200931\u2009\/\u20096\u200917\u200974\u200947 Mail: info[at]hde-mainz.de \u00d6ffnungszeitenMo bis Mi: 10\u201313 und 14\u201316 UhrDo: 10\u201313 und 14\u201318 UhrFr: geschlossenSowie nach&nbsp;Vereinbarung Leiterin des Haus des Erinnerns Dr. Cornelia DoldMail: cornelia.dold[at]hde-mainz.deTel.: 06131 \/ 617 7447Mobil: 0160 \/ 3823436 Stiftungsvorstand Hans Berkessel (Vorsitzender)Angelika Arenz-Morch (stellvertr. Vorsitzende)Dr. Ralph&#8230;<\/p>\n<p> <a class=\"continue-reading-link\" href=\"https:\/\/www.haus-des-erinnerns-mainz.de\/index.php\/kontakte\/\"><span>Weiterlesen<\/span><i class=\"crycon-right-dir\"><\/i><\/a> <\/p>\n","protected":false},"author":1,"featured_media":546,"parent":0,"menu_order":0,"comment_status":"closed","ping_status":"closed","template":"","meta":{"episode_type":"","audio_file":"","podmotor_file_id":"","podmotor_episode_id":"","cover_image":"","cover_image_id":"","duration":"","filesize":"","filesize_raw":"","date_recorded":"","explicit":"","block":"","ngg_post_thumbnail":0,"_price":"","_stock":"","_tribe_ticket_header":"","_tribe_default_ticket_provider":"","_tribe_ticket_capacity":"0","_ticket_start_date":"","_ticket_end_date":"","_tribe_ticket_show_description":"","_tribe_ticket_show_not_going":false,"_tribe_ticket_use_global_stock":"","_tribe_ticket_global_stock_level":"","_global_stock_mode":"","_global_stock_cap":"","_tribe_rsvp_for_event":"","_tribe_ticket_going_count":"","_tribe_ticket_not_going_count":"","_tribe_tickets_list":"[]","_tribe_ticket_has_attendee_info_fields":false,"footnotes":"","_tec_slr_enabled":"","_tec_slr_layout":""},"class_list":["post-13","page","type-page","status-publish","has-post-thumbnail","hentry"],"ticketed":false,"_links":{"self":[{"href":"https:\/\/www.haus-des-erinnerns-mainz.de\/index.php\/wp-json\/wp\/v2\/pages\/13","targetHints":{"allow":["GET"]}}],"collection":[{"href":"https:\/\/www.haus-des-erinnerns-mainz.de\/index.php\/wp-json\/wp\/v2\/pages"}],"about":[{"href":"https:\/\/www.haus-des-erinnerns-mainz.de\/index.php\/wp-json\/wp\/v2\/types\/page"}],"author":[{"embeddable":true,"href":"https:\/\/www.haus-des-erinnerns-mainz.de\/index.php\/wp-json\/wp\/v2\/users\/1"}],"replies":[{"embeddable":true,"href":"https:\/\/www.haus-des-erinnerns-mainz.de\/index.php\/wp-json\/wp\/v2\/comments?post=13"}],"version-history":[{"count":44,"href":"https:\/\/www.haus-des-erinnerns-mainz.de\/index.php\/wp-json\/wp\/v2\/pages\/13\/revisions"}],"predecessor-version":[{"id":8347,"href":"https:\/\/www.haus-des-erinnerns-mainz.de\/index.php\/wp-json\/wp\/v2\/pages\/13\/revisions\/8347"}],"wp:featuredmedia":[{"embeddable":true,"href":"https:\/\/www.haus-des-erinnerns-mainz.de\/index.php\/wp-json\/wp\/v2\/media\/546"}],"wp:attachment":[{"href":"https:\/\/www.haus-des-erinnerns-mainz.de\/index.php\/wp-json\/wp\/v2\/media?parent=13"}],"curies":[{"name":"wp","href":"https:\/\/api.w.org\/{rel}","templated":true}]}}

<div class="wp-block-media-text alignwide is-stacked-on-mobile" style="grid-template-columns:36% auto"><figure class="wp-block-media-text__media"><img loading="lazy" decoding="async" width="1024" height="768" src="https://www.haus-des-erinnerns-mainz.de/wp-content/uploads/2019/09/IMG_3313-2-1024x768.jpg" alt="" class="wp-image-546 size-full" srcset="https://www.haus-des-erinnerns-mainz.de/wp-content/uploads/2019/09/IMG_3313-2-1024x768.jpg 1024w, https://www.haus-des-erinnerns-mainz.de/wp-content/uploads/2019/09/IMG_3313-2-300x225.jpg 300w, https://www.haus-des-erinnerns-mainz.de/wp-content/uploads/2019/09/IMG_3313-2-768x576.jpg 768w, https://www.haus-des-erinnerns-mainz.de/wp-content/uploads/2019/09/IMG_3313-2-150x113.jpg 150w" sizes="auto, (max-width: 1024px) 100vw, 1024px" /></figure><div class="wp-block-media-text__content">
<p><strong>Haus des Erinnerns – für Demokratie und Akzeptanz</strong><br>Flachsmarktstr. 36<br>55116 Mainz<br>Tel. : 0 61 31 / 6 17 74 47   <br>Mail: <a href="mailto: info@hde-mainz.de">info[at]hde-mainz.de</a></p>
</div></div>



</br>



<p><strong>Öffnungszeiten</strong><br>Mo bis Mi: 10–13 und 14–16 Uhr<br>Do: 10–13 und 14–18 Uhr<br>Fr: geschlossen<br>Sowie nach&nbsp;Vereinbarung  </p>



</br>



<h3 class="wp-block-heading">Leiterin des Haus des Erinnerns</h3>



<p>Dr. Cornelia Dold<br>Mail: <a href="mailto: cornelia.dold@hde-mainz.de">cornelia.dold[at]hde-mainz.de</a><br>Tel.: 06131 / 617 7447<br>Mobil: 0160 / 3823436</p>



<br>



<h3 class="wp-block-heading">Stiftungsvorstand</h3>



<p>Hans Berkessel (Vorsitzender)<br>Angelika Arenz-Morch (stellvertr. Vorsitzende)<br>Dr. Ralph Erbar <br>Gerhard Kopf</p>



<h3 class="wp-block-heading"><br>Stiftungsrat</h3>



<p>Dr. Hedwig Brüchert (Vorsitzende)<br>Dr. Frank Teske (stellvertretender Vorsitzender)<br>Dieter Burgard<br>Dr. Franziska Conrad<br>Prof. Wolf Gutjahr<br>Anna Kischner<br>Dekan Andreas Klodt<br>Pfarrer Markus Kölzer<br>Prof. Dr. Hans-Christian Maner<br>Martina Ruppert-Kelly<br>Michael Weil</p>



<p></p>



<p>Sitz: Mainz, anerkannt durch die Aufsichts- und Dienstleistungsdirektion Rheinland-Pfalz als rechtsfähige öffentliche Stiftung des bürgerlichen Rechts am 22.10.2015 (Nr. 15.678-1357/23)</p>



<hr class="wp-block-separator has-css-opacity"/>



<p><strong>So finden Sie zu uns:</strong></p>



<iframe loading="lazy" src="https://www.google.com/maps/embed?pb=!1m18!1m12!1m3!1d2564.399869188039!2d8.267208215258995!3d50.00385997941622!2m3!1f0!2f0!3f0!3m2!1i1024!2i768!4f13.1!3m3!1m2!1s0x47bd9703027717d7%3A0x4e6126be89113af3!2sHaus%20Des%20Erinnerns%20F%C3%BCr%20Demokratie!5e0!3m2!1sde!2sde!4v1567448237574!5m2!1sde!2sde" style="border:0;" allowfullscreen="" width="800" height="450" frameborder="0"></iframe>



<br>



<hr class="wp-block-separator has-alpha-channel-opacity"/>



<br>



<h4 class="wp-block-heading">Partnerschaft für Demokratie Mainz</h4>



<p>Mit der Förderung durch das Bundesprogramm „Demokratie leben!“ konnte auch in der Landeshauptstadt Mainz eine Partnerschaft für Demokratie geschaffen werden. Innerhalb dieser ist die Koordinierungs- und Fachstelle im Haus des Erinnerns – für Demokratie und Akzeptanz angesiedelt. Das federführende Amt übernimmt das Amt für Kultur und Bibliotheken.</p>



<p><strong>Federführendes Amt:</strong><br>Amt für Kultur und Bibliotheken<br>Rheinallee 3b<br>55116 Mainz<br>Mail: kulturamt[at]stadt.mainz.de</p>

<p>Haus des Erinnerns – für Demokratie und AkzeptanzFlachsmarktstr. 3655116 MainzTel. : 0 61 31 / 6 17 74 47 Mail: info[at]hde-mainz.de ÖffnungszeitenMo bis Mi: 10–13 und 14–16 UhrDo: 10–13 und 14–18 UhrFr: geschlossenSowie nach&nbsp;Vereinbarung Leiterin des Haus des Erinnerns Dr. Cornelia DoldMail: cornelia.dold[at]hde-mainz.deTel.: 06131 / 617 7447Mobil: 0160 / 3823436 Stiftungsvorstand Hans Berkessel (Vorsitzender)Angelika Arenz-Morch (stellvertr. Vorsitzende)Dr. Ralph&#8230;</p>
<p> <a class="continue-reading-link" href="https://www.haus-des-erinnerns-mainz.de/index.php/kontakte/"><span>Weiterlesen</span><i class="crycon-right-dir"></i></a> </p>
